74.7.242.24 - - [04/Jul/2026:10:52:51 -0400] "GET /wp-content/plugins/jnews-social-login/assets/css/plugin.css?ver=12.0.0 HTTP/1.1" 200 507 "https://awodapa.com/?p=1074" "Mozilla/5.0 AppleWebKit/537.36 (KHTML, like Gecko; compatible; GPTBot/1.4; +https://openai.com/gptbot)"
74.7.242.24 - - [04/Jul/2026:10:52:52 -0400] "GET /2022/02/21/baby-maxin-turns-3-today/ HTTP/1.1" 200 28267 "https://awodapa.com/?p=960" "Mozilla/5.0 AppleWebKit/537.36 (KHTML, like Gecko; compatible; GPTBot/1.4; +https://openai.com/gptbot)"
192.64.117.220 - - [04/Jul/2026:11:09:25 -0400] "POST /wp-cron.php?doing_wp_cron=1783177765.8974590301513671875000 HTTP/1.1" 200 0 "-" "WordPress/7.0; https://awodapa.com"
191.237.255.150 - - [04/Jul/2026:11:09:29 -0400] "GET /this_is_a_new_hello_world.php HTTP/1.1" 404 135779 "-" "-"
191.237.255.150 - - [04/Jul/2026:11:09:30 -0400] "GET /86.php HTTP/1.1" 404 135664 "-" "-"
191.237.255.150 - - [04/Jul/2026:11:09:32 -0400] "GET /bnn_.php HTTP/1.1" 404 135674 "-" "-"
191.237.255.150 - - [04/Jul/2026:11:09:33 -0400] "GET /35.php HTTP/1.1" 404 135664 "-" "-"
191.237.255.150 - - [04/Jul/2026:11:09:35 -0400] "GET /rum.php HTTP/1.1" 404 135669 "-" "-"
191.237.255.150 - - [04/Jul/2026:11:09:37 -0400] "GET /php8.php HTTP/1.1" 404 135674 "-" "-"
191.237.255.150 - - [04/Jul/2026:11:09:38 -0400] "GET /wp-aoisuki.php HTTP/1.1" 404 135704 "-" "-"
191.237.255.150 - - [04/Jul/2026:11:09:39 -0400] "GET /naritai.php HTTP/1.1" 404 135689 "-" "-"
191.237.255.150 - - [04/Jul/2026:11:09:41 -0400] "GET /lib.php HTTP/1.1" 404 135669 "-" "-"
191.237.255.150 - - [04/Jul/2026:11:09:42 -0400] "GET /geaitasa.php HTTP/1.1" 404 135694 "-" "-"
191.237.255.150 - - [04/Jul/2026:11:09:43 -0400] "GET /class-cc.php HTTP/1.1" 404 135694 "-" "-"
191.237.255.150 - - [04/Jul/2026:11:09:45 -0400] "GET /ioxi-o2.php HTTP/1.1" 404 135689 "-" "-"
191.237.255.150 - - [04/Jul/2026:11:09:46 -0400] "GET /166.php HTTP/1.1" 404 135669 "-" "-"
191.237.255.150 - - [04/Jul/2026:11:09:47 -0400] "GET /by.php HTTP/1.1" 404 135664 "-" "-"
191.237.255.150 - - [04/Jul/2026:11:09:48 -0400] "GET /s1.php HTTP/1.1" 404 135664 "-" "-"
191.237.255.150 - - [04/Jul/2026:11:09:51 -0400] "GET /uploaxa1.php HTTP/1.1" 404 135694 "-" "-"
191.237.255.150 - - [04/Jul/2026:11:09:53 -0400] "GET /abtpn.php HTTP/1.1" 404 135679 "-" "-"
191.237.255.150 - - [04/Jul/2026:11:09:56 -0400] "GET /sfcl.php HTTP/1.1" 404 135674 "-" "-"
191.237.255.150 - - [04/Jul/2026:11:09:57 -0400] "GET /ypukprhr.php HTTP/1.1" 404 135694 "-" "-"
191.237.255.150 - - [04/Jul/2026:11:09:58 -0400] "GET /tcnyz.php HTTP/1.1" 404 135679 "-" "-"
191.237.255.150 - - [04/Jul/2026:11:09:59 -0400] "GET /thebe.php HTTP/1.1" 404 135679 "-" "-"
191.237.255.150 - - [04/Jul/2026:11:10:00 -0400] "GET /sanity.php HTTP/1.1" 404 135684 "-" "-"
191.237.255.150 - - [04/Jul/2026:11:10:00 -0400] "GET /anj.php HTTP/1.1" 404 135669 "-" "-"
191.237.255.150 - - [04/Jul/2026:11:10:01 -0400] "GET /baixy.php HTTP/1.1" 404 135679 "-" "-"
191.237.255.150 - - [04/Jul/2026:11:10:03 -0400] "GET /aboutc.php HTTP/1.1" 404 135684 "-" "-"
191.237.255.150 - - [04/Jul/2026:11:10:03 -0400] "GET /8xyz.php HTTP/1.1" 404 135674 "-" "-"
191.237.255.150 - - [04/Jul/2026:11:10:05 -0400] "GET /edorxrr.php HTTP/1.1" 404 135689 "-" "-"
191.237.255.150 - - [04/Jul/2026:11:10:06 -0400] "GET /doko.php HTTP/1.1" 404 135674 "-" "-"
191.237.255.150 - - [04/Jul/2026:11:10:07 -0400] "GET /easy.php HTTP/1.1" 404 135674 "-" "-"
191.237.255.150 - - [04/Jul/2026:11:10:09 -0400] "GET /ah25.php HTTP/1.1" 404 135674 "-" "-"
191.237.255.150 - - [04/Jul/2026:11:10:10 -0400] "GET /icoxp.php HTTP/1.1" 404 135679 "-" "-"
191.237.255.150 - - [04/Jul/2026:11:10:11 -0400] "GET /wp-set.php HTTP/1.1" 404 135684 "-" "-"
191.237.255.150 - - [04/Jul/2026:11:10:11 -0400] "GET /edit-tags.php HTTP/1.1" 404 135699 "-" "-"
191.237.255.150 - - [04/Jul/2026:11:10:12 -0400] "GET /install.php HTTP/1.1" 404 135689 "-" "-"
191.237.255.150 - - [04/Jul/2026:11:10:13 -0400] "GET /gettest.php HTTP/1.1" 404 135689 "-" "-"
191.237.255.150 - - [04/Jul/2026:11:10:14 -0400] "GET /tempae.php HTTP/1.1" 404 135684 "-" "-"
191.237.255.150 - - [04/Jul/2026:11:10:15 -0400] "GET /drfabyqp.php HTTP/1.1" 404 135694 "-" "-"
191.237.255.150 - - [04/Jul/2026:11:10:16 -0400] "GET /ty.php HTTP/1.1" 404 135664 "-" "-"
191.237.255.150 - - [04/Jul/2026:11:10:17 -0400] "GET /RIP.php HTTP/1.1" 404 135669 "-" "-"
191.237.255.150 - - [04/Jul/2026:11:10:18 -0400] "GET /bayss.php HTTP/1.1" 404 135679 "-" "-"
191.237.255.150 - - [04/Jul/2026:11:10:19 -0400] "GET /w1.php HTTP/1.1" 404 135664 "-" "-"
191.237.255.150 - - [04/Jul/2026:11:09:15 -0400] "GET /wp-content/plugins/hellopress/wp_filemanager.php HTTP/1.1" 404 135880 "-" "-"
191.237.255.150 - - [04/Jul/2026:11:09:34 -0400] "GET /sidfile.php HTTP/1.1" 404 135689 "-" "-"
191.237.255.150 - - [04/Jul/2026:11:09:36 -0400] "GET /webdb.php HTTP/1.1" 404 135679 "-" "-"
191.237.255.150 - - [04/Jul/2026:11:09:40 -0400] "GET /w2025.php HTTP/1.1" 404 135679 "-" "-"
191.237.255.150 - - [04/Jul/2026:11:09:41 -0400] "GET /app.php HTTP/1.1" 404 135669 "-" "-"
191.237.255.150 - - [04/Jul/2026:11:09:44 -0400] "GET /reze.php HTTP/1.1" 404 135674 "-" "-"
191.237.255.150 - - [04/Jul/2026:11:09:44 -0400] "GET /11092null.php HTTP/1.1" 404 135699 "-" "-"
191.237.255.150 - - [04/Jul/2026:11:09:47 -0400] "GET /zz8.php HTTP/1.1" 404 135669 "-" "-"
191.237.255.150 - - [04/Jul/2026:11:09:49 -0400] "GET /ah21.php HTTP/1.1" 404 135674 "-" "-"
191.237.255.150 - - [04/Jul/2026:11:09:49 -0400] "GET /ah22.php HTTP/1.1" 404 135674 "-" "-"
191.237.255.150 - - [04/Jul/2026:11:09:50 -0400] "GET /ws38.php HTTP/1.1" 404 135674 "-" "-"
191.237.255.150 - - [04/Jul/2026:11:09:52 -0400] "GET /wp-su.php HTTP/1.1" 404 135679 "-" "-"
191.237.255.150 - - [04/Jul/2026:11:09:53 -0400] "GET /rzzaq.php HTTP/1.1" 404 135679 "-" "-"
191.237.255.150 - - [04/Jul/2026:11:09:54 -0400] "GET /my1.php HTTP/1.1" 404 135669 "-" "-"
191.237.255.150 - - [04/Jul/2026:11:09:55 -0400] "GET /taktak.php HTTP/1.1" 404 135684 "-" "-"
191.237.255.150 - - [04/Jul/2026:11:09:57 -0400] "GET /worksec.php HTTP/1.1" 404 135689 "-" "-"
191.237.255.150 - - [04/Jul/2026:11:10:02 -0400] "GET /ioxi.php HTTP/1.1" 404 135674 "-" "-"
191.237.255.150 - - [04/Jul/2026:11:10:04 -0400] "GET /zmia.php HTTP/1.1" 404 135674 "-" "-"
191.237.255.150 - - [04/Jul/2026:11:10:06 -0400] "GET /sst.php HTTP/1.1" 404 135669 "-" "-"
191.237.255.150 - - [04/Jul/2026:11:10:08 -0400] "GET /wp-rss4.php HTTP/1.1" 404 135689 "-" "-"
191.237.255.150 - - [04/Jul/2026:11:10:09 -0400] "GET /nlvbr.php HTTP/1.1" 404 135679 "-" "-"
191.237.255.150 - - [04/Jul/2026:11:10:16 -0400] "GET /f6.php HTTP/1.1" 404 135664 "-" "-"
191.237.255.150 - - [04/Jul/2026:11:10:20 -0400] "GET /rrhbdzdz.php HTTP/1.1" 404 135694 "-" "-"
191.237.255.150 - - [04/Jul/2026:11:10:21 -0400] "GET /000.php HTTP/1.1" 404 135669 "-" "-"
191.237.255.150 - - [04/Jul/2026:11:10:23 -0400] "GET /sf.php HTTP/1.1" 404 135664 "-" "-"
191.237.255.150 - - [04/Jul/2026:11:10:24 -0400] "GET /wp-the.php HTTP/1.1" 404 135684 "-" "-"
191.237.255.150 - - [04/Jul/2026:11:10:25 -0400] "GET /wp-asudo.php HTTP/1.1" 404 135694 "-" "-"
191.237.255.150 - - [04/Jul/2026:11:10:26 -0400] "GET /by8ujo.php HTTP/1.1" 404 135684 "-" "-"
191.237.255.150 - - [04/Jul/2026:11:10:28 -0400] "GET /pom.php HTTP/1.1" 404 135669 "-" "-"
191.237.255.150 - - [04/Jul/2026:11:10:30 -0400] "GET /bays.php HTTP/1.1" 404 135674 "-" "-"
191.237.255.150 - - [04/Jul/2026:11:10:31 -0400] "GET /wp-class.php HTTP/1.1" 404 135694 "-" "-"
191.237.255.150 - - [04/Jul/2026:11:10:33 -0400] "GET /wdone1.php HTTP/1.1" 404 135684 "-" "-"
191.237.255.150 - - [04/Jul/2026:11:10:35 -0400] "GET /jufypy.php HTTP/1.1" 404 135684 "-" "-"
191.237.255.150 - - [04/Jul/2026:11:10:36 -0400] "GET /krypton.php HTTP/1.1" 404 135689 "-" "-"
191.237.255.150 - - [04/Jul/2026:11:10:37 -0400] "GET /ku24ua.php HTTP/1.1" 404 135684 "-" "-"
191.237.255.150 - - [04/Jul/2026:11:10:38 -0400] "GET /ldath1.php HTTP/1.1" 404 135684 "-" "-"
191.237.255.150 - - [04/Jul/2026:11:10:41 -0400] "GET /v3.php HTTP/1.1" 404 135664 "-" "-"
191.237.255.150 - - [04/Jul/2026:11:10:42 -0400] "GET /rxzx.php HTTP/1.1" 404 135674 "-" "-"
191.237.255.150 - - [04/Jul/2026:11:10:42 -0400] "GET /ph33w.php HTTP/1.1" 404 135679 "-" "-"
191.237.255.150 - - [04/Jul/2026:11:10:43 -0400] "GET /2342.php HTTP/1.1" 404 135674 "-" "-"
191.237.255.150 - - [04/Jul/2026:11:10:44 -0400] "GET /aa5.php HTTP/1.1" 404 135669 "-" "-"
191.237.255.150 - - [04/Jul/2026:11:10:46 -0400] "GET /zmia.php HTTP/1.1" 404 135674 "-" "-"
191.237.255.150 - - [04/Jul/2026:11:10:47 -0400] "GET /wwx.php HTTP/1.1" 404 135669 "-" "-"
191.237.255.150 - - [04/Jul/2026:11:10:19 -0400] "GET /dgdaolin.php HTTP/1.1" 404 135694 "-" "-"
191.237.255.150 - - [04/Jul/2026:11:10:22 -0400] "GET /global.php HTTP/1.1" 404 135684 "-" "-"
191.237.255.150 - - [04/Jul/2026:11:10:22 -0400] "GET /s.php HTTP/1.1" 404 135659 "-" "-"
191.237.255.150 - - [04/Jul/2026:11:10:25 -0400] "GET /bwr.php HTTP/1.1" 404 135669 "-" "-"
191.237.255.150 - - [04/Jul/2026:11:10:27 -0400] "GET /gmmda.php HTTP/1.1" 404 135679 "-" "-"
191.237.255.150 - - [04/Jul/2026:11:10:27 -0400] "GET /x.php HTTP/1.1" 404 135659 "-" "-"
191.237.255.150 - - [04/Jul/2026:11:10:29 -0400] "GET /vx.php HTTP/1.1" 404 135664 "-" "-"
191.237.255.150 - - [04/Jul/2026:11:10:30 -0400] "GET /wp-ait.php HTTP/1.1" 404 135684 "-" "-"
191.237.255.150 - - [04/Jul/2026:11:10:32 -0400] "GET /mans.php HTTP/1.1" 404 135674 "-" "-"
191.237.255.150 - - [04/Jul/2026:11:10:33 -0400] "GET /wdone.php HTTP/1.1" 404 135679 "-" "-"
191.237.255.150 - - [04/Jul/2026:11:10:35 -0400] "GET /c8qz67.php HTTP/1.1" 404 135684 "-" "-"
191.237.255.150 - - [04/Jul/2026:11:10:38 -0400] "GET /mig5mr.php HTTP/1.1" 404 135684 "-" "-"
191.237.255.150 - - [04/Jul/2026:11:10:39 -0400] "GET /p5axe5.php HTTP/1.1" 404 135684 "-" "-"
191.237.255.150 - - [04/Jul/2026:11:10:40 -0400] "GET /vdizeo.php HTTP/1.1" 404 135684 "-" "-"
191.237.255.150 - - [04/Jul/2026:11:10:45 -0400] "GET /wp-ver.php HTTP/1.1" 404 135684 "-" "-"
191.237.255.150 - - [04/Jul/2026:11:10:45 -0400] "GET /h.php HTTP/1.1" 404 135659 "-" "-"
93.159.230.84 - - [04/Jul/2026:11:12:11 -0400] "GET / HTTP/1.1" 200 33584 "-" "Mozilla/5.0 (Linux; arm_64; Android 12; CPH2205) AppleWebKit/537.36 (KHTML, like Gecko) Chrome/110.0.0.0 YaBrowser/23.3.3.86.00 SA/3 Mobile Safari/537.36"
185.191.171.6 - - [04/Jul/2026:11:14:24 -0400] "GET /tag/bbc/ HTTP/1.1" 200 27589 "-" "Mozilla/5.0 (compatible; SemrushBot/7~bl; +http://www.semrush.com/bot.html)"
114.119.140.186 - - [04/Jul/2026:11:14:58 -0400] "GET /wp-content/uploads/2022/06/WhatsApp-Image-2022-06-19-at-1.21.39-AM-350x250.jpeg HTTP/1.1" 200 15518 "https://awodapa.com/author/pamela-boamah/page/2/" "Mozilla/5.0 (Linux; Android 7.0;) AppleWebKit/537.36 (HTML, like Gecko) Mobile Safari/537.36 (compatible; PetalBot;+https://webmaster.petalsearch.com/site/petalbot)"
85.208.96.199 - - [04/Jul/2026:11:14:23 -0400] "GET /robots.txt HTTP/1.1" 200 122 "-" "Mozilla/5.0 (compatible; SemrushBot/7~bl; +http://www.semrush.com/bot.html)"
192.64.117.220 - - [04/Jul/2026:11:16:24 -0400] "POST /wp-cron.php?doing_wp_cron=1783178184.5736119747161865234375 HTTP/1.1" 200 0 "-" "WordPress/7.0; https://awodapa.com"
114.119.137.91 - - [04/Jul/2026:11:16:22 -0400] "GET /2022/01/17/okyeame-kwame-wife-mark-13-years-of-marriage/ HTTP/1.1" 200 30209 "https://awodapa.com/2022/02/16/lets-go-to-paris-shatta-wale-tells-newfound-love-as-she-celebrates-birthday" "Mozilla/5.0 (Linux; Android 7.0;) AppleWebKit/537.36 (HTML, like Gecko) Mobile Safari/537.36 (compatible; PetalBot;+https://webmaster.petalsearch.com/site/petalbot)"
114.119.151.5 - - [04/Jul/2026:11:25:00 -0400] "GET /robots.txt HTTP/1.1" 200 106 "http://awodapa.com/robots.txt" "Mozilla/5.0 (Windows NT 10.0; Win64; x64) AppleWebKit/537.36 (KHTML, like Gecko) Chrome/148.0.0.0 Safari/537.36"
69.171.230.38 - - [04/Jul/2026:11:54:13 -0400] "GET /robots.txt HTTP/1.1" 200 169 "-" "facebookexternalhit/1.1 (+http://www.facebook.com/externalhit_uatext.php)"
185.191.171.10 - - [04/Jul/2026:11:55:14 -0400] "GET /2022/10/26/a-pharmacist-says-she-owes-god-find-out-why/ HTTP/1.1" 200 36930 "-" "Mozilla/5.0 (compatible; SemrushBot/7~bl; +http://www.semrush.com/bot.html)"
192.64.117.220 - - [04/Jul/2026:11:57:11 -0400] "POST /wp-cron.php?doing_wp_cron=1783180631.8954539299011230468750 HTTP/1.1" 200 0 "-" "WordPress/7.0; https://awodapa.com"
45.32.56.119 - - [04/Jul/2026:11:57:09 -0400] "GET /wp-content/plugins/fix/up.php HTTP/1.1" 404 29621 "-" "Mozilla/5.0 (Windows NT 10.0; Win64; x64) AppleWebKit/537.36 (KHTML, like Gecko) Chrome/85.0.4183.102 Safari/537.36"
114.119.151.1 - - [04/Jul/2026:11:55:41 -0400] "GET /2022/06/03/rapper-tipped-to-dominate-ghanas-music-is-1-today/ HTTP/1.1" 200 33123 "https://awodapa.com/2022/06/02/a-caring-teacher-in-photos" "Mozilla/5.0 (Linux; Android 7.0;) AppleWebKit/537.36 (HTML, like Gecko) Mobile Safari/537.36 (compatible; PetalBot;+https://webmaster.petalsearch.com/site/petalbot)"
178.105.183.10 - - [04/Jul/2026:12:02:15 -0400] "GET / HTTP/1.1" 200 33584 "http://awodapa.com" "2ip bot/1.1 (+https://2ip.io/bot/)"
43.159.128.237 - - [04/Jul/2026:12:08:56 -0400] "GET / HTTP/1.1" 200 33581 "http://awodapa.com" "Mozilla/5.0 (iPhone; CPU iPhone OS 13_2_3 like Mac OS X) AppleWebKit/605.1.15 (KHTML, like Gecko) Version/13.0.3 Mobile/15E148 Safari/604.1"
114.119.140.186 - - [04/Jul/2026:12:15:50 -0400] "GET /2022/02/21/adisadel-colleges-egbert-nana-kodjo-djan-is-17/ HTTP/1.1" 200 31425 "https://awodapa.com/2022/03/25/chris-vincent-appreciates-wife-on-their-5th-anniversary" "Mozilla/5.0 (Linux; Android 7.0;) AppleWebKit/537.36 (HTML, like Gecko) Mobile Safari/537.36 (compatible; PetalBot;+https://webmaster.petalsearch.com/site/petalbot)"
216.73.217.68 - - [04/Jul/2026:12:34:11 -0400] "GET /robots.txt HTTP/1.1" 200 106 "-" "Mozilla/5.0 AppleWebKit/537.36 (KHTML, like Gecko; compatible; ClaudeBot/1.0; +claudebot@anthropic.com)"
192.64.117.220 - - [04/Jul/2026:12:34:14 -0400] "POST /wp-cron.php?doing_wp_cron=1783182854.7912139892578125000000 HTTP/1.1" 200 0 "-" "WordPress/7.0; https://awodapa.com"
216.73.217.68 - - [04/Jul/2026:12:34:12 -0400] "GET /sitemap_index.xml HTTP/1.1" 200 314 "-" "Mozilla/5.0 AppleWebKit/537.36 (KHTML, like Gecko; compatible; ClaudeBot/1.0; +claudebot@anthropic.com)"
159.223.125.9 - - [04/Jul/2026:12:45:15 -0400] "GET /wp-content/uploads/2022/04/WhatsApp-Image-2022-04-16-at-4.10.03-AM-2.jpeg%20720w,%20https:/awodapa.com/wp-content/uploads/2022/04/WhatsApp-Image-2022-04-16-at-4.10.03-AM-2-244x300.jpeg%20244w HTTP/1.1" 404 29811 "https://awodapa.com/" "Mozilla/5.0 (Windows NT 10.0; Win64; x64) AppleWebKit/537.36 (KHTML, like Gecko) Chrome/111.0.0.0 Safari/537.36"
157.55.39.56 - - [04/Jul/2026:12:45:38 -0400] "GET /wp-content/uploads/2022/09/WhatsApp-Image-2022-09-28-at-14.16.28-3.jpeg HTTP/1.1" 200 21799 "-" "Mozilla/5.0 AppleWebKit/537.36 (KHTML, like Gecko; compatible; bingbot/2.0; +http://www.bing.com/bingbot.htm) Chrome/116.0.1938.76 Safari/537.36"
85.208.96.193 - - [04/Jul/2026:12:46:59 -0400] "GET /robots.txt HTTP/1.1" 200 122 "-" "Mozilla/5.0 (compatible; SemrushBot/7~bl; +http://www.semrush.com/bot.html)"
146.56.199.139 - - [04/Jul/2026:12:47:04 -0400] "GET / HTTP/1.1" 200 33581 "http://awodapa.com" "Mozilla/5.0 (iPhone; CPU iPhone OS 13_2_3 like Mac OS X) AppleWebKit/605.1.15 (KHTML, like Gecko) Version/13.0.3 Mobile/15E148 Safari/604.1"
85.208.96.202 - - [04/Jul/2026:12:52:50 -0400] "GET /tag/kency/ HTTP/1.1" 200 27528 "-" "Mozilla/5.0 (compatible; SemrushBot/7~bl; +http://www.semrush.com/bot.html)"
192.64.117.220 - - [04/Jul/2026:12:45:13 -0400] "POST /wp-cron.php?doing_wp_cron=1783183513.8979580402374267578125 HTTP/1.1" 200 0 "-" "WordPress/7.0; https://awodapa.com"
159.223.125.9 - - [04/Jul/2026:12:45:11 -0400] "GET /wp-content/uploads/2022/04/WhatsApp-Image-2022-04-16-at-4.10.03-AM-2.jpeg%20720w,%20https://awodapa.com/wp-content/uploads/2022/04/WhatsApp-Image-2022-04-16-at-4.10.03-AM-2-244x300.jpeg%20244w HTTP/1.1" 301 0 "https://awodapa.com/" "Mozilla/5.0 (Windows NT 10.0; Win64; x64) AppleWebKit/537.36 (KHTML, like Gecko) Chrome/111.0.0.0 Safari/537.36"
190.129.101.240 - - [04/Jul/2026:12:45:27 -0400] "GET /wp-content/uploads/2022/04/WhatsApp-Image-2022-04-16-at-4.10.03-AM-2.jpeg%20720w,%20https://awodapa.com/wp-content/uploads/2022/04/WhatsApp-Image-2022-04-16-at-4.10.03-AM-2-244x300.jpeg%20244w HTTP/1.1" 301 0 "https://awodapa.com/" "Mozilla/5.0 (Windows NT 10.0; Win64; x64) AppleWebKit/537.36 (KHTML, like Gecko) Chrome/111.0.0.0 Safari/537.36"
186.219.150.207 - - [04/Jul/2026:12:45:29 -0400] "GET /wp-content/uploads/2022/04/WhatsApp-Image-2022-04-16-at-4.10.03-AM-2.jpeg%20720w,%20https:/awodapa.com/wp-content/uploads/2022/04/WhatsApp-Image-2022-04-16-at-4.10.03-AM-2-244x300.jpeg%20244w HTTP/1.1" 404 29811 "https://awodapa.com/" "Mozilla/5.0 (Windows NT 10.0; Win64; x64) AppleWebKit/537.36 (KHTML, like Gecko) Chrome/111.0.0.0 Safari/537.36"
85.208.96.200 - - [04/Jul/2026:12:47:00 -0400] "GET /2022/02/21/mama-esther-showers-praises-on-god-as-she-turns-56/ HTTP/1.1" 200 33719 "-" "Mozilla/5.0 (compatible; SemrushBot/7~bl; +http://www.semrush.com/bot.html)"
192.64.117.220 - - [04/Jul/2026:12:55:54 -0400] "POST /wp-cron.php?doing_wp_cron=1783184154.8936460018157958984375 HTTP/1.1" 200 0 "-" "WordPress/7.0; https://awodapa.com"
170.106.180.246 - - [04/Jul/2026:12:55:52 -0400] "GET / HTTP/1.1" 301 0 "http://www.awodapa.com" "Mozilla/5.0 (iPhone; CPU iPhone OS 13_2_3 like Mac OS X) AppleWebKit/605.1.15 (KHTML, like Gecko) Version/13.0.3 Mobile/15E148 Safari/604.1"
170.106.180.246 - - [04/Jul/2026:12:55:55 -0400] "GET / HTTP/1.1" 200 33581 "https://www.awodapa.com/" "Mozilla/5.0 (iPhone; CPU iPhone OS 13_2_3 like Mac OS X) AppleWebKit/605.1.15 (KHTML, like Gecko) Version/13.0.3 Mobile/15E148 Safari/604.1"
216.73.217.68 - - [04/Jul/2026:12:55:37 -0400] "GET / HTTP/1.1" 200 27087 "-" "Mozilla/5.0 AppleWebKit/537.36 (KHTML, like Gecko; compatible; ClaudeBot/1.0; +claudebot@anthropic.com)"
40.77.167.63 - - [04/Jul/2026:13:04:35 -0400] "GET /wp-content/uploads/2022/06/IMG_1207-2-683x1024.jpg HTTP/1.1" 200 89601 "-" "Mozilla/5.0 AppleWebKit/537.36 (KHTML, like Gecko; compatible; bingbot/2.0; +http://www.bing.com/bingbot.htm) Chrome/116.0.1938.76 Safari/537.36"
192.64.117.220 - - [04/Jul/2026:13:12:43 -0400] "POST /wp-cron.php?doing_wp_cron=1783185163.6959750652313232421875 HTTP/1.1" 200 0 "-" "WordPress/7.0; https://awodapa.com"
103.139.255.24 - - [04/Jul/2026:13:12:41 -0400] "GET /author-sitemap.xml HTTP/1.1" 200 405 "-" "Mozilla/5.0 (Macintosh; Intel Mac OS X 15.4; rv:128.0) Gecko/20100101 Firefox/128.0"
154.61.75.100 - admin [04/Jul/2026:13:13:29 -0400] "GET /wp-json/wp/v2/users/me HTTP/1.1" 401 96 "-" "Mozilla/5.0 (X11; Linux x86_64; rv:133.0) Gecko/20100101 Firefox/133.0"
192.64.117.220 - - [04/Jul/2026:13:13:30 -0400] "POST /wp-cron.php?doing_wp_cron=1783185210.1369109153747558593750 HTTP/1.1" 200 0 "-" "WordPress/7.0; https://awodapa.com"
85.208.96.206 - - [04/Jul/2026:13:20:49 -0400] "GET /2022/05/01/student-journalist-eyes-atinka-fm-wants-a-job-as-birthday-gift/ HTTP/1.1" 200 37412 "-" "Mozilla/5.0 (compatible; SemrushBot/7~bl; +http://www.semrush.com/bot.html)"
192.64.117.220 - - [04/Jul/2026:13:34:32 -0400] "POST /wp-cron.php?doing_wp_cron=1783186472.3047571182250976562500 HTTP/1.1" 200 0 "-" "WordPress/7.0; https://awodapa.com"
51.68.171.141 - - [04/Jul/2026:13:34:30 -0400] "GET /blog-verify HTTP/1.1" 404 135689 "-" "Mozilla/5.0 (X11; Linux x86_64) AppleWebKit/537.36 (KHTML, like Gecko) Chrome/149.0.0.0 Safari/537.36"
51.68.171.141 - - [04/Jul/2026:13:34:43 -0400] "GET /wp-content/plugins/cidaas-pro-master/composer.json HTTP/1.1" 403 1242 "-" "Mozilla/5.0 (Windows NT 10.0; Win64; x64) AppleWebKit/537.36 (KHTML, like Gecko) Chrome/148.0.0.0 Safari/537.36"
120.240.178.231 - - [04/Jul/2026:13:57:05 -0400] "GET /robots.txt HTTP/1.1" 200 122 "-" "Mozilla/5.0 (Windows NT 10.0; Win64; x64) AppleWebKit/537.36 (KHTML, like Gecko) Chrome/65.0.4240.107 Safari/537.36"
185.191.171.5 - - [04/Jul/2026:14:05:39 -0400] "GET /robots.txt HTTP/1.1" 200 122 "-" "Mozilla/5.0 (compatible; SemrushBot/7~bl; +http://www.semrush.com/bot.html)"
85.208.96.202 - - [04/Jul/2026:14:05:40 -0400] "GET /2022/03/27/joy-and-fulfilment-a-bankers-wish-on-her-birthday/ HTTP/1.1" 200 36930 "-" "Mozilla/5.0 (compatible; SemrushBot/7~bl; +http://www.semrush.com/bot.html)"
45.205.29.178 - - [04/Jul/2026:14:10:40 -0400] "HEAD / HTTP/1.1" 200 0 "-" "Mozilla/5.0 (Windows NT 10.0; Win64; x64; rv:133.0) Gecko/20100101 Firefox/133.0"
213.180.203.28 - - [04/Jul/2026:14:14:55 -0400] "GET /robots.txt HTTP/1.1" 200 169 "-" "Mozilla/5.0 (compatible; YandexBot/3.0; +http://yandex.com/bots)"
87.250.224.227 - - [04/Jul/2026:14:14:56 -0400] "GET /sitemap_index.xml HTTP/1.1" 200 352 "-" "Mozilla/5.0 (compatible; YandexBot/3.0; +http://yandex.com/bots)"
185.255.126.191 - - [04/Jul/2026:14:17:39 -0400] "GET /wp-includes/woocommerce-call.php HTTP/1.1" 200 0 "http://awodapa.com/wp-includes/woocommerce-call.php" "Go-http-client/2.0"
185.255.126.191 - - [04/Jul/2026:14:17:42 -0400] "GET /wp-content/plugins/wordpress-seo/wp-seo-main-float.php HTTP/1.1" 200 0 "http://awodapa.com/wp-content/plugins/wordpress-seo/wp-seo-main-float.php" "Go-http-client/2.0"
192.64.117.220 - - [04/Jul/2026:14:17:49 -0400] "POST /wp-cron.php?doing_wp_cron=1783189069.6519598960876464843750 HTTP/1.1" 200 0 "-" "WordPress/7.0; https://awodapa.com"
192.64.117.220 - - [04/Jul/2026:14:17:49 -0400] "POST /wp-cron.php?doing_wp_cron=1783189069.8344230651855468750000 HTTP/1.1" 200 0 "-" "WordPress/7.0; https://awodapa.com"
185.255.126.191 - - [04/Jul/2026:14:17:47 -0400] "GET /wp-content/plugins/enhanced-text-widget/analyst/src/403x.php HTTP/1.1" 404 29683 "http://awodapa.com/wp-content/plugins/enhanced-text-widget/analyst/src/403x.php" "Go-http-client/2.0"
185.255.126.191 - - [04/Jul/2026:14:18:00 -0400] "GET /wp-content/plugins/elementor/includes/interfaces/about.php HTTP/1.1" 404 29666 "http://awodapa.com/wp-content/plugins/elementor/includes/interfaces/about.php" "Go-http-client/2.0"
185.255.126.191 - - [04/Jul/2026:14:18:01 -0400] "GET /wp-content/plugins/wp-cache-sys/index.php HTTP/1.1" 301 0 "http://awodapa.com/wp-content/plugins/wp-cache-sys/index.php" "Go-http-client/2.0"
185.255.126.191 - - [04/Jul/2026:14:18:02 -0400] "GET /wp-content/plugins/wp-cache-sys/ HTTP/1.1" 404 29622 "https://awodapa.com/wp-content/plugins/wp-cache-sys/index.php" "Go-http-client/2.0"
185.255.126.191 - - [04/Jul/2026:14:18:06 -0400] "GET /wp-content/plugins/StylePlugin/up.php HTTP/1.1" 404 29636 "http://awodapa.com/wp-content/plugins/StylePlugin/up.php" "Go-http-client/2.0"
185.255.126.191 - - [04/Jul/2026:14:18:14 -0400] "GET /wp-content/plugins/index.php HTTP/1.1" 200 0 "http://awodapa.com/wp-content/plugins/index.php" "Go-http-client/2.0"
185.255.126.191 - - [04/Jul/2026:14:18:14 -0400] "GET /wp-content/plugins/advanced-llms-txt-generator/assets/css/css_json.php HTTP/1.1" 404 29674 "http://awodapa.com/wp-content/plugins/advanced-llms-txt-generator/assets/css/css_json.php" "Go-http-client/2.0"
185.255.126.191 - - [04/Jul/2026:14:18:17 -0400] "GET /wp-content/themes/index.php HTTP/1.1" 200 0 "http://awodapa.com/wp-content/themes/index.php" "Go-http-client/2.0"
185.255.126.191 - - [04/Jul/2026:14:18:20 -0400] "GET /wp-content/themes/builder-and-developer/inc/tgm/error.php HTTP/1.1" 404 29666 "http://awodapa.com/wp-content/themes/builder-and-developer/inc/tgm/error.php" "Go-http-client/2.0"
185.255.126.191 - - [04/Jul/2026:14:18:24 -0400] "GET /wp-content/themes/pridmag/db.php?u HTTP/1.1" 404 29634 "http://awodapa.com/wp-content/themes/pridmag/db.php?u" "Go-http-client/2.0"
185.255.126.191 - - [04/Jul/2026:14:18:25 -0400] "GET /wp-content/themes/theme-check/theme-check.php HTTP/1.1" 404 29630 "http://awodapa.com/wp-content/themes/theme-check/theme-check.php" "Go-http-client/2.0"
185.255.126.191 - - [04/Jul/2026:14:18:26 -0400] "GET /wp-content/themes/Divi/404.php HTTP/1.1" 404 29623 "http://awodapa.com/wp-content/themes/Divi/404.php" "Go-http-client/2.0"
192.64.117.220 - - [04/Jul/2026:14:14:58 -0400] "POST /wp-cron.php?doing_wp_cron=1783188898.1089920997619628906250 HTTP/1.1" 200 0 "-" "WordPress/7.0; https://awodapa.com"
185.255.126.191 - - [04/Jul/2026:14:17:50 -0400] "GET /wp-content/themes/news-portal/error.php HTTP/1.1" 404 29632 "http://awodapa.com/wp-content/themes/news-portal/error.php" "Go-http-client/2.0"
185.255.126.191 - - [04/Jul/2026:14:17:52 -0400] "GET /wp-content/themes/fukasawa/inc/classes/403.php HTTP/1.1" 404 29656 "http://awodapa.com/wp-content/themes/fukasawa/inc/classes/403.php" "Go-http-client/2.0"
185.255.126.191 - - [04/Jul/2026:14:17:53 -0400] "GET /wp-content/plugins/hello-plus/classes/ehp-sarang.php HTTP/1.1" 404 29665 "http://awodapa.com/wp-content/plugins/hello-plus/classes/ehp-sarang.php" "Go-http-client/2.0"
185.255.126.191 - - [04/Jul/2026:14:17:55 -0400] "GET /wp-content/plugins/so-pinyin-slugs/inc/main_json.php HTTP/1.1" 404 29657 "http://awodapa.com/wp-content/plugins/so-pinyin-slugs/inc/main_json.php" "Go-http-client/2.0"
185.255.126.191 - - [04/Jul/2026:14:17:56 -0400] "GET /wp-content/plugins/filester/assets/css/404.php HTTP/1.1" 404 29652 "http://awodapa.com/wp-content/plugins/filester/assets/css/404.php" "Go-http-client/2.0"
185.255.126.191 - - [04/Jul/2026:14:17:57 -0400] "GET /wp-content/themes/neve/assets/apps/dashboard/build/index.php HTTP/1.1" 301 0 "http://awodapa.com/wp-content/themes/neve/assets/apps/dashboard/build/index.php" "Go-http-client/2.0"
185.255.126.191 - - [04/Jul/2026:14:17:58 -0400] "GET /wp-content/themes/neve/assets/apps/dashboard/build/ HTTP/1.1" 404 29670 "https://awodapa.com/wp-content/themes/neve/assets/apps/dashboard/build/index.php" "Go-http-client/2.0"
185.255.126.191 - - [04/Jul/2026:14:17:59 -0400] "GET /wp-content/themes/theme-check/main.php HTTP/1.1" 404 29630 "http://awodapa.com/wp-content/themes/theme-check/main.php" "Go-http-client/2.0"
185.255.126.191 - - [04/Jul/2026:14:18:03 -0400] "GET /wp-content/plugins/aatdgetgdg/main.php HTTP/1.1" 404 29636 "http://awodapa.com/wp-content/plugins/aatdgetgdg/main.php" "Go-http-client/2.0"
185.255.126.191 - - [04/Jul/2026:14:18:04 -0400] "GET /wp-content/plugins/pwnd/pwnd.php HTTP/1.1" 404 29621 "http://awodapa.com/wp-content/plugins/pwnd/pwnd.php" "Go-http-client/2.0"
185.255.126.191 - - [04/Jul/2026:14:18:10 -0400] "GET /wp-content/plugins/semrush/x.php HTTP/1.1" 404 29627 "http://awodapa.com/wp-content/plugins/semrush/x.php" "Go-http-client/2.0"
185.255.126.191 - - [04/Jul/2026:14:18:11 -0400] "GET /wp-content/plugins/fix/up.php HTTP/1.1" 404 29622 "http://awodapa.com/wp-content/plugins/fix/up.php" "Go-http-client/2.0"
185.255.126.191 - - [04/Jul/2026:14:18:12 -0400] "GET /wp-content/plugins/wpcall-button/button-image.php HTTP/1.1" 404 29659 "http://awodapa.com/wp-content/plugins/wpcall-button/button-image.php" "Go-http-client/2.0"
185.255.126.191 - - [04/Jul/2026:14:18:16 -0400] "GET /wp-content/plugins/linkpreview/index.php HTTP/1.1" 301 0 "http://awodapa.com/wp-content/plugins/linkpreview/index.php" "Go-http-client/2.0"
185.255.126.191 - - [04/Jul/2026:14:18:16 -0400] "GET /wp-content/plugins/linkpreview/ HTTP/1.1" 404 29616 "https://awodapa.com/wp-content/plugins/linkpreview/index.php" "Go-http-client/2.0"
185.255.126.191 - - [04/Jul/2026:14:18:29 -0400] "GET /wp-content/themes/seotheme/db.php?u HTTP/1.1" 404 29627 "http://awodapa.com/wp-content/themes/seotheme/db.php?u" "Go-http-client/2.0"
185.255.126.191 - - [04/Jul/2026:14:18:31 -0400] "GET /wp-content/themes/twentytwentythree/patterns/ HTTP/1.1" 200 1315 "https://awodapa.com/wp-content/themes/twentytwentythree/patterns/index.php" "Go-http-client/2.0"
185.255.126.191 - - [04/Jul/2026:14:18:33 -0400] "GET /wp-content/plugins/file-upload-types/assets/css/403x.php HTTP/1.1" 404 29667 "http://awodapa.com/wp-content/plugins/file-upload-types/assets/css/403x.php" "Go-http-client/2.0"
185.255.126.191 - - [04/Jul/2026:14:18:35 -0400] "GET /wp-content/plugins/penci-mobile-templates/functions.php HTTP/1.1" 404 29656 "http://awodapa.com/wp-content/plugins/penci-mobile-templates/functions.php" "Go-http-client/2.0"
185.255.126.191 - - [04/Jul/2026:14:18:39 -0400] "GET /wp-content/plugins/schema/yanz.php HTTP/1.1" 404 29630 "http://awodapa.com/wp-content/plugins/schema/yanz.php" "Go-http-client/2.0"
185.255.126.191 - - [04/Jul/2026:14:18:42 -0400] "GET /wp-content/plugins/init-help/init.php HTTP/1.1" 404 29630 "http://awodapa.com/wp-content/plugins/init-help/init.php" "Go-http-client/2.0"
185.255.126.191 - - [04/Jul/2026:14:18:43 -0400] "GET /wp-content/languages/index.php HTTP/1.1" 301 0 "http://awodapa.com/wp-content/languages/index.php" "Go-http-client/2.0"
185.255.126.191 - - [04/Jul/2026:14:18:43 -0400] "GET /wp-content/languages/ HTTP/1.1" 404 29604 "https://awodapa.com/wp-content/languages/index.php" "Go-http-client/2.0"
185.255.126.191 - - [04/Jul/2026:14:18:45 -0400] "GET /wp-content/languages/plugins/index.php HTTP/1.1" 301 0 "http://awodapa.com/wp-content/languages/plugins/index.php" "Go-http-client/2.0"
185.255.126.191 - - [04/Jul/2026:14:18:47 -0400] "GET /wp-content/languages/themes/index.php HTTP/1.1" 301 0 "http://awodapa.com/wp-content/languages/themes/index.php" "Go-http-client/2.0"
185.255.126.191 - - [04/Jul/2026:14:18:47 -0400] "GET /wp-content/languages/themes/ HTTP/1.1" 404 29618 "https://awodapa.com/wp-content/languages/themes/index.php" "Go-http-client/2.0"
192.64.117.220 - - [04/Jul/2026:14:18:57 -0400] "POST /wp-cron.php?doing_wp_cron=1783189137.8306839466094970703125 HTTP/1.1" 200 0 "-" "WordPress/7.0; https://awodapa.com"
185.255.126.191 - - [04/Jul/2026:14:18:57 -0400] "GET /wp-includes/assets/index.php HTTP/1.1" 301 0 "http://awodapa.com/wp-includes/assets/index.php" "Go-http-client/2.0"
185.255.126.191 - - [04/Jul/2026:14:18:58 -0400] "GET /wp-includes/assets/ HTTP/1.1" 200 846 "https://awodapa.com/wp-includes/assets/index.php" "Go-http-client/2.0"
185.255.126.191 - - [04/Jul/2026:14:18:59 -0400] "GET /wp-includes/Requests/src/Auth/index.php HTTP/1.1" 301 0 "http://awodapa.com/wp-includes/Requests/src/Auth/index.php" "Go-http-client/2.0"
185.255.126.191 - - [04/Jul/2026:14:18:59 -0400] "GET /wp-includes/Requests/src/Auth/ HTTP/1.1" 200 782 "https://awodapa.com/wp-includes/Requests/src/Auth/index.php" "Go-http-client/2.0"
185.255.126.191 - - [04/Jul/2026:14:19:00 -0400] "GET /wp-includes/core.php HTTP/1.1" 404 29604 "http://awodapa.com/wp-includes/core.php" "Go-http-client/2.0"
185.255.126.191 - - [04/Jul/2026:14:19:02 -0400] "GET /wp-includes/Text/Diff/Engine/template-singl-portfolio.php HTTP/1.1" 404 29687 "http://awodapa.com/wp-includes/Text/Diff/Engine/template-singl-portfolio.php" "Go-http-client/2.0"
185.255.126.191 - - [04/Jul/2026:14:19:04 -0400] "GET /wp-includes/ID3/ HTTP/1.1" 200 1670 "https://awodapa.com/wp-includes/ID3/index.php" "Go-http-client/2.0"
185.255.126.191 - - [04/Jul/2026:14:19:05 -0400] "GET /wp-includes/js/ HTTP/1.1" 200 4793 "https://awodapa.com/wp-includes/js/index.php" "Go-http-client/2.0"
185.255.126.191 - - [04/Jul/2026:14:19:06 -0400] "GET /modules/mod_simplefileuploadv1.3/elements/filemanager.php HTTP/1.1" 404 29676 "http://awodapa.com/modules/mod_simplefileuploadv1.3/elements/filemanager.php" "Go-http-client/2.0"
185.255.126.191 - - [04/Jul/2026:14:19:07 -0400] "GET /.well-known/index.php HTTP/1.1" 301 0 "http://awodapa.com/.well-known/index.php" "Go-http-client/2.0"
185.255.126.191 - - [04/Jul/2026:14:19:08 -0400] "GET /classwithtostring.php HTTP/1.1" 404 29602 "http://awodapa.com/classwithtostring.php" "Go-http-client/2.0"
185.255.126.191 - - [04/Jul/2026:14:19:12 -0400] "GET /3PJcpMFsD8B.php HTTP/1.1" 404 29607 "http://awodapa.com/3PJcpMFsD8B.php" "Go-http-client/2.0"
185.255.126.191 - - [04/Jul/2026:14:19:17 -0400] "GET /wp-admin.php HTTP/1.1" 404 29589 "http://awodapa.com/wp-admin.php" "Go-http-client/2.0"
185.255.126.191 - - [04/Jul/2026:14:18:27 -0400] "GET /wp-content/themes/bltm/wp-login.php HTTP/1.1" 404 29619 "http://awodapa.com/wp-content/themes/bltm/wp-login.php" "Go-http-client/2.0"
185.255.126.191 - - [04/Jul/2026:14:18:30 -0400] "GET /wp-content/themes/twentytwentythree/patterns/index.php HTTP/1.1" 301 0 "http://awodapa.com/wp-content/themes/twentytwentythree/patterns/index.php" "Go-http-client/2.0"
185.255.126.191 - - [04/Jul/2026:14:18:32 -0400] "GET /wp-content/plugins/SecurityFin/SecurityFin.php HTTP/1.1" 404 29630 "http://awodapa.com/wp-content/plugins/SecurityFin/SecurityFin.php" "Go-http-client/2.0"
185.255.126.191 - - [04/Jul/2026:14:18:34 -0400] "GET /wp-content/plugins/penci-bookmark-follow/inc/admin/forms/penci-bf-users-logs-profile.php HTTP/1.1" 404 29703 "http://awodapa.com/wp-content/plugins/penci-bookmark-follow/inc/admin/forms/penci-bf-users-logs-profile.php" "Go-http-client/2.0"
185.255.126.191 - - [04/Jul/2026:14:18:37 -0400] "GET /wp-content/plugins/dummyyummy/wp-signup.php HTTP/1.1" 404 29646 "http://awodapa.com/wp-content/plugins/dummyyummy/wp-signup.php" "Go-http-client/2.0"
185.255.126.191 - - [04/Jul/2026:14:18:38 -0400] "GET /wp-content/plugins/core/core.php HTTP/1.1" 404 29610 "http://awodapa.com/wp-content/plugins/core/core.php" "Go-http-client/2.0"
185.255.126.191 - - [04/Jul/2026:14:18:40 -0400] "GET /wp-content/plugins/pwnd-1/pwnd.php HTTP/1.1" 404 29633 "http://awodapa.com/wp-content/plugins/pwnd-1/pwnd.php" "Go-http-client/2.0"
185.255.126.191 - - [04/Jul/2026:14:18:45 -0400] "GET /wp-content/languages/plugins/ HTTP/1.1" 404 29614 "https://awodapa.com/wp-content/languages/plugins/index.php" "Go-http-client/2.0"
185.255.126.191 - - [04/Jul/2026:14:18:48 -0400] "GET /wp-content/fonts/index.php HTTP/1.1" 301 0 "http://awodapa.com/wp-content/fonts/index.php" "Go-http-client/2.0"
185.255.126.191 - - [04/Jul/2026:14:18:49 -0400] "GET /wp-content/fonts/ HTTP/1.1" 404 29605 "https://awodapa.com/wp-content/fonts/index.php" "Go-http-client/2.0"
185.255.126.191 - - [04/Jul/2026:14:18:50 -0400] "GET /wp-content/index.php HTTP/1.1" 200 0 "http://awodapa.com/wp-content/index.php" "Go-http-client/2.0"
192.64.117.220 - - [04/Jul/2026:14:18:59 -0400] "POST /wp-cron.php?doing_wp_cron=1783189139.1720209121704101562500 HTTP/1.1" 200 0 "-" "WordPress/7.0; https://awodapa.com"
185.255.126.191 - - [04/Jul/2026:14:19:03 -0400] "GET /wp-includes/ID3/index.php HTTP/1.1" 301 0 "http://awodapa.com/wp-includes/ID3/index.php" "Go-http-client/2.0"
185.255.126.191 - - [04/Jul/2026:14:19:04 -0400] "GET /wp-includes/js/index.php HTTP/1.1" 301 0 "http://awodapa.com/wp-includes/js/index.php" "Go-http-client/2.0"
185.255.126.191 - - [04/Jul/2026:14:19:08 -0400] "GET /.well-known/ HTTP/1.1" 200 804 "https://awodapa.com/.well-known/index.php" "Go-http-client/2.0"
185.255.126.191 - - [04/Jul/2026:14:19:10 -0400] "GET /filemanager.php HTTP/1.1" 404 29595 "http://awodapa.com/filemanager.php" "Go-http-client/2.0"
185.255.126.191 - - [04/Jul/2026:14:19:11 -0400] "GET /4PJcpMFsD8B.php HTTP/1.1" 404 29602 "http://awodapa.com/4PJcpMFsD8B.php" "Go-http-client/2.0"
185.255.126.191 - - [04/Jul/2026:14:19:13 -0400] "GET /5PJcpMFsD8B.php HTTP/1.1" 404 29608 "http://awodapa.com/5PJcpMFsD8B.php" "Go-http-client/2.0"
185.255.126.191 - - [04/Jul/2026:14:19:15 -0400] "GET /dropdown.php HTTP/1.1" 404 29589 "http://awodapa.com/dropdown.php" "Go-http-client/2.0"
185.255.126.191 - - [04/Jul/2026:14:19:18 -0400] "GET /license.php HTTP/1.1" 404 29592 "http://awodapa.com/license.php" "Go-http-client/2.0"
185.255.126.191 - - [04/Jul/2026:14:19:22 -0400] "GET /inputs.php HTTP/1.1" 404 29591 "http://awodapa.com/inputs.php" "Go-http-client/2.0"
185.255.126.191 - - [04/Jul/2026:14:19:23 -0400] "GET /style2.php HTTP/1.1" 404 29585 "http://awodapa.com/style2.php" "Go-http-client/2.0"
185.255.126.191 - - [04/Jul/2026:14:19:24 -0400] "GET /simple.php HTTP/1.1" 404 29593 "http://awodapa.com/simple.php" "Go-http-client/2.0"
185.255.126.191 - - [04/Jul/2026:14:19:26 -0400] "GET /chosen.php HTTP/1.1" 404 29595 "http://awodapa.com/chosen.php" "Go-http-client/2.0"
185.255.126.191 - - [04/Jul/2026:14:19:29 -0400] "GET /themes.php HTTP/1.1" 404 29586 "http://awodapa.com/themes.php" "Go-http-client/2.0"
192.64.117.220 - - [04/Jul/2026:14:19:33 -0400] "POST /wp-cron.php?doing_wp_cron=1783189173.0689771175384521484375 HTTP/1.1" 200 0 "-" "WordPress/7.0; https://awodapa.com"
185.255.126.191 - - [04/Jul/2026:14:19:32 -0400] "GET /admin.php HTTP/1.1" 404 29590 "http://awodapa.com/admin.php" "Go-http-client/2.0"
185.255.126.191 - - [04/Jul/2026:14:19:36 -0400] "GET /file2.php HTTP/1.1" 404 29588 "http://awodapa.com/file2.php" "Go-http-client/2.0"
185.255.126.191 - - [04/Jul/2026:14:19:39 -0400] "GET /gel4y.php HTTP/1.1" 404 29599 "http://awodapa.com/gel4y.php" "Go-http-client/2.0"
185.255.126.191 - - [04/Jul/2026:14:19:41 -0400] "GET /file.php HTTP/1.1" 404 29581 "http://awodapa.com/file.php" "Go-http-client/2.0"
185.255.126.191 - - [04/Jul/2026:14:19:42 -0400] "GET /alfa.php HTTP/1.1" 404 29582 "http://awodapa.com/alfa.php" "Go-http-client/2.0"
185.255.126.191 - - [04/Jul/2026:14:19:44 -0400] "GET /403.php HTTP/1.1" 404 29585 "http://awodapa.com/403.php" "Go-http-client/2.0"
185.255.126.191 - - [04/Jul/2026:14:19:47 -0400] "GET /1.php HTTP/1.1" 404 29582 "http://awodapa.com/1.php" "Go-http-client/2.0"
185.255.126.191 - - [04/Jul/2026:14:19:51 -0400] "GET /wp.php HTTP/1.1" 404 29589 "http://awodapa.com/wp.php" "Go-http-client/2.0"
185.255.126.191 - - [04/Jul/2026:14:19:55 -0400] "GET /templates/cassiopeia/error.php HTTP/1.1" 404 29627 "http://awodapa.com/templates/cassiopeia/error.php" "Go-http-client/2.0"
185.255.126.191 - - [04/Jul/2026:14:19:56 -0400] "GET /templates/ja_purity/index.php HTTP/1.1" 301 0 "http://awodapa.com/templates/ja_purity/index.php" "Go-http-client/2.0"
185.255.126.191 - - [04/Jul/2026:14:19:57 -0400] "GET /templates/ja_purity/ HTTP/1.1" 404 29619 "https://awodapa.com/templates/ja_purity/index.php" "Go-http-client/2.0"
185.255.126.191 - - [04/Jul/2026:14:19:59 -0400] "GET /templates/beez3/jsstrings.php HTTP/1.1" 404 29638 "http://awodapa.com/templates/beez3/jsstrings.php" "Go-http-client/2.0"
185.255.126.191 - - [04/Jul/2026:14:20:04 -0400] "GET /templates/beez3/error.php HTTP/1.1" 404 29626 "http://awodapa.com/templates/beez3/error.php" "Go-http-client/2.0"
185.255.126.191 - - [04/Jul/2026:14:20:07 -0400] "GET /templates/beez3/ HTTP/1.1" 404 29606 "https://awodapa.com/templates/beez3/index.php" "Go-http-client/2.0"
185.255.126.191 - - [04/Jul/2026:14:20:08 -0400] "GET /modules/mod%20ariimageslidersa/mod%20ariimageslidersa.php HTTP/1.1" 404 29653 "http://awodapa.com/modules/mod%20ariimageslidersa/mod%20ariimageslidersa.php" "Go-http-client/2.0"
185.255.126.191 - - [04/Jul/2026:14:20:10 -0400] "GET /templates/beez/index.php HTTP/1.1" 301 0 "http://awodapa.com/templates/beez/index.php" "Go-http-client/2.0"
185.255.126.191 - - [04/Jul/2026:14:19:19 -0400] "GET /content.php HTTP/1.1" 404 29584 "http://awodapa.com/content.php" "Go-http-client/2.0"
185.255.126.191 - - [04/Jul/2026:14:19:21 -0400] "GET /install.php HTTP/1.1" 404 29595 "http://awodapa.com/install.php" "Go-http-client/2.0"
185.255.126.191 - - [04/Jul/2026:14:19:27 -0400] "GET /bypass.php HTTP/1.1" 404 29587 "http://awodapa.com/bypass.php" "Go-http-client/2.0"
185.255.126.191 - - [04/Jul/2026:14:19:28 -0400] "GET /config.php HTTP/1.1" 404 29591 "http://awodapa.com/config.php" "Go-http-client/2.0"
185.255.126.191 - - [04/Jul/2026:14:19:34 -0400] "GET /about.php HTTP/1.1" 404 29593 "http://awodapa.com/about.php" "Go-http-client/2.0"
185.255.126.191 - - [04/Jul/2026:14:19:35 -0400] "GET /style.php HTTP/1.1" 404 29581 "http://awodapa.com/style.php" "Go-http-client/2.0"
185.255.126.191 - - [04/Jul/2026:14:19:37 -0400] "GET /jsonq.php HTTP/1.1" 404 29582 "http://awodapa.com/jsonq.php" "Go-http-client/2.0"
185.255.126.191 - - [04/Jul/2026:14:19:40 -0400] "GET /tiny.php HTTP/1.1" 404 29592 "http://awodapa.com/tiny.php" "Go-http-client/2.0"
185.255.126.191 - - [04/Jul/2026:14:19:45 -0400] "GET /m.php HTTP/1.1" 404 29583 "http://awodapa.com/m.php" "Go-http-client/2.0"
185.255.126.191 - - [04/Jul/2026:14:19:46 -0400] "GET /a.php HTTP/1.1" 404 29586 "http://awodapa.com/a.php" "Go-http-client/2.0"
185.255.126.191 - - [04/Jul/2026:14:19:49 -0400] "GET /x.php HTTP/1.1" 404 29586 "http://awodapa.com/x.php" "Go-http-client/2.0"
185.255.126.191 - - [04/Jul/2026:14:19:50 -0400] "GET /ws.php HTTP/1.1" 404 29589 "http://awodapa.com/ws.php" "Go-http-client/2.0"
185.255.126.191 - - [04/Jul/2026:14:19:52 -0400] "GET /modules/scrollbottom/anamama-2.php HTTP/1.1" 404 29636 "http://awodapa.com/modules/scrollbottom/anamama-2.php" "Go-http-client/2.0"
185.255.126.191 - - [04/Jul/2026:14:19:54 -0400] "GET /modules/ets_whatsapp/security.php HTTP/1.1" 404 29639 "http://awodapa.com/modules/ets_whatsapp/security.php" "Go-http-client/2.0"
185.255.126.191 - - [04/Jul/2026:14:19:58 -0400] "GET /templates/protostar/error.php HTTP/1.1" 404 29629 "http://awodapa.com/templates/protostar/error.php" "Go-http-client/2.0"
185.255.126.191 - - [04/Jul/2026:14:20:02 -0400] "GET /templates/atomic/index.php HTTP/1.1" 301 0 "http://awodapa.com/templates/atomic/index.php" "Go-http-client/2.0"
185.255.126.191 - - [04/Jul/2026:14:20:03 -0400] "GET /templates/atomic/ HTTP/1.1" 404 29604 "https://awodapa.com/templates/atomic/index.php" "Go-http-client/2.0"
185.255.126.191 - - [04/Jul/2026:14:20:07 -0400] "GET /templates/beez3/index.php HTTP/1.1" 301 0 "http://awodapa.com/templates/beez3/index.php" "Go-http-client/2.0"
185.255.126.191 - - [04/Jul/2026:14:20:10 -0400] "GET /templates/beez/ HTTP/1.1" 404 29607 "https://awodapa.com/templates/beez/index.php" "Go-http-client/2.0"
192.64.117.220 - - [04/Jul/2026:14:31:02 -0400] "POST /wp-cron.php?doing_wp_cron=1783189862.4546918869018554687500 HTTP/1.1" 200 0 "-" "WordPress/7.0; https://awodapa.com"
17.241.219.230 - - [04/Jul/2026:14:31:05 -0400] "GET /robots.txt HTTP/1.1" 200 122 "-" "Mozilla/5.0 (Macintosh; Intel Mac OS X 10_15_7) AppleWebKit/605.1.15 (KHTML, like Gecko) Version/17.4 Safari/605.1.15 (Applebot/0.1; +http://www.apple.com/go/applebot)"
51.68.171.141 - - [04/Jul/2026:14:30:59 -0400] "GET /?wmo_hc=k7Hx9mQp2wRt HTTP/1.1" 200 177069 "-" "Mozilla/5.0 (Macintosh; Intel Mac OS X 10_15_7) AppleWebKit/537.36 (KHTML, like Gecko) Chrome/148.0.0.0 Safari/537.36"
17.241.219.230 - - [04/Jul/2026:14:31:06 -0400] "GET /2022/09/29/photos-a-5-year-old-ghanaian-dreams-of-becoming-a-medical-doctor/feed/ HTTP/1.1" 200 480 "-" "Mozilla/5.0 (Macintosh; Intel Mac OS X 10_15_7) AppleWebKit/605.1.15 (KHTML, like Gecko) Version/17.4 Safari/605.1.15 (Applebot/0.1; +http://www.apple.com/go/applebot)"
85.208.96.203 - - [04/Jul/2026:14:46:30 -0400] "GET /2022/02/21/baby-maxin-turns-3-today/ HTTP/1.1" 200 33827 "-" "Mozilla/5.0 (compatible; SemrushBot/7~bl; +http://www.semrush.com/bot.html)"
185.191.171.1 - - [04/Jul/2026:14:44:10 -0400] "GET /tag/thierry-nyann/ HTTP/1.1" 200 27557 "-" "Mozilla/5.0 (compatible; SemrushBot/7~bl; +http://www.semrush.com/bot.html)"
216.73.217.68 - - [04/Jul/2026:14:51:23 -0400] "GET /robots.txt HTTP/1.1" 200 106 "-" "Mozilla/5.0 AppleWebKit/537.36 (KHTML, like Gecko; compatible; ClaudeBot/1.0; +claudebot@anthropic.com)"
192.64.117.220 - - [04/Jul/2026:14:51:26 -0400] "POST /wp-cron.php?doing_wp_cron=1783191086.7998549938201904296875 HTTP/1.1" 200 0 "-" "WordPress/7.0; https://awodapa.com"
216.73.217.68 - - [04/Jul/2026:14:51:24 -0400] "GET /sitemap_index.xml HTTP/1.1" 200 314 "-" "Mozilla/5.0 AppleWebKit/537.36 (KHTML, like Gecko; compatible; ClaudeBot/1.0; +claudebot@anthropic.com)"
185.191.171.4 - - [04/Jul/2026:15:05:51 -0400] "GET /2022/12/23/girl-turns-5-as-her-father-wishes-her-wisdom-and-good-health/ HTTP/1.1" 200 36952 "-" "Mozilla/5.0 (compatible; SemrushBot/7~bl; +http://www.semrush.com/bot.html)"
192.36.109.105 - - [04/Jul/2026:15:11:25 -0400] "GET /2023/10/29/this-fruit-of-my-womb-is-yours-lady-tells-god-on-daughters-birthday/ HTTP/1.1" 200 37451 "-" "Mozilla/5.0 (iPhone; CPU iPhone OS 17_1_2 like Mac OS X) AppleWebKit/605.1.15 (KHTML, like Gecko) Version/17.1.2 Mobile/15E148 Safari/604"
185.191.171.2 - - [04/Jul/2026:15:05:50 -0400] "GET /robots.txt HTTP/1.1" 200 122 "-" "Mozilla/5.0 (compatible; SemrushBot/7~bl; +http://www.semrush.com/bot.html)"
192.36.109.96 - - [04/Jul/2026:15:11:24 -0400] "GET / HTTP/1.1" 200 33581 "http://awodapa.com/" "Mozilla/5.0 (iPhone; CPU iPhone OS 17_1_2 like Mac OS X) AppleWebKit/605.1.15 (KHTML, like Gecko) Version/17.1.2 Mobile/15E148 Safari/604"
192.36.109.96 - - [04/Jul/2026:15:11:25 -0400] "GET /2023/02/13/keta-municipal-assemblys-assistant-director-poised-for-success/ HTTP/1.1" 200 36525 "-" "Mozilla/5.0 (iPhone; CPU iPhone OS 17_1_2 like Mac OS X) AppleWebKit/605.1.15 (KHTML, like Gecko) Version/17.1.2 Mobile/15E148 Safari/604"
192.36.109.102 - - [04/Jul/2026:15:11:26 -0400] "GET /2022/04/16/wife-honoured-with-second-in-command-title-on-her-special-day/ HTTP/1.1" 200 37315 "-" "Mozilla/5.0 (iPhone; CPU iPhone OS 17_1_2 like Mac OS X) AppleWebKit/605.1.15 (KHTML, like Gecko) Version/17.1.2 Mobile/15E148 Safari/604"
85.208.96.198 - - [04/Jul/2026:15:16:41 -0400] "GET /2022/05/12/duncan-williams-drops-45-65-on-birthday-church-says-we-love-you-papa/ HTTP/1.1" 200 37875 "-" "Mozilla/5.0 (compatible; SemrushBot/7~bl; +http://www.semrush.com/bot.html)"
185.191.171.8 - - [04/Jul/2026:15:28:28 -0400] "GET /2022/04/16/sam-george-takes-lessons-from-his-parents-45-years-of-marriage/ HTTP/1.1" 200 37210 "-" "Mozilla/5.0 (compatible; SemrushBot/7~bl; +http://www.semrush.com/bot.html)"
43.173.178.31 - - [04/Jul/2026:15:33:49 -0400] "GET /wp-content/themes/jnews/style.css?ver=12.0.3 HTTP/1.1" 200 291 "https://awodapa.com/2022/05/20/photos-a-beauticians-birthday/" "Mozilla/5.0 (Windows NT 10.0; Win64; x64) AppleWebKit/537.36 (KHTML, like Gecko) Chrome/117.0.0.0 Safari/537.36"
43.172.196.60 - - [04/Jul/2026:15:34:03 -0400] "POST /?ajax-request=jnews HTTP/1.1" 200 119 "https://awodapa.com/2022/05/20/photos-a-beauticians-birthday/" "Mozilla/5.0 (Windows NT 10.0; Win64; x64) AppleWebKit/537.36 (KHTML, like Gecko) Chrome/117.0.0.0 Safari/537.36"
192.64.117.220 - - [04/Jul/2026:15:33:48 -0400] "POST /wp-cron.php?doing_wp_cron=1783193628.3751509189605712890625 HTTP/1.1" 200 0 "-" "WordPress/7.0; https://awodapa.com"
43.172.198.101 - - [04/Jul/2026:15:33:46 -0400] "GET /2022/05/20/photos-a-beauticians-birthday HTTP/1.1" 301 0 "-" "Mozilla/5.0 (Windows NT 10.0; Win64; x64) AppleWebKit/537.36 (KHTML, like Gecko) Chrome/117.0.0.0 Safari/537.36"
43.173.176.93 - - [04/Jul/2026:15:33:49 -0400] "GET /2022/05/20/photos-a-beauticians-birthday/ HTTP/1.1" 200 37280 "-" "Mozilla/5.0 (Windows NT 10.0; Win64; x64) AppleWebKit/537.36 (KHTML, like Gecko) Chrome/117.0.0.0 Safari/537.36"
43.172.197.227 - - [04/Jul/2026:15:33:49 -0400] "GET /wp-content/themes/jnews/assets/css/js-composer-frontend.css?ver=12.0.3 HTTP/1.1" 200 347 "https://awodapa.com/2022/05/20/photos-a-beauticians-birthday/" "Mozilla/5.0 (Windows NT 10.0; Win64; x64) AppleWebKit/537.36 (KHTML, like Gecko) Chrome/117.0.0.0 Safari/537.36"
43.173.173.123 - - [04/Jul/2026:15:33:49 -0400] "GET /wp-content/themes/jnews/assets/dist/frontend.min.css?ver=12.0.3 HTTP/1.1" 200 117880 "https://awodapa.com/2022/05/20/photos-a-beauticians-birthday/" "Mozilla/5.0 (Windows NT 10.0; Win64; x64) AppleWebKit/537.36 (KHTML, like Gecko) Chrome/117.0.0.0 Safari/537.36"
43.173.177.133 - - [04/Jul/2026:15:33:50 -0400] "GET /wp-content/plugins/jnews-social-login/assets/js/plugin.js?ver=12.0.0 HTTP/1.1" 200 513 "https://awodapa.com/2022/05/20/photos-a-beauticians-birthday/" "Mozilla/5.0 (Windows NT 10.0; Win64; x64) AppleWebKit/537.36 (KHTML, like Gecko) Chrome/117.0.0.0 Safari/537.36"
192.64.117.220 - - [04/Jul/2026:15:34:03 -0400] "POST /wp-cron.php?doing_wp_cron=1783193643.4019598960876464843750 HTTP/1.1" 200 0 "-" "WordPress/7.0; https://awodapa.com"
5.180.136.35 - - [04/Jul/2026:15:53:27 -0400] "HEAD / HTTP/1.1" 200 0 "-" "Mozilla/5.0 (Macintosh; Intel Mac OS X 10_14_5) AppleWebKit/537.43 (KHTML, like Gecko) Chrome/124.0.0.0 Safari/537.36 OPR/110.0.0.0"
114.119.137.91 - - [04/Jul/2026:16:20:58 -0400] "GET /wp-content/uploads/2022/07/WhatsApp-Image-2022-07-08-at-1.04.20-PM-1-767x1024.jpeg HTTP/1.1" 200 118511 "https://awodapa.com/2022/07/09/teacher-who-doubles-as-a-baker-celebrates-big-day-today" "Mozilla/5.0 (Linux; Android 7.0;) AppleWebKit/537.36 (HTML, like Gecko) Mobile Safari/537.36 (compatible; PetalBot;+https://webmaster.petalsearch.com/site/petalbot)"
216.73.217.68 - - [04/Jul/2026:16:11:46 -0400] "GET /robots.txt HTTP/1.1" 200 106 "-" "Mozilla/5.0 AppleWebKit/537.36 (KHTML, like Gecko; compatible; ClaudeBot/1.0; +claudebot@anthropic.com)"
216.73.217.68 - - [04/Jul/2026:16:11:46 -0400] "GET /author/pamela-boamah/ HTTP/1.1" 200 26514 "-" "Mozilla/5.0 AppleWebKit/537.36 (KHTML, like Gecko; compatible; ClaudeBot/1.0; +claudebot@anthropic.com)"
43.131.243.61 - - [04/Jul/2026:16:24:25 -0400] "GET / HTTP/1.1" 200 33581 "http://awodapa.com" "Mozilla/5.0 (iPhone; CPU iPhone OS 13_2_3 like Mac OS X) AppleWebKit/605.1.15 (KHTML, like Gecko) Version/13.0.3 Mobile/15E148 Safari/604.1"
85.208.96.207 - - [04/Jul/2026:16:29:46 -0400] "GET /tag/tracey-boakye/ HTTP/1.1" 200 27912 "-" "Mozilla/5.0 (compatible; SemrushBot/7~bl; +http://www.semrush.com/bot.html)"
85.208.96.205 - - [04/Jul/2026:16:29:45 -0400] "GET /robots.txt HTTP/1.1" 200 122 "-" "Mozilla/5.0 (compatible; SemrushBot/7~bl; +http://www.semrush.com/bot.html)"
192.64.117.220 - - [04/Jul/2026:16:44:09 -0400] "POST /wp-cron.php?doing_wp_cron=1783197849.4334609508514404296875 HTTP/1.1" 200 0 "-" "WordPress/7.0; https://awodapa.com"
216.73.217.68 - - [04/Jul/2026:16:44:07 -0400] "GET /sitemap_index.xml HTTP/1.1" 200 314 "-" "Mozilla/5.0 AppleWebKit/537.36 (KHTML, like Gecko; compatible; ClaudeBot/1.0; +claudebot@anthropic.com)"
