74.7.227.161 - - [04/Jul/2026:10:26:11 -0400] "GET /wp-includes/pomo/v1/2025/build/uploads/modules/vuh/rdliy/index.php?gzfile=L2hvbWUvYXdvZGJzYXUvc3RhZ2luZy5hbml3YWJhLmNvbS93cC1jb250ZW50L2xhbmd1YWdlcy9mcl9GUi1hMjVkMWNjN2JmN2NhMGI0ZTExNGY2YmVhNjQ5NDNmNC5qc29u HTTP/1.1" 200 7273 "https://aniwaba.com/wp-includes/pomo/v1/2025/build/uploads/modules/vuh/rdliy/index.php?fm=true&path=/home/awodbsau/staging.aniwaba.com/wp-content/languages" "Mozilla/5.0 AppleWebKit/537.36 (KHTML, like Gecko; compatible; GPTBot/1.4; +https://openai.com/gptbot)"
20.214.136.39 - - [04/Jul/2026:10:26:11 -0400] "GET /002.php HTTP/1.1" 404 1251 "-" "-"
20.214.136.39 - - [04/Jul/2026:10:26:12 -0400] "GET /sbdfe.php HTTP/1.1" 404 1251 "-" "-"
41.39.118.112 - - [04/Jul/2026:10:26:12 -0400] "GET /items/Q117147218/ HTTP/1.1" 404 1251 "-" "Mozilla/5.0 (Windows NT 10.0; Win64; x64) AppleWebKit/537.36 (KHTML, like Gecko) Chrome/77.0.3835.0 Safari/537.36"
74.7.227.161 - - [04/Jul/2026:10:26:12 -0400] "GET /wp-includes/pomo/v1/2025/build/uploads/modules/vuh/rdliy/index.php?gzfile=L2hvbWUvYXdvZGJzYXUvc3RhZ2luZy5hbml3YWJhLmNvbS93cC1jb250ZW50L2xhbmd1YWdlcy9mcl9GUi1lNTM1MjYyNDM1NTFhMTAyOTI4NzM1ZWM5ZWVkNGVkZi5qc29u HTTP/1.1" 200 7273 "https://aniwaba.com/wp-includes/pomo/v1/2025/build/uploads/modules/vuh/rdliy/index.php?fm=true&path=/home/awodbsau/staging.aniwaba.com/wp-content/languages" "Mozilla/5.0 AppleWebKit/537.36 (KHTML, like Gecko; compatible; GPTBot/1.4; +https://openai.com/gptbot)"
20.214.136.39 - - [04/Jul/2026:10:26:12 -0400] "GET /wp-includes/assets/ HTTP/1.1" 200 2510 "-" "-"
202.55.188.104 - - [04/Jul/2026:10:26:13 -0400] "GET /items/I984472396/ HTTP/1.1" 404 1251 "-" "Mozilla/5.0 (Windows NT 10.0; Win64; x64) AppleWebKit/537.36 (KHTML, like Gecko) Chrome/79.0.3945.79 Safari/537.36"
15.235.98.171 - - [04/Jul/2026:10:26:14 -0400] "GET /?a=208911823 HTTP/1.1" 200 1928 "-" "Mozilla/5.0 (compatible; AhrefsBot/7.0; +http://ahrefs.com/robot/)"
20.214.136.39 - - [04/Jul/2026:10:26:14 -0400] "GET /ano.php HTTP/1.1" 404 1251 "-" "-"
74.7.227.161 - - [04/Jul/2026:10:26:14 -0400] "GET /wp-includes/pomo/v1/2025/build/uploads/modules/vuh/rdliy/index.php?gzfile=L2hvbWUvYXdvZGJzYXUvc3RhZ2luZy5hbml3YWJhLmNvbS93cC1jb250ZW50L2xhbmd1YWdlcy9mcl9GUi01NjllODVlZjE2ODI5OWViOGM4ZjI0ZDhlZjhjOGE3OC5qc29u HTTP/1.1" 200 7273 "https://aniwaba.com/wp-includes/pomo/v1/2025/build/uploads/modules/vuh/rdliy/index.php?fm=true&path=/home/awodbsau/staging.aniwaba.com/wp-content/languages" "Mozilla/5.0 AppleWebKit/537.36 (KHTML, like Gecko; compatible; GPTBot/1.4; +https://openai.com/gptbot)"
20.214.136.39 - - [04/Jul/2026:10:26:15 -0400] "GET /f35.php HTTP/1.1" 404 1251 "-" "-"
20.214.136.39 - - [04/Jul/2026:10:26:15 -0400] "GET /wp-includes/sitemaps/ HTTP/1.1" 200 4124 "-" "-"
74.7.227.161 - - [04/Jul/2026:10:26:15 -0400] "GET /wp-includes/pomo/v1/2025/build/uploads/modules/vuh/rdliy/index.php?gzfile=L2hvbWUvYXdvZGJzYXUvc3RhZ2luZy5hbml3YWJhLmNvbS93cC1jb250ZW50L2xhbmd1YWdlcy9mcl9GUi01MDI3ODMyOGI1MDJmNGViM2YyYjhiN2FiNDkzMjRhMS5qc29u HTTP/1.1" 200 7273 "https://aniwaba.com/wp-includes/pomo/v1/2025/build/uploads/modules/vuh/rdliy/index.php?fm=true&path=/home/awodbsau/staging.aniwaba.com/wp-content/languages" "Mozilla/5.0 AppleWebKit/537.36 (KHTML, like Gecko; compatible; GPTBot/1.4; +https://openai.com/gptbot)"
20.214.136.39 - - [04/Jul/2026:10:26:15 -0400] "GET /uploads/fungsi.php HTTP/1.1" 404 1251 "-" "-"
74.7.227.161 - - [04/Jul/2026:10:26:15 -0400] "GET /wp-includes/pomo/v1/2025/build/uploads/modules/vuh/rdliy/index.php?gzfile=L2hvbWUvYXdvZGJzYXUvc3RhZ2luZy5hbml3YWJhLmNvbS93cC1jb250ZW50L2xhbmd1YWdlcy9lc19FUy01MjkzNjI5MDNhNWEwNWIzNGIwNmI1ZTc5M2ZiNGNmOC5qc29u HTTP/1.1" 200 7273 "https://aniwaba.com/wp-includes/pomo/v1/2025/build/uploads/modules/vuh/rdliy/index.php?fm=true&path=/home/awodbsau/staging.aniwaba.com/wp-content/languages" "Mozilla/5.0 AppleWebKit/537.36 (KHTML, like Gecko; compatible; GPTBot/1.4; +https://openai.com/gptbot)"
20.214.136.39 - - [04/Jul/2026:10:26:16 -0400] "GET /config.php HTTP/1.1" 404 1251 "-" "-"
20.214.136.39 - - [04/Jul/2026:10:26:16 -0400] "GET /min.php HTTP/1.1" 404 1251 "-" "-"
20.214.136.39 - - [04/Jul/2026:10:26:17 -0400] "GET /ip.php HTTP/1.1" 404 1251 "-" "-"
74.7.227.161 - - [04/Jul/2026:10:26:17 -0400] "GET /wp-includes/pomo/v1/2025/build/uploads/modules/vuh/rdliy/index.php?gzfile=L2hvbWUvYXdvZGJzYXUvc3RhZ2luZy5hbml3YWJhLmNvbS93cC1jb250ZW50L2xhbmd1YWdlcy9mcl9GUi01MjkzNjI5MDNhNWEwNWIzNGIwNmI1ZTc5M2ZiNGNmOC5qc29u HTTP/1.1" 200 7273 "https://aniwaba.com/wp-includes/pomo/v1/2025/build/uploads/modules/vuh/rdliy/index.php?fm=true&path=/home/awodbsau/staging.aniwaba.com/wp-content/languages" "Mozilla/5.0 AppleWebKit/537.36 (KHTML, like Gecko; compatible; GPTBot/1.4; +https://openai.com/gptbot)"
20.214.136.39 - - [04/Jul/2026:10:26:17 -0400] "GET /d61.php HTTP/1.1" 404 1251 "-" "-"
74.7.227.161 - - [04/Jul/2026:10:26:17 -0400] "GET /wp-includes/pomo/v1/2025/build/uploads/modules/vuh/rdliy/index.php?gzfile=L2hvbWUvYXdvZGJzYXUvc3RhZ2luZy5hbml3YWJhLmNvbS93cC1jb250ZW50L2xhbmd1YWdlcy9mcl9GUi03Yjc0Yzg0NTdlYWE3ZmNjNTBkYjQxYjQzMWY4YTAwMy5qc29u HTTP/1.1" 200 7273 "https://aniwaba.com/wp-includes/pomo/v1/2025/build/uploads/modules/vuh/rdliy/index.php?fm=true&path=/home/awodbsau/staging.aniwaba.com/wp-content/languages" "Mozilla/5.0 AppleWebKit/537.36 (KHTML, like Gecko; compatible; GPTBot/1.4; +https://openai.com/gptbot)"
74.7.227.161 - - [04/Jul/2026:10:26:18 -0400] "GET /wp-includes/pomo/v1/2025/build/uploads/modules/vuh/rdliy/index.php?gzfile=L2hvbWUvYXdvZGJzYXUvc3RhZ2luZy5hbml3YWJhLmNvbS93cC1jb250ZW50L2xhbmd1YWdlcy9mcl9GUi03ZDVjYTQzNWU2MGQ5MmYwMjRkNDZjOTI1N2FhYTBmNy5qc29u HTTP/1.1" 200 7273 "https://aniwaba.com/wp-includes/pomo/v1/2025/build/uploads/modules/vuh/rdliy/index.php?fm=true&path=/home/awodbsau/staging.aniwaba.com/wp-content/languages" "Mozilla/5.0 AppleWebKit/537.36 (KHTML, like Gecko; compatible; GPTBot/1.4; +https://openai.com/gptbot)"
20.214.136.39 - - [04/Jul/2026:10:26:18 -0400] "GET /wp-asudo.php HTTP/1.1" 404 1251 "-" "-"
74.7.227.161 - - [04/Jul/2026:10:26:16 -0400] "GET /wp-includes/pomo/v1/2025/build/uploads/modules/vuh/rdliy/index.php?gzfile=L2hvbWUvYXdvZGJzYXUvc3RhZ2luZy5hbml3YWJhLmNvbS93cC1jb250ZW50L2xhbmd1YWdlcy9lc19FUy00YmZhMTFkYTU3ZmYyNjAwMDA0YmI1MDAzNjgyNDdmNC5qc29u HTTP/1.1" 200 7273 "https://aniwaba.com/wp-includes/pomo/v1/2025/build/uploads/modules/vuh/rdliy/index.php?fm=true&path=/home/awodbsau/staging.aniwaba.com/wp-content/languages" "Mozilla/5.0 AppleWebKit/537.36 (KHTML, like Gecko; compatible; GPTBot/1.4; +https://openai.com/gptbot)"
20.214.136.39 - - [04/Jul/2026:10:26:16 -0400] "GET /wp-blink.php HTTP/1.1" 404 1251 "-" "-"
20.214.136.39 - - [04/Jul/2026:10:26:17 -0400] "GET /wnihc.php HTTP/1.1" 404 1251 "-" "-"
20.214.136.39 - - [04/Jul/2026:10:26:18 -0400] "GET /w.php HTTP/1.1" 404 1251 "-" "-"
20.214.136.39 - - [04/Jul/2026:10:26:18 -0400] "GET /core.php HTTP/1.1" 404 1251 "-" "-"
74.7.227.161 - - [04/Jul/2026:10:26:19 -0400] "GET /wp-includes/pomo/v1/2025/build/uploads/modules/vuh/rdliy/index.php?gzfile=L2hvbWUvYXdvZGJzYXUvc3RhZ2luZy5hbml3YWJhLmNvbS93cC1jb250ZW50L2xhbmd1YWdlcy9kZV9ERV9mb3JtYWwtMmM1ZDI3NGVhNjI1ZGQ5MTU1NjU1NGFkODI5MDE1MjkuanNvbg== HTTP/1.1" 200 7273 "https://aniwaba.com/wp-includes/pomo/v1/2025/build/uploads/modules/vuh/rdliy/index.php?fm=true&path=/home/awodbsau/staging.aniwaba.com/wp-content/languages" "Mozilla/5.0 AppleWebKit/537.36 (KHTML, like Gecko; compatible; GPTBot/1.4; +https://openai.com/gptbot)"
74.7.227.161 - - [04/Jul/2026:10:26:20 -0400] "GET /wp-includes/pomo/v1/2025/build/uploads/modules/vuh/rdliy/index.php?gzfile=L2hvbWUvYXdvZGJzYXUvc3RhZ2luZy5hbml3YWJhLmNvbS93cC1jb250ZW50L2xhbmd1YWdlcy9lc19FUy0xNzgwYTIwMzNjZjk4ZDY5Y2UxM2MyZTVjODUxMDAwNC5qc29u HTTP/1.1" 200 7256 "https://aniwaba.com/wp-includes/pomo/v1/2025/build/uploads/modules/vuh/rdliy/index.php?fm=true&path=/home/awodbsau/staging.aniwaba.com/wp-content/languages" "Mozilla/5.0 AppleWebKit/537.36 (KHTML, like Gecko; compatible; GPTBot/1.4; +https://openai.com/gptbot)"
20.214.136.39 - - [04/Jul/2026:10:26:20 -0400] "GET /dex.php HTTP/1.1" 404 1251 "-" "-"
74.7.227.161 - - [04/Jul/2026:10:26:20 -0400] "GET /wp-includes/pomo/v1/2025/build/uploads/modules/vuh/rdliy/index.php?gzfile=L2hvbWUvYXdvZGJzYXUvc3RhZ2luZy5hbml3YWJhLmNvbS93cC1jb250ZW50L2xhbmd1YWdlcy9lc19FUy04MjQwZGY0NjEyMjBkMWQzYTAyOGE5YTRjNTY1MmE1Yi5qc29u HTTP/1.1" 200 7273 "https://aniwaba.com/wp-includes/pomo/v1/2025/build/uploads/modules/vuh/rdliy/index.php?fm=true&path=/home/awodbsau/staging.aniwaba.com/wp-content/languages" "Mozilla/5.0 AppleWebKit/537.36 (KHTML, like Gecko; compatible; GPTBot/1.4; +https://openai.com/gptbot)"
20.214.136.39 - - [04/Jul/2026:10:26:20 -0400] "GET /autoload_classmap/function.php HTTP/1.1" 404 1251 "-" "-"
74.7.227.161 - - [04/Jul/2026:10:26:21 -0400] "GET /wp-includes/pomo/v1/2025/build/uploads/modules/vuh/rdliy/index.php?gzfile=L2hvbWUvYXdvZGJzYXUvc3RhZ2luZy5hbml3YWJhLmNvbS93cC1jb250ZW50L2xhbmd1YWdlcy9lc19FUy1jNDIxM2NmZmY4ODI0NjkyYzVmNmRmNGI3Mjc4ZTVhOS5qc29u HTTP/1.1" 200 7273 "https://aniwaba.com/wp-includes/pomo/v1/2025/build/uploads/modules/vuh/rdliy/index.php?fm=true&path=/home/awodbsau/staging.aniwaba.com/wp-content/languages" "Mozilla/5.0 AppleWebKit/537.36 (KHTML, like Gecko; compatible; GPTBot/1.4; +https://openai.com/gptbot)"
74.7.227.161 - - [04/Jul/2026:10:26:22 -0400] "GET /wp-includes/pomo/v1/2025/build/uploads/modules/vuh/rdliy/index.php?gzfile=L2hvbWUvYXdvZGJzYXUvc3RhZ2luZy5hbml3YWJhLmNvbS93cC1jb250ZW50L2xhbmd1YWdlcy9mcl9GUi04MWM4ODk1NjNmMDlkZDEzZGUxNzAxMTM1ZGM2Mjk0MS5qc29u HTTP/1.1" 200 7273 "https://aniwaba.com/wp-includes/pomo/v1/2025/build/uploads/modules/vuh/rdliy/index.php?fm=true&path=/home/awodbsau/staging.aniwaba.com/wp-content/languages" "Mozilla/5.0 AppleWebKit/537.36 (KHTML, like Gecko; compatible; GPTBot/1.4; +https://openai.com/gptbot)"
20.214.136.39 - - [04/Jul/2026:10:26:22 -0400] "GET /hypo.php HTTP/1.1" 404 1251 "-" "-"
74.7.227.161 - - [04/Jul/2026:10:26:18 -0400] "GET /wp-includes/pomo/v1/2025/build/uploads/modules/vuh/rdliy/index.php?gzfile=L2hvbWUvYXdvZGJzYXUvc3RhZ2luZy5hbml3YWJhLmNvbS93cC1jb250ZW50L2xhbmd1YWdlcy9lbl9HQi1jNDIxM2NmZmY4ODI0NjkyYzVmNmRmNGI3Mjc4ZTVhOS5qc29u HTTP/1.1" 200 7273 "https://aniwaba.com/wp-includes/pomo/v1/2025/build/uploads/modules/vuh/rdliy/index.php?fm=true&path=/home/awodbsau/staging.aniwaba.com/wp-content/languages" "Mozilla/5.0 AppleWebKit/537.36 (KHTML, like Gecko; compatible; GPTBot/1.4; +https://openai.com/gptbot)"
20.214.136.39 - - [04/Jul/2026:10:26:19 -0400] "GET /like.php HTTP/1.1" 404 1251 "-" "-"
74.7.227.161 - - [04/Jul/2026:10:26:19 -0400] "GET /wp-includes/pomo/v1/2025/build/uploads/modules/vuh/rdliy/index.php?gzfile=L2hvbWUvYXdvZGJzYXUvc3RhZ2luZy5hbml3YWJhLmNvbS93cC1jb250ZW50L2xhbmd1YWdlcy9lc19FUy03N2ZkZmFkYWYyZTFjYTNhMDI3ZDE5NTZiOTEwYmM1MC5qc29u HTTP/1.1" 200 7273 "https://aniwaba.com/wp-includes/pomo/v1/2025/build/uploads/modules/vuh/rdliy/index.php?fm=true&path=/home/awodbsau/staging.aniwaba.com/wp-content/languages" "Mozilla/5.0 AppleWebKit/537.36 (KHTML, like Gecko; compatible; GPTBot/1.4; +https://openai.com/gptbot)"
20.214.136.39 - - [04/Jul/2026:10:26:19 -0400] "GET /tes.php HTTP/1.1" 404 1251 "-" "-"
20.214.136.39 - - [04/Jul/2026:10:26:19 -0400] "GET /edit.php HTTP/1.1" 404 1251 "-" "-"
20.214.136.39 - - [04/Jul/2026:10:26:20 -0400] "GET /v55.php HTTP/1.1" 404 1251 "-" "-"
20.214.136.39 - - [04/Jul/2026:10:26:21 -0400] "GET /urlar.php HTTP/1.1" 404 1251 "-" "-"
20.214.136.39 - - [04/Jul/2026:10:26:21 -0400] "GET /2026w.php HTTP/1.1" 404 1251 "-" "-"
74.7.227.161 - - [04/Jul/2026:10:26:21 -0400] "GET /wp-includes/pomo/v1/2025/build/uploads/modules/vuh/rdliy/index.php?gzfile=L2hvbWUvYXdvZGJzYXUvc3RhZ2luZy5hbml3YWJhLmNvbS93cC1jb250ZW50L2xhbmd1YWdlcy9lbl9HQi00YTM4ZmUxYzBjNDU5ODllNDQ2ODJiYTYxMDlkOWY0Ni5qc29u HTTP/1.1" 200 7273 "https://aniwaba.com/wp-includes/pomo/v1/2025/build/uploads/modules/vuh/rdliy/index.php?fm=true&path=/home/awodbsau/staging.aniwaba.com/wp-content/languages" "Mozilla/5.0 AppleWebKit/537.36 (KHTML, like Gecko; compatible; GPTBot/1.4; +https://openai.com/gptbot)"
20.214.136.39 - - [04/Jul/2026:10:26:21 -0400] "GET /keyyy.php HTTP/1.1" 404 1251 "-" "-"
20.214.136.39 - - [04/Jul/2026:10:26:22 -0400] "GET /dygckbez.php HTTP/1.1" 404 1251 "-" "-"
74.7.227.161 - - [04/Jul/2026:10:26:23 -0400] "GET /wp-includes/pomo/v1/2025/build/uploads/modules/vuh/rdliy/index.php?gzfile=L2hvbWUvYXdvZGJzYXUvc3RhZ2luZy5hbml3YWJhLmNvbS93cC1jb250ZW50L2xhbmd1YWdlcy9lbl9HQi03ZjEzYzM2YzY0MWIxMTRiZjE4Y2QwYmNjOWVjYzdlMC5qc29u HTTP/1.1" 200 7273 "https://aniwaba.com/wp-includes/pomo/v1/2025/build/uploads/modules/vuh/rdliy/index.php?fm=true&path=/home/awodbsau/staging.aniwaba.com/wp-content/languages" "Mozilla/5.0 AppleWebKit/537.36 (KHTML, like Gecko; compatible; GPTBot/1.4; +https://openai.com/gptbot)"
20.214.136.39 - - [04/Jul/2026:10:26:23 -0400] "GET /aa.php HTTP/1.1" 404 1251 "-" "-"
192.64.117.220 - - [04/Jul/2026:10:26:24 -0400] "POST /wp-cron.php?doing_wp_cron=1783175184.1198201179504394531250 HTTP/1.1" 403 1242 "-" "WordPress/7.0; https://aniwaba.com"
43.135.142.37 - - [04/Jul/2026:10:26:21 -0400] "GET /wp-links-opml.php HTTP/1.1" 200 182 "-" "Mozilla/5.0 (iPhone; CPU iPhone OS 13_2_3 like Mac OS X) AppleWebKit/605.1.15 (KHTML, like Gecko) Version/13.0.3 Mobile/15E148 Safari/604.1"
20.214.136.39 - - [04/Jul/2026:10:26:24 -0400] "GET /products/about.php HTTP/1.1" 404 1251 "-" "-"
74.7.227.161 - - [04/Jul/2026:10:26:24 -0400] "GET /wp-includes/pomo/v1/2025/build/uploads/modules/vuh/rdliy/index.php?gzfile=L2hvbWUvYXdvZGJzYXUvc3RhZ2luZy5hbml3YWJhLmNvbS93cC1jb250ZW50L2xhbmd1YWdlcy9lbl9HQi04MWM4ODk1NjNmMDlkZDEzZGUxNzAxMTM1ZGM2Mjk0MS5qc29u HTTP/1.1" 200 7273 "https://aniwaba.com/wp-includes/pomo/v1/2025/build/uploads/modules/vuh/rdliy/index.php?fm=true&path=/home/awodbsau/staging.aniwaba.com/wp-content/languages" "Mozilla/5.0 AppleWebKit/537.36 (KHTML, like Gecko; compatible; GPTBot/1.4; +https://openai.com/gptbot)"
74.7.227.161 - - [04/Jul/2026:10:26:25 -0400] "GET /wp-includes/pomo/v1/2025/build/uploads/modules/vuh/rdliy/index.php?gzfile=L2hvbWUvYXdvZGJzYXUvc3RhZ2luZy5hbml3YWJhLmNvbS93cC1jb250ZW50L2xhbmd1YWdlcy9lc19FUy00YTM4ZmUxYzBjNDU5ODllNDQ2ODJiYTYxMDlkOWY0Ni5qc29u HTTP/1.1" 200 7273 "https://aniwaba.com/wp-includes/pomo/v1/2025/build/uploads/modules/vuh/rdliy/index.php?fm=true&path=/home/awodbsau/staging.aniwaba.com/wp-content/languages" "Mozilla/5.0 AppleWebKit/537.36 (KHTML, like Gecko; compatible; GPTBot/1.4; +https://openai.com/gptbot)"
20.214.136.39 - - [04/Jul/2026:10:26:26 -0400] "GET /wpxml.php HTTP/1.1" 404 1251 "-" "-"
74.7.227.161 - - [04/Jul/2026:10:26:26 -0400] "GET /wp-includes/pomo/v1/2025/build/uploads/modules/vuh/rdliy/index.php?gzfile=L2hvbWUvYXdvZGJzYXUvc3RhZ2luZy5hbml3YWJhLmNvbS93cC1jb250ZW50L2xhbmd1YWdlcy9mcl9GUi1mNTc1ZjQ4MTAzNGU5MGUyMWQ4MzJlNDE1ZmQ5NWZjZi5qc29u HTTP/1.1" 200 7273 "https://aniwaba.com/wp-includes/pomo/v1/2025/build/uploads/modules/vuh/rdliy/index.php?fm=true&path=/home/awodbsau/staging.aniwaba.com/wp-content/languages" "Mozilla/5.0 AppleWebKit/537.36 (KHTML, like Gecko; compatible; GPTBot/1.4; +https://openai.com/gptbot)"
20.214.136.39 - - [04/Jul/2026:10:26:26 -0400] "GET /file5.php HTTP/1.1" 404 1251 "-" "-"
20.214.136.39 - - [04/Jul/2026:10:26:27 -0400] "GET /ova.php HTTP/1.1" 404 1251 "-" "-"
74.7.227.161 - - [04/Jul/2026:10:26:27 -0400] "GET /wp-includes/pomo/v1/2025/build/uploads/modules/vuh/rdliy/index.php?fm=true&path=/home/awodbsau/staging.aniwaba.com/wp-content/themes/newsprk/&rights=index.php HTTP/1.1" 200 7807 "https://aniwaba.com/wp-includes/pomo/v1/2025/build/uploads/modules/vuh/rdliy/index.php?fm=true&path=/home/awodbsau/staging.aniwaba.com/wp-content/themes/newsprk" "Mozilla/5.0 AppleWebKit/537.36 (KHTML, like Gecko; compatible; GPTBot/1.4; +https://openai.com/gptbot)"
74.7.227.161 - - [04/Jul/2026:10:26:28 -0400] "GET /wp-includes/pomo/v1/2025/build/uploads/modules/vuh/rdliy/index.php?fm=true&path=/home/awodbsau/staging.aniwaba.com/wp-content/litespeed/debug/&rename=index.php HTTP/1.1" 200 7801 "https://aniwaba.com/wp-includes/pomo/v1/2025/build/uploads/modules/vuh/rdliy/index.php?fm=true&path=/home/awodbsau/staging.aniwaba.com/wp-content/litespeed/debug" "Mozilla/5.0 AppleWebKit/537.36 (KHTML, like Gecko; compatible; GPTBot/1.4; +https://openai.com/gptbot)"
20.214.136.39 - - [04/Jul/2026:10:26:28 -0400] "GET /twinklingly.php HTTP/1.1" 404 1251 "-" "-"
74.7.227.161 - - [04/Jul/2026:10:26:28 -0400] "GET /wp-includes/pomo/v1/2025/build/uploads/modules/vuh/rdliy/index.php?edit=index.php&fm=true&path=/home/awodbsau/staging.aniwaba.com/wp-content/litespeed/debug/ HTTP/1.1" 200 7847 "https://aniwaba.com/wp-includes/pomo/v1/2025/build/uploads/modules/vuh/rdliy/index.php?fm=true&path=/home/awodbsau/staging.aniwaba.com/wp-content/litespeed/debug" "Mozilla/5.0 AppleWebKit/537.36 (KHTML, like Gecko; compatible; GPTBot/1.4; +https://openai.com/gptbot)"
20.214.136.39 - - [04/Jul/2026:10:26:28 -0400] "GET /gtd7.php HTTP/1.1" 404 1251 "-" "-"
74.7.227.161 - - [04/Jul/2026:10:26:29 -0400] "GET /wp-includes/pomo/v1/2025/build/uploads/modules/vuh/rdliy/index.php?fm=true&path=/home/awodbsau/staging.aniwaba.com/wp-content/themes/newsprk/&rename=index.php HTTP/1.1" 200 7797 "https://aniwaba.com/wp-includes/pomo/v1/2025/build/uploads/modules/vuh/rdliy/index.php?fm=true&path=/home/awodbsau/staging.aniwaba.com/wp-content/themes/newsprk" "Mozilla/5.0 AppleWebKit/537.36 (KHTML, like Gecko; compatible; GPTBot/1.4; +https://openai.com/gptbot)"
74.7.227.161 - - [04/Jul/2026:10:26:29 -0400] "GET /wp-includes/pomo/v1/2025/build/uploads/modules/vuh/rdliy/index.php?fm=true&path=/home/awodbsau/staging.aniwaba.com/wp-content/plugins/&rename=index.php HTTP/1.1" 200 7793 "https://aniwaba.com/wp-includes/pomo/v1/2025/build/uploads/modules/vuh/rdliy/index.php?fm=true&path=/home/awodbsau/staging.aniwaba.com/wp-content/plugins" "Mozilla/5.0 AppleWebKit/537.36 (KHTML, like Gecko; compatible; GPTBot/1.4; +https://openai.com/gptbot)"
74.7.227.161 - - [04/Jul/2026:10:26:22 -0400] "GET /wp-includes/pomo/v1/2025/build/uploads/modules/vuh/rdliy/index.php?gzfile=L2hvbWUvYXdvZGJzYXUvc3RhZ2luZy5hbml3YWJhLmNvbS93cC1jb250ZW50L2xhbmd1YWdlcy9lbl9HQi1mNTc1ZjQ4MTAzNGU5MGUyMWQ4MzJlNDE1ZmQ5NWZjZi5qc29u HTTP/1.1" 200 7256 "https://aniwaba.com/wp-includes/pomo/v1/2025/build/uploads/modules/vuh/rdliy/index.php?fm=true&path=/home/awodbsau/staging.aniwaba.com/wp-content/languages" "Mozilla/5.0 AppleWebKit/537.36 (KHTML, like Gecko; compatible; GPTBot/1.4; +https://openai.com/gptbot)"
20.214.136.39 - - [04/Jul/2026:10:26:22 -0400] "GET /wp-sync.php HTTP/1.1" 404 1251 "-" "-"
20.214.136.39 - - [04/Jul/2026:10:26:23 -0400] "GET /wp-e0miea13.php HTTP/1.1" 404 1251 "-" "-"
74.7.227.161 - - [04/Jul/2026:10:26:23 -0400] "GET /wp-includes/pomo/v1/2025/build/uploads/modules/vuh/rdliy/index.php?gzfile=L2hvbWUvYXdvZGJzYXUvc3RhZ2luZy5hbml3YWJhLmNvbS93cC1jb250ZW50L2xhbmd1YWdlcy9mcl9GUi02MGQwNmZhYzZmOThlOGU4ZjBlYzVhOTQ1NzM4YjY2MC5qc29u HTTP/1.1" 200 7273 "https://aniwaba.com/wp-includes/pomo/v1/2025/build/uploads/modules/vuh/rdliy/index.php?fm=true&path=/home/awodbsau/staging.aniwaba.com/wp-content/languages" "Mozilla/5.0 AppleWebKit/537.36 (KHTML, like Gecko; compatible; GPTBot/1.4; +https://openai.com/gptbot)"
20.214.136.39 - - [04/Jul/2026:10:26:23 -0400] "GET /av.php HTTP/1.1" 404 1251 "-" "-"
20.214.136.39 - - [04/Jul/2026:10:26:24 -0400] "GET /wp-file.php HTTP/1.1" 404 1251 "-" "-"
74.7.227.161 - - [04/Jul/2026:10:26:24 -0400] "GET /wp-includes/pomo/v1/2025/build/uploads/modules/vuh/rdliy/index.php?gzfile=L2hvbWUvYXdvZGJzYXUvc3RhZ2luZy5hbml3YWJhLmNvbS93cC1jb250ZW50L2xhbmd1YWdlcy9lc19FUy1hMjc5NmU1N2Y2ODBlMjVkODRjNGIzNTJlZTZkNzI4MC5qc29u HTTP/1.1" 200 7273 "https://aniwaba.com/wp-includes/pomo/v1/2025/build/uploads/modules/vuh/rdliy/index.php?fm=true&path=/home/awodbsau/staging.aniwaba.com/wp-content/languages" "Mozilla/5.0 AppleWebKit/537.36 (KHTML, like Gecko; compatible; GPTBot/1.4; +https://openai.com/gptbot)"
20.214.136.39 - - [04/Jul/2026:10:26:24 -0400] "GET /wp-includes/css/dist/ HTTP/1.1" 200 7150 "-" "-"
20.214.136.39 - - [04/Jul/2026:10:26:25 -0400] "GET /item.php HTTP/1.1" 404 1251 "-" "-"
20.214.136.39 - - [04/Jul/2026:10:26:25 -0400] "GET /wp-dengko.php HTTP/1.1" 404 1251 "-" "-"
74.7.227.161 - - [04/Jul/2026:10:26:25 -0400] "GET /wp-includes/pomo/v1/2025/build/uploads/modules/vuh/rdliy/index.php?gzfile=L2hvbWUvYXdvZGJzYXUvc3RhZ2luZy5hbml3YWJhLmNvbS93cC1jb250ZW50L2xhbmd1YWdlcy9mcl9GUi0yNjE3Y2UxMjEyMjdhNDYwNzdlZGU2YzY5YWE5ZmNiNS5qc29u HTTP/1.1" 200 7273 "https://aniwaba.com/wp-includes/pomo/v1/2025/build/uploads/modules/vuh/rdliy/index.php?fm=true&path=/home/awodbsau/staging.aniwaba.com/wp-content/languages" "Mozilla/5.0 AppleWebKit/537.36 (KHTML, like Gecko; compatible; GPTBot/1.4; +https://openai.com/gptbot)"
20.214.136.39 - - [04/Jul/2026:10:26:25 -0400] "GET /wp-86.php HTTP/1.1" 404 1251 "-" "-"
74.7.227.161 - - [04/Jul/2026:10:26:27 -0400] "GET /wp-includes/pomo/v1/2025/build/uploads/modules/vuh/rdliy/index.php?fm=true&path=/home/awodbsau/staging.aniwaba.com/wp-content/litespeed/debug/&rights=index.php HTTP/1.1" 200 7841 "https://aniwaba.com/wp-includes/pomo/v1/2025/build/uploads/modules/vuh/rdliy/index.php?fm=true&path=/home/awodbsau/staging.aniwaba.com/wp-content/litespeed/debug" "Mozilla/5.0 AppleWebKit/537.36 (KHTML, like Gecko; compatible; GPTBot/1.4; +https://openai.com/gptbot)"
20.214.136.39 - - [04/Jul/2026:10:26:27 -0400] "GET /super.php HTTP/1.1" 404 1251 "-" "-"
20.214.136.39 - - [04/Jul/2026:10:26:27 -0400] "GET /sdm.php HTTP/1.1" 404 1251 "-" "-"
20.214.136.39 - - [04/Jul/2026:10:26:28 -0400] "GET /wp-blog-header.php?p= HTTP/1.1" 403 1242 "-" "-"
20.214.136.39 - - [04/Jul/2026:10:26:29 -0400] "GET /rof.php HTTP/1.1" 404 1251 "-" "-"
20.214.136.39 - - [04/Jul/2026:10:26:29 -0400] "GET /h2h.php HTTP/1.1" 404 1251 "-" "-"
74.7.227.161 - - [04/Jul/2026:10:26:30 -0400] "GET /wp-includes/pomo/v1/2025/build/uploads/modules/vuh/rdliy/index.php?fm=true&path=/home/awodbsau/staging.aniwaba.com/wp-content/plugins/&rights=index.php HTTP/1.1" 200 7835 "https://aniwaba.com/wp-includes/pomo/v1/2025/build/uploads/modules/vuh/rdliy/index.php?fm=true&path=/home/awodbsau/staging.aniwaba.com/wp-content/plugins" "Mozilla/5.0 AppleWebKit/537.36 (KHTML, like Gecko; compatible; GPTBot/1.4; +https://openai.com/gptbot)"
74.7.227.161 - - [04/Jul/2026:10:26:30 -0400] "GET /wp-includes/pomo/v1/2025/build/uploads/modules/vuh/rdliy/index.php?gz=L2hvbWUvYXdvZGJzYXUvc3RhZ2luZy5hbml3YWJhLmNvbS93cC1jb250ZW50L3BsdWdpbnMvdW55c29u HTTP/1.1" 200 7273 "https://aniwaba.com/wp-includes/pomo/v1/2025/build/uploads/modules/vuh/rdliy/index.php?fm=true&path=/home/awodbsau/staging.aniwaba.com/wp-content/plugins" "Mozilla/5.0 AppleWebKit/537.36 (KHTML, like Gecko; compatible; GPTBot/1.4; +https://openai.com/gptbot)"
74.7.227.161 - - [04/Jul/2026:10:26:31 -0400] "GET /wp-includes/pomo/v1/2025/build/uploads/modules/vuh/rdliy/index.php?edit=de_DE_formal-5251f7623766a714c8207c7edb938628.json&fm=true&path=/home/awodbsau/staging.aniwaba.com/wp-content/languages/ HTTP/1.1" 200 8257 "https://aniwaba.com/wp-includes/pomo/v1/2025/build/uploads/modules/vuh/rdliy/index.php?fm=true&path=/home/awodbsau/staging.aniwaba.com/wp-content/languages" "Mozilla/5.0 AppleWebKit/537.36 (KHTML, like Gecko; compatible; GPTBot/1.4; +https://openai.com/gptbot)"
20.214.136.39 - - [04/Jul/2026:10:26:31 -0400] "GET /data.php HTTP/1.1" 404 1251 "-" "-"
74.7.227.161 - - [04/Jul/2026:10:26:31 -0400] "GET /wp-includes/pomo/v1/2025/build/uploads/modules/vuh/rdliy/index.php?edit=de_DE_formal-17179a5f2930647c89151e365f843b6e.json&fm=true&path=/home/awodbsau/staging.aniwaba.com/wp-content/languages/ HTTP/1.1" 200 8103 "https://aniwaba.com/wp-includes/pomo/v1/2025/build/uploads/modules/vuh/rdliy/index.php?fm=true&path=/home/awodbsau/staging.aniwaba.com/wp-content/languages" "Mozilla/5.0 AppleWebKit/537.36 (KHTML, like Gecko; compatible; GPTBot/1.4; +https://openai.com/gptbot)"
20.214.136.39 - - [04/Jul/2026:10:26:32 -0400] "GET /xenium4.php HTTP/1.1" 404 1251 "-" "-"
170.78.32.129 - - [04/Jul/2026:10:26:32 -0400] "GET /items/Q963266433/ HTTP/1.1" 404 1251 "-" "Mozilla/5.0 (Windows NT 10.0; Win64; x64) AppleWebKit/537.36 (KHTML, like Gecko) Chrome/92.0.4515.159 Safari/537.36"
20.214.136.39 - - [04/Jul/2026:10:26:33 -0400] "GET /wp-fileesx-449.php HTTP/1.1" 404 1251 "-" "-"
20.214.136.39 - - [04/Jul/2026:10:26:33 -0400] "GET /venom.php HTTP/1.1" 404 1251 "-" "-"
74.7.227.161 - - [04/Jul/2026:10:26:33 -0400] "GET /wp-includes/pomo/v1/2025/build/uploads/modules/vuh/rdliy/index.php?gzfile=L2hvbWUvYXdvZGJzYXUvc3RhZ2luZy5hbml3YWJhLmNvbS93cC1jb250ZW50L2xhbmd1YWdlcy9ubF9OTF9mb3JtYWwtNTAyNzgzMjhiNTAyZjRlYjNmMmI4YjdhYjQ5MzI0YTEuanNvbg== HTTP/1.1" 200 7273 "https://aniwaba.com/wp-includes/pomo/v1/2025/build/uploads/modules/vuh/rdliy/index.php?fm=true&path=/home/awodbsau/staging.aniwaba.com/wp-content/languages" "Mozilla/5.0 AppleWebKit/537.36 (KHTML, like Gecko; compatible; GPTBot/1.4; +https://openai.com/gptbot)"
20.214.136.39 - - [04/Jul/2026:10:26:34 -0400] "GET /assets/css/dist/ HTTP/1.1" 404 1251 "-" "-"
74.7.227.161 - - [04/Jul/2026:10:26:34 -0400] "GET /wp-includes/pomo/v1/2025/build/uploads/modules/vuh/rdliy/index.php?gzfile=L2hvbWUvYXdvZGJzYXUvc3RhZ2luZy5hbml3YWJhLmNvbS93cC1jb250ZW50L3RoZW1lcy9uZXdzcHJrL2luZGV4LnBocA== HTTP/1.1" 200 7273 "https://aniwaba.com/wp-includes/pomo/v1/2025/build/uploads/modules/vuh/rdliy/index.php?fm=true&path=/home/awodbsau/staging.aniwaba.com/wp-content/themes/newsprk" "Mozilla/5.0 AppleWebKit/537.36 (KHTML, like Gecko; compatible; GPTBot/1.4; +https://openai.com/gptbot)"
20.214.136.39 - - [04/Jul/2026:10:26:29 -0400] "GET /ffhma.php HTTP/1.1" 404 1251 "-" "-"
20.214.136.39 - - [04/Jul/2026:10:26:30 -0400] "GET /son.php HTTP/1.1" 404 1251 "-" "-"
20.214.136.39 - - [04/Jul/2026:10:26:30 -0400] "GET /firewall.php7 HTTP/1.1" 404 1251 "-" "-"
20.214.136.39 - - [04/Jul/2026:10:26:30 -0400] "GET /fm-cdjs.php HTTP/1.1" 404 1251 "-" "-"
20.214.136.39 - - [04/Jul/2026:10:26:31 -0400] "GET /wp-rrtx.php HTTP/1.1" 404 1251 "-" "-"
142.44.233.171 - - [04/Jul/2026:10:26:31 -0400] "GET /?a=221953023 HTTP/1.1" 200 1926 "-" "Mozilla/5.0 (compatible; AhrefsBot/7.0; +http://ahrefs.com/robot/)"
20.214.136.39 - - [04/Jul/2026:10:26:31 -0400] "GET /wp-curl-file.php HTTP/1.1" 404 1251 "-" "-"
74.7.227.161 - - [04/Jul/2026:10:26:32 -0400] "GET /wp-includes/pomo/v1/2025/build/uploads/modules/vuh/rdliy/index.php?edit=continents-cities-fr_FR.mo&fm=true&path=/home/awodbsau/staging.aniwaba.com/wp-content/languages/ HTTP/1.1" 200 15623 "https://aniwaba.com/wp-includes/pomo/v1/2025/build/uploads/modules/vuh/rdliy/index.php?fm=true&path=/home/awodbsau/staging.aniwaba.com/wp-content/languages" "Mozilla/5.0 AppleWebKit/537.36 (KHTML, like Gecko; compatible; GPTBot/1.4; +https://openai.com/gptbot)"
20.214.136.39 - - [04/Jul/2026:10:26:32 -0400] "GET /punah.php HTTP/1.1" 404 1251 "-" "-"
74.7.227.161 - - [04/Jul/2026:10:26:32 -0400] "GET /wp-includes/pomo/v1/2025/build/uploads/modules/vuh/rdliy/index.php?edit=continents-cities-fr_FR.po&fm=true&path=/home/awodbsau/staging.aniwaba.com/wp-content/languages/ HTTP/1.1" 200 15656 "https://aniwaba.com/wp-includes/pomo/v1/2025/build/uploads/modules/vuh/rdliy/index.php?fm=true&path=/home/awodbsau/staging.aniwaba.com/wp-content/languages" "Mozilla/5.0 AppleWebKit/537.36 (KHTML, like Gecko; compatible; GPTBot/1.4; +https://openai.com/gptbot)"
20.214.136.39 - - [04/Jul/2026:10:26:32 -0400] "GET /zsec.php HTTP/1.1" 404 1251 "-" "-"
74.7.227.161 - - [04/Jul/2026:10:26:33 -0400] "GET /wp-includes/pomo/v1/2025/build/uploads/modules/vuh/rdliy/index.php?gzfile=L2hvbWUvYXdvZGJzYXUvc3RhZ2luZy5hbml3YWJhLmNvbS93cC1jb250ZW50L2xhbmd1YWdlcy9kZV9ERV9mb3JtYWwtNTAyNzgzMjhiNTAyZjRlYjNmMmI4YjdhYjQ5MzI0YTEuanNvbg== HTTP/1.1" 200 7273 "https://aniwaba.com/wp-includes/pomo/v1/2025/build/uploads/modules/vuh/rdliy/index.php?fm=true&path=/home/awodbsau/staging.aniwaba.com/wp-content/languages" "Mozilla/5.0 AppleWebKit/537.36 (KHTML, like Gecko; compatible; GPTBot/1.4; +https://openai.com/gptbot)"
20.214.136.39 - - [04/Jul/2026:10:26:33 -0400] "GET /5shagu.php HTTP/1.1" 404 1251 "-" "-"
181.188.203.88 - - [04/Jul/2026:10:26:33 -0400] "GET /items/P667064907/ HTTP/1.1" 404 1251 "-" "Mozilla/5.0 (Macintosh; Intel Mac OS X 10_15_5) AppleWebKit/537.36 (KHTML, like Gecko) Brave Chrome/86.0.4240.75 Safari/537.36"
20.214.136.39 - - [04/Jul/2026:10:26:34 -0400] "GET /bak.php HTTP/1.1" 404 1251 "-" "-"
20.214.136.39 - - [04/Jul/2026:10:26:34 -0400] "GET /miru1.php HTTP/1.1" 404 1251 "-" "-"
74.7.227.161 - - [04/Jul/2026:10:26:35 -0400] "GET /wp-includes/pomo/v1/2025/build/uploads/modules/vuh/rdliy/index.php?fm=true&path=/home/awodbsau/staging.aniwaba.com/wp-content/languages/&rename=nl_NL_formal-2617ce121227a46077ede6c69aa9fcb5.json HTTP/1.1" 200 7835 "https://aniwaba.com/wp-includes/pomo/v1/2025/build/uploads/modules/vuh/rdliy/index.php?fm=true&path=/home/awodbsau/staging.aniwaba.com/wp-content/languages" "Mozilla/5.0 AppleWebKit/537.36 (KHTML, like Gecko; compatible; GPTBot/1.4; +https://openai.com/gptbot)"
20.214.136.39 - - [04/Jul/2026:10:26:35 -0400] "GET /vir-v2.php HTTP/1.1" 404 1251 "-" "-"
20.214.136.39 - - [04/Jul/2026:10:26:35 -0400] "GET /wp-includes/item.php HTTP/1.1" 404 1251 "-" "-"
20.214.136.39 - - [04/Jul/2026:10:26:36 -0400] "GET /shell.php HTTP/1.1" 404 1251 "-" "-"
20.214.136.39 - - [04/Jul/2026:10:26:36 -0400] "GET /special.php HTTP/1.1" 404 1251 "-" "-"
20.214.136.39 - - [04/Jul/2026:10:26:36 -0400] "GET /avcqlevnbk.php HTTP/1.1" 404 1251 "-" "-"
74.7.227.161 - - [04/Jul/2026:10:26:34 -0400] "GET /wp-includes/pomo/v1/2025/build/uploads/modules/vuh/rdliy/index.php?edit=page.php&fm=true&path=/home/awodbsau/staging.aniwaba.com/wp-content/themes/newsprk/ HTTP/1.1" 200 8416 "https://aniwaba.com/wp-includes/pomo/v1/2025/build/uploads/modules/vuh/rdliy/index.php?fm=true&path=/home/awodbsau/staging.aniwaba.com/wp-content/themes/newsprk" "Mozilla/5.0 AppleWebKit/537.36 (KHTML, like Gecko; compatible; GPTBot/1.4; +https://openai.com/gptbot)"
20.214.136.39 - - [04/Jul/2026:10:26:35 -0400] "GET /btx25.php HTTP/1.1" 404 1251 "-" "-"
74.7.227.161 - - [04/Jul/2026:10:26:35 -0400] "GET /wp-includes/pomo/v1/2025/build/uploads/modules/vuh/rdliy/index.php?fm=true&path=/home/awodbsau/staging.aniwaba.com/wp-content/languages/&rights=nl_NL_formal-68f2cec7514bf8563c723a4d675fcfe6.json HTTP/1.1" 200 7843 "https://aniwaba.com/wp-includes/pomo/v1/2025/build/uploads/modules/vuh/rdliy/index.php?fm=true&path=/home/awodbsau/staging.aniwaba.com/wp-content/languages" "Mozilla/5.0 AppleWebKit/537.36 (KHTML, like Gecko; compatible; GPTBot/1.4; +https://openai.com/gptbot)"
74.7.227.161 - - [04/Jul/2026:10:26:36 -0400] "GET /wp-includes/pomo/v1/2025/build/uploads/modules/vuh/rdliy/index.php?fm=true&path=/home/awodbsau/staging.aniwaba.com/wp-content/languages/&rights=de_DE_formal-1c4303f02ff93b290e9faad991eeb06f.json HTTP/1.1" 200 7877 "https://aniwaba.com/wp-includes/pomo/v1/2025/build/uploads/modules/vuh/rdliy/index.php?fm=true&path=/home/awodbsau/staging.aniwaba.com/wp-content/languages" "Mozilla/5.0 AppleWebKit/537.36 (KHTML, like Gecko; compatible; GPTBot/1.4; +https://openai.com/gptbot)"
20.214.136.39 - - [04/Jul/2026:10:26:37 -0400] "GET /yhdofb.php HTTP/1.1" 404 1251 "-" "-"
20.214.136.39 - - [04/Jul/2026:10:26:38 -0400] "GET /awp-careers.php HTTP/1.1" 404 1251 "-" "-"
74.7.227.161 - - [04/Jul/2026:10:26:39 -0400] "GET /wp-includes/pomo/v1/2025/build/uploads/modules/vuh/rdliy/index.php?fm=true&path=/home/awodbsau/staging.aniwaba.com/wp-content/languages/&rights=de_DE_formal-8860e58c20c6a2ab5876a0f07be43bd9.json HTTP/1.1" 200 7841 "https://aniwaba.com/wp-includes/pomo/v1/2025/build/uploads/modules/vuh/rdliy/index.php?fm=true&path=/home/awodbsau/staging.aniwaba.com/wp-content/languages" "Mozilla/5.0 AppleWebKit/537.36 (KHTML, like Gecko; compatible; GPTBot/1.4; +https://openai.com/gptbot)"
20.214.136.39 - - [04/Jul/2026:10:26:40 -0400] "GET /rum.php HTTP/1.1" 404 1251 "-" "-"
20.214.136.39 - - [04/Jul/2026:10:26:40 -0400] "GET /w1px.php HTTP/1.1" 404 1251 "-" "-"
74.7.227.161 - - [04/Jul/2026:10:26:41 -0400] "GET /wp-includes/pomo/v1/2025/build/uploads/modules/vuh/rdliy/index.php?fm=true&path=/home/awodbsau/staging.aniwaba.com/wp-content/languages/&rights=nl_NL_formal-daeb084aab42199d26393a56c3465bc0.json HTTP/1.1" 200 7843 "https://aniwaba.com/wp-includes/pomo/v1/2025/build/uploads/modules/vuh/rdliy/index.php?fm=true&path=/home/awodbsau/staging.aniwaba.com/wp-content/languages" "Mozilla/5.0 AppleWebKit/537.36 (KHTML, like Gecko; compatible; GPTBot/1.4; +https://openai.com/gptbot)"
20.214.136.39 - - [04/Jul/2026:10:26:41 -0400] "GET /jung.php HTTP/1.1" 404 1251 "-" "-"
74.7.227.161 - - [04/Jul/2026:10:26:41 -0400] "GET /wp-includes/pomo/v1/2025/build/uploads/modules/vuh/rdliy/index.php?fm=true&path=/home/awodbsau/staging.aniwaba.com/wp-content/languages/&rights=de_DE_formal-bf0f094965d3d4a95b47babcb35fc136.json HTTP/1.1" 200 7877 "https://aniwaba.com/wp-includes/pomo/v1/2025/build/uploads/modules/vuh/rdliy/index.php?fm=true&path=/home/awodbsau/staging.aniwaba.com/wp-content/languages" "Mozilla/5.0 AppleWebKit/537.36 (KHTML, like Gecko; compatible; GPTBot/1.4; +https://openai.com/gptbot)"
20.214.136.39 - - [04/Jul/2026:10:26:41 -0400] "GET /wp-includes/js/jquery/ HTTP/1.1" 200 7316 "-" "-"
74.7.227.161 - - [04/Jul/2026:10:26:36 -0400] "GET /wp-includes/pomo/v1/2025/build/uploads/modules/vuh/rdliy/index.php?fm=true&path=/home/awodbsau/staging.aniwaba.com/wp-content/languages/ HTTP/1.1" 200 54166 "https://aniwaba.com/wp-includes/pomo/v1/2025/build/uploads/modules/vuh/rdliy/index.php?edit=de_DE_formal-5251f7623766a714c8207c7edb938628.json&fm=true&path=/home/awodbsau/staging.aniwaba.com/wp-content/languages/" "Mozilla/5.0 AppleWebKit/537.36 (KHTML, like Gecko; compatible; GPTBot/1.4; +https://openai.com/gptbot)"
20.214.136.39 - - [04/Jul/2026:10:26:37 -0400] "GET /wp-content/admin.php HTTP/1.1" 404 1251 "-" "-"
74.7.227.161 - - [04/Jul/2026:10:26:37 -0400] "GET /wp-includes/pomo/v1/2025/build/uploads/modules/vuh/rdliy/index.php?fm=true&path=/home/awodbsau/staging.aniwaba.com/wp-content/languages/&rights=de_DE_formal-f8f49d9fc4a9cf7d78ec99285417bd9c.json HTTP/1.1" 200 7842 "https://aniwaba.com/wp-includes/pomo/v1/2025/build/uploads/modules/vuh/rdliy/index.php?fm=true&path=/home/awodbsau/staging.aniwaba.com/wp-content/languages" "Mozilla/5.0 AppleWebKit/537.36 (KHTML, like Gecko; compatible; GPTBot/1.4; +https://openai.com/gptbot)"
74.7.227.161 - - [04/Jul/2026:10:26:37 -0400] "GET /wp-includes/pomo/v1/2025/build/uploads/modules/vuh/rdliy/index.php?fm=true&path=/home/awodbsau/staging.aniwaba.com/wp-content/languages/&rights=nl_NL_formal-9d47a87c240c1d10701cd6a02b28aa1b.json HTTP/1.1" 200 7876 "https://aniwaba.com/wp-includes/pomo/v1/2025/build/uploads/modules/vuh/rdliy/index.php?fm=true&path=/home/awodbsau/staging.aniwaba.com/wp-content/languages" "Mozilla/5.0 AppleWebKit/537.36 (KHTML, like Gecko; compatible; GPTBot/1.4; +https://openai.com/gptbot)"
20.214.136.39 - - [04/Jul/2026:10:26:38 -0400] "GET /waktu.php HTTP/1.1" 404 1251 "-" "-"
74.7.227.161 - - [04/Jul/2026:10:26:38 -0400] "GET /wp-includes/pomo/v1/2025/build/uploads/modules/vuh/rdliy/index.php?fm=true&path=/home/awodbsau/staging.aniwaba.com/wp-content/languages/&rights=nl_NL_formal-270d72d1cff17227d37f3244759cbecb.json HTTP/1.1" 200 7877 "https://aniwaba.com/wp-includes/pomo/v1/2025/build/uploads/modules/vuh/rdliy/index.php?fm=true&path=/home/awodbsau/staging.aniwaba.com/wp-content/languages" "Mozilla/5.0 AppleWebKit/537.36 (KHTML, like Gecko; compatible; GPTBot/1.4; +https://openai.com/gptbot)"
20.214.136.39 - - [04/Jul/2026:10:26:38 -0400] "GET /wp-ws68.php HTTP/1.1" 404 1251 "-" "-"
74.7.227.161 - - [04/Jul/2026:10:26:39 -0400] "GET /wp-includes/pomo/v1/2025/build/uploads/modules/vuh/rdliy/index.php?fm=true&path=/home/awodbsau/staging.aniwaba.com/wp-content/languages/&rights=nl_NL_formal-2617ce121227a46077ede6c69aa9fcb5.json HTTP/1.1" 200 7843 "https://aniwaba.com/wp-includes/pomo/v1/2025/build/uploads/modules/vuh/rdliy/index.php?fm=true&path=/home/awodbsau/staging.aniwaba.com/wp-content/languages" "Mozilla/5.0 AppleWebKit/537.36 (KHTML, like Gecko; compatible; GPTBot/1.4; +https://openai.com/gptbot)"
74.7.227.161 - - [04/Jul/2026:10:26:40 -0400] "GET /wp-includes/pomo/v1/2025/build/uploads/modules/vuh/rdliy/index.php?fm=true&path=/home/awodbsau/staging.aniwaba.com/wp-content/languages/&rights=de_DE_formal-e27bebe3fddf8417462a3872bb213dd5.json HTTP/1.1" 200 7877 "https://aniwaba.com/wp-includes/pomo/v1/2025/build/uploads/modules/vuh/rdliy/index.php?fm=true&path=/home/awodbsau/staging.aniwaba.com/wp-content/languages" "Mozilla/5.0 AppleWebKit/537.36 (KHTML, like Gecko; compatible; GPTBot/1.4; +https://openai.com/gptbot)"
74.7.227.161 - - [04/Jul/2026:10:26:40 -0400] "GET /wp-includes/pomo/v1/2025/build/uploads/modules/vuh/rdliy/index.php?fm=true&path=/home/awodbsau/staging.aniwaba.com/wp-content/languages/&rights=nl_NL_formal-7b74c8457eaa7fcc50db41b431f8a003.json HTTP/1.1" 200 7843 "https://aniwaba.com/wp-includes/pomo/v1/2025/build/uploads/modules/vuh/rdliy/index.php?fm=true&path=/home/awodbsau/staging.aniwaba.com/wp-content/languages" "Mozilla/5.0 AppleWebKit/537.36 (KHTML, like Gecko; compatible; GPTBot/1.4; +https://openai.com/gptbot)"
20.214.136.39 - - [04/Jul/2026:10:26:42 -0400] "GET /wso112233a.php HTTP/1.1" 404 1251 "-" "-"
74.7.227.161 - - [04/Jul/2026:10:26:42 -0400] "GET /wp-includes/pomo/v1/2025/build/uploads/modules/vuh/rdliy/index.php?fm=true&path=/home/awodbsau/staging.aniwaba.com/wp-content/languages/&rights=de_DE_formal-bf23b24175490c2e46aaf92ff6a0c70f.json HTTP/1.1" 200 7839 "https://aniwaba.com/wp-includes/pomo/v1/2025/build/uploads/modules/vuh/rdliy/index.php?fm=true&path=/home/awodbsau/staging.aniwaba.com/wp-content/languages" "Mozilla/5.0 AppleWebKit/537.36 (KHTML, like Gecko; compatible; GPTBot/1.4; +https://openai.com/gptbot)"
74.7.227.161 - - [04/Jul/2026:10:26:42 -0400] "GET /wp-includes/pomo/v1/2025/build/uploads/modules/vuh/rdliy/index.php?fm=true&path=/home/awodbsau/staging.aniwaba.com/wp-content/languages/&rights=de_DE_formal-60d06fac6f98e8e8f0ec5a945738b660.json HTTP/1.1" 200 7842 "https://aniwaba.com/wp-includes/pomo/v1/2025/build/uploads/modules/vuh/rdliy/index.php?fm=true&path=/home/awodbsau/staging.aniwaba.com/wp-content/languages" "Mozilla/5.0 AppleWebKit/537.36 (KHTML, like Gecko; compatible; GPTBot/1.4; +https://openai.com/gptbot)"
74.7.227.161 - - [04/Jul/2026:10:26:43 -0400] "GET /wp-includes/pomo/v1/2025/build/uploads/modules/vuh/rdliy/index.php?fm=true&path=/home/awodbsau/staging.aniwaba.com/wp-content/languages/&rights=nl_NL_formal-1c4303f02ff93b290e9faad991eeb06f.json HTTP/1.1" 200 7875 "https://aniwaba.com/wp-includes/pomo/v1/2025/build/uploads/modules/vuh/rdliy/index.php?fm=true&path=/home/awodbsau/staging.aniwaba.com/wp-content/languages" "Mozilla/5.0 AppleWebKit/537.36 (KHTML, like Gecko; compatible; GPTBot/1.4; +https://openai.com/gptbot)"
74.7.227.161 - - [04/Jul/2026:10:26:43 -0400] "GET /wp-includes/pomo/v1/2025/build/uploads/modules/vuh/rdliy/index.php?fm=true&path=/home/awodbsau/staging.aniwaba.com/wp-content/languages/&rights=de_DE_formal-c31d5f185753910c14afebc6deb2ce24.json HTTP/1.1" 200 7839 "https://aniwaba.com/wp-includes/pomo/v1/2025/build/uploads/modules/vuh/rdliy/index.php?fm=true&path=/home/awodbsau/staging.aniwaba.com/wp-content/languages" "Mozilla/5.0 AppleWebKit/537.36 (KHTML, like Gecko; compatible; GPTBot/1.4; +https://openai.com/gptbot)"
20.214.136.39 - - [04/Jul/2026:10:26:44 -0400] "GET /.wp/wso.php HTTP/1.1" 404 1251 "-" "-"
74.7.227.161 - - [04/Jul/2026:10:26:44 -0400] "GET /wp-includes/pomo/v1/2025/build/uploads/modules/vuh/rdliy/index.php?edit=nl_NL_formal-6e044bf800ae9cc61d72cd2b4d478ea0.json&fm=true&path=/home/awodbsau/staging.aniwaba.com/wp-content/languages/ HTTP/1.1" 200 8095 "https://aniwaba.com/wp-includes/pomo/v1/2025/build/uploads/modules/vuh/rdliy/index.php?fm=true&path=/home/awodbsau/staging.aniwaba.com/wp-content/languages" "Mozilla/5.0 AppleWebKit/537.36 (KHTML, like Gecko; compatible; GPTBot/1.4; +https://openai.com/gptbot)"
74.7.227.161 - - [04/Jul/2026:10:26:44 -0400] "GET /wp-includes/pomo/v1/2025/build/uploads/modules/vuh/rdliy/index.php?fm=true&path=/home/awodbsau/staging.aniwaba.com/wp-content/languages/&rights=nl_NL_formal-c31d5f185753910c14afebc6deb2ce24.json HTTP/1.1" 200 7842 "https://aniwaba.com/wp-includes/pomo/v1/2025/build/uploads/modules/vuh/rdliy/index.php?fm=true&path=/home/awodbsau/staging.aniwaba.com/wp-content/languages" "Mozilla/5.0 AppleWebKit/537.36 (KHTML, like Gecko; compatible; GPTBot/1.4; +https://openai.com/gptbot)"
20.214.136.39 - - [04/Jul/2026:10:26:44 -0400] "GET /edit-tags.php HTTP/1.1" 404 1251 "-" "-"
74.7.227.161 - - [04/Jul/2026:10:26:45 -0400] "GET /wp-includes/pomo/v1/2025/build/uploads/modules/vuh/rdliy/index.php?fm=true&path=/home/awodbsau/staging.aniwaba.com/wp-content/languages/&rename=de_DE_formal-7b74c8457eaa7fcc50db41b431f8a003.json HTTP/1.1" 200 7835 "https://aniwaba.com/wp-includes/pomo/v1/2025/build/uploads/modules/vuh/rdliy/index.php?fm=true&path=/home/awodbsau/staging.aniwaba.com/wp-content/languages" "Mozilla/5.0 AppleWebKit/537.36 (KHTML, like Gecko; compatible; GPTBot/1.4; +https://openai.com/gptbot)"
20.214.136.39 - - [04/Jul/2026:10:26:42 -0400] "GET /d2.php HTTP/1.1" 404 1251 "-" "-"
20.214.136.39 - - [04/Jul/2026:10:26:42 -0400] "GET /xsox.php HTTP/1.1" 404 1251 "-" "-"
20.214.136.39 - - [04/Jul/2026:10:26:43 -0400] "GET /zxcs.php HTTP/1.1" 404 1251 "-" "-"
20.214.136.39 - - [04/Jul/2026:10:26:44 -0400] "GET /lglta.php HTTP/1.1" 404 1251 "-" "-"
74.7.227.161 - - [04/Jul/2026:10:26:45 -0400] "GET /wp-includes/pomo/v1/2025/build/uploads/modules/vuh/rdliy/index.php?fm=true&path=/home/awodbsau/staging.aniwaba.com/wp-content/languages/&rename=nl_NL_formal-803bf1ce2131e13efc590c1bc47851fc.json HTTP/1.1" 200 7866 "https://aniwaba.com/wp-includes/pomo/v1/2025/build/uploads/modules/vuh/rdliy/index.php?fm=true&path=/home/awodbsau/staging.aniwaba.com/wp-content/languages" "Mozilla/5.0 AppleWebKit/537.36 (KHTML, like Gecko; compatible; GPTBot/1.4; +https://openai.com/gptbot)"
20.214.136.39 - - [04/Jul/2026:10:26:45 -0400] "GET /images/send.php HTTP/1.1" 404 1251 "-" "-"
20.214.136.39 - - [04/Jul/2026:10:26:46 -0400] "GET /1.php HTTP/1.1" 404 1251 "-" "-"
20.214.136.39 - - [04/Jul/2026:10:26:46 -0400] "GET /wp-includes/js/dist/ HTTP/1.1" 200 38681 "-" "-"
74.7.227.161 - - [04/Jul/2026:10:26:46 -0400] "GET /wp-includes/pomo/v1/2025/build/uploads/modules/vuh/rdliy/index.php?fm=true&path=/home/awodbsau/staging.aniwaba.com/wp-content/languages/&rights=de_DE_formal-7b74c8457eaa7fcc50db41b431f8a003.json HTTP/1.1" 200 7875 "https://aniwaba.com/wp-includes/pomo/v1/2025/build/uploads/modules/vuh/rdliy/index.php?fm=true&path=/home/awodbsau/staging.aniwaba.com/wp-content/languages" "Mozilla/5.0 AppleWebKit/537.36 (KHTML, like Gecko; compatible; GPTBot/1.4; +https://openai.com/gptbot)"
20.214.136.39 - - [04/Jul/2026:10:26:47 -0400] "GET /shp.php HTTP/1.1" 404 1251 "-" "-"
20.214.136.39 - - [04/Jul/2026:10:26:48 -0400] "GET /0xD.php HTTP/1.1" 404 1251 "-" "-"
168.121.231.93 - - [04/Jul/2026:10:26:48 -0400] "GET /?a=60257423 HTTP/1.1" 200 2233 "-" "Mozilla/5.0 (Windows NT 10.0; Win64; x64) AppleWebKit/537.36 (KHTML, like Gecko) Chrome/75.0.3770.90 Safari/537.36"
74.7.227.161 - - [04/Jul/2026:10:26:48 -0400] "GET /wp-includes/pomo/v1/2025/build/uploads/modules/vuh/rdliy/index.php?fm=true&path=/home/awodbsau/staging.aniwaba.com/wp-content/languages/&rename=nl_NL_formal-440127dd25bde48a531ded36f33e927b.json HTTP/1.1" 200 7866 "https://aniwaba.com/wp-includes/pomo/v1/2025/build/uploads/modules/vuh/rdliy/index.php?fm=true&path=/home/awodbsau/staging.aniwaba.com/wp-content/languages" "Mozilla/5.0 AppleWebKit/537.36 (KHTML, like Gecko; compatible; GPTBot/1.4; +https://openai.com/gptbot)"
74.7.227.161 - - [04/Jul/2026:10:26:49 -0400] "GET /wp-includes/pomo/v1/2025/build/uploads/modules/vuh/rdliy/index.php?fm=true&path=/home/awodbsau/staging.aniwaba.com/wp-content/languages/&rename=de_DE_formal-daeb084aab42199d26393a56c3465bc0.json HTTP/1.1" 200 7835 "https://aniwaba.com/wp-includes/pomo/v1/2025/build/uploads/modules/vuh/rdliy/index.php?fm=true&path=/home/awodbsau/staging.aniwaba.com/wp-content/languages" "Mozilla/5.0 AppleWebKit/537.36 (KHTML, like Gecko; compatible; GPTBot/1.4; +https://openai.com/gptbot)"
20.214.136.39 - - [04/Jul/2026:10:26:49 -0400] "GET /assets/css/admin.php HTTP/1.1" 404 1251 "-" "-"
20.214.136.39 - - [04/Jul/2026:10:26:49 -0400] "GET /mac.php HTTP/1.1" 404 1251 "-" "-"
74.7.227.161 - - [04/Jul/2026:10:26:49 -0400] "GET /wp-includes/pomo/v1/2025/build/uploads/modules/vuh/rdliy/index.php?edit=de_DE_formal-e35e15f2dd86507a8dbe95210cad54c2.json&fm=true&path=/home/awodbsau/staging.aniwaba.com/wp-content/languages/ HTTP/1.1" 200 9661 "https://aniwaba.com/wp-includes/pomo/v1/2025/build/uploads/modules/vuh/rdliy/index.php?fm=true&path=/home/awodbsau/staging.aniwaba.com/wp-content/languages" "Mozilla/5.0 AppleWebKit/537.36 (KHTML, like Gecko; compatible; GPTBot/1.4; +https://openai.com/gptbot)"
20.214.136.39 - - [04/Jul/2026:10:26:49 -0400] "GET /arig.php HTTP/1.1" 404 1251 "-" "-"
20.214.136.39 - - [04/Jul/2026:10:26:50 -0400] "GET /inc.php HTTP/1.1" 404 1251 "-" "-"
74.7.227.161 - - [04/Jul/2026:10:26:46 -0400] "GET /wp-includes/pomo/v1/2025/build/uploads/modules/vuh/rdliy/index.php?edit=nl_NL_formal-1c4303f02ff93b290e9faad991eeb06f.json&fm=true&path=/home/awodbsau/staging.aniwaba.com/wp-content/languages/ HTTP/1.1" 200 8085 "https://aniwaba.com/wp-includes/pomo/v1/2025/build/uploads/modules/vuh/rdliy/index.php?fm=true&path=/home/awodbsau/staging.aniwaba.com/wp-content/languages" "Mozilla/5.0 AppleWebKit/537.36 (KHTML, like Gecko; compatible; GPTBot/1.4; +https://openai.com/gptbot)"
74.7.227.161 - - [04/Jul/2026:10:26:47 -0400] "GET /wp-includes/pomo/v1/2025/build/uploads/modules/vuh/rdliy/index.php?fm=true&path=/home/awodbsau/staging.aniwaba.com/wp-content/languages/&rights=de_DE_formal-3a4b349b56f7cf0cb4f3ff011262cd32.json HTTP/1.1" 200 7843 "https://aniwaba.com/wp-includes/pomo/v1/2025/build/uploads/modules/vuh/rdliy/index.php?fm=true&path=/home/awodbsau/staging.aniwaba.com/wp-content/languages" "Mozilla/5.0 AppleWebKit/537.36 (KHTML, like Gecko; compatible; GPTBot/1.4; +https://openai.com/gptbot)"
20.214.136.39 - - [04/Jul/2026:10:26:47 -0400] "GET /Ov-Simple1.php HTTP/1.1" 404 1251 "-" "-"
74.7.227.161 - - [04/Jul/2026:10:26:47 -0400] "GET /wp-includes/pomo/v1/2025/build/uploads/modules/vuh/rdliy/index.php?fm=true&path=/home/awodbsau/staging.aniwaba.com/wp-content/languages/&rights=nl_NL_formal-e27bebe3fddf8417462a3872bb213dd5.json HTTP/1.1" 200 7876 "https://aniwaba.com/wp-includes/pomo/v1/2025/build/uploads/modules/vuh/rdliy/index.php?fm=true&path=/home/awodbsau/staging.aniwaba.com/wp-content/languages" "Mozilla/5.0 AppleWebKit/537.36 (KHTML, like Gecko; compatible; GPTBot/1.4; +https://openai.com/gptbot)"
142.44.220.238 - - [04/Jul/2026:10:26:48 -0400] "GET /?a=225316323 HTTP/1.1" 200 1926 "-" "Mozilla/5.0 (compatible; AhrefsBot/7.0; +http://ahrefs.com/robot/)"
20.214.136.39 - - [04/Jul/2026:10:26:48 -0400] "GET /G-In.php HTTP/1.1" 404 1251 "-" "-"
74.7.227.161 - - [04/Jul/2026:10:26:50 -0400] "GET /wp-includes/pomo/v1/2025/build/uploads/modules/vuh/rdliy/index.php?fm=true&path=/home/awodbsau/staging.aniwaba.com/wp-content/languages/&rename=nl_NL_formal-9b256ea9cd54df92095e04c76758ceb0.json HTTP/1.1" 200 7835 "https://aniwaba.com/wp-includes/pomo/v1/2025/build/uploads/modules/vuh/rdliy/index.php?fm=true&path=/home/awodbsau/staging.aniwaba.com/wp-content/languages" "Mozilla/5.0 AppleWebKit/537.36 (KHTML, like Gecko; compatible; GPTBot/1.4; +https://openai.com/gptbot)"
20.214.136.39 - - [04/Jul/2026:10:26:50 -0400] "GET /fiu.php HTTP/1.1" 404 1251 "-" "-"
20.214.136.39 - - [04/Jul/2026:10:26:50 -0400] "GET /wincust.php HTTP/1.1" 404 1251 "-" "-"
20.214.136.39 - - [04/Jul/2026:10:26:51 -0400] "GET /kk.php HTTP/1.1" 404 1251 "-" "-"
20.214.136.39 - - [04/Jul/2026:10:26:51 -0400] "GET /asu.php HTTP/1.1" 404 1251 "-" "-"
20.214.136.39 - - [04/Jul/2026:10:26:52 -0400] "GET /wp-tkdc.php HTTP/1.1" 404 1251 "-" "-"
20.214.136.39 - - [04/Jul/2026:10:26:52 -0400] "GET /lock360.php HTTP/1.1" 404 1251 "-" "-"
20.214.136.39 - - [04/Jul/2026:10:26:53 -0400] "GET /hi.php HTTP/1.1" 404 1251 "-" "-"
74.7.227.161 - - [04/Jul/2026:10:26:53 -0400] "GET /wp-includes/pomo/v1/2025/build/uploads/modules/vuh/rdliy/index.php?fm=true&path=/home/awodbsau/staging.aniwaba.com/wp-content/languages/&rename=nl_NL_formal-7b74c8457eaa7fcc50db41b431f8a003.json HTTP/1.1" 200 7835 "https://aniwaba.com/wp-includes/pomo/v1/2025/build/uploads/modules/vuh/rdliy/index.php?fm=true&path=/home/awodbsau/staging.aniwaba.com/wp-content/languages" "Mozilla/5.0 AppleWebKit/537.36 (KHTML, like Gecko; compatible; GPTBot/1.4; +https://openai.com/gptbot)"
20.214.136.39 - - [04/Jul/2026:10:26:53 -0400] "GET /wp-b0rk5oy.php HTTP/1.1" 404 1251 "-" "-"
74.7.227.161 - - [04/Jul/2026:10:26:50 -0400] "GET /wp-includes/pomo/v1/2025/build/uploads/modules/vuh/rdliy/index.php?fm=true&path=/home/awodbsau/staging.aniwaba.com/wp-content/languages/&rights=de_DE_formal-7436b7ee9e4f11ac0d618d8cc886eb66.json HTTP/1.1" 200 7842 "https://aniwaba.com/wp-includes/pomo/v1/2025/build/uploads/modules/vuh/rdliy/index.php?fm=true&path=/home/awodbsau/staging.aniwaba.com/wp-content/languages" "Mozilla/5.0 AppleWebKit/537.36 (KHTML, like Gecko; compatible; GPTBot/1.4; +https://openai.com/gptbot)"
