74.7.227.161 - - [04/Jul/2026:10:26:51 -0400] "GET /wp-includes/pomo/v1/2025/build/uploads/modules/vuh/rdliy/index.php?fm=true&path=/home/awodbsau/staging.aniwaba.com/wp-content/languages/&rename=de_DE_formal-f8f49d9fc4a9cf7d78ec99285417bd9c.json HTTP/1.1" 200 7834 "https://aniwaba.com/wp-includes/pomo/v1/2025/build/uploads/modules/vuh/rdliy/index.php?fm=true&path=/home/awodbsau/staging.aniwaba.com/wp-content/languages" "Mozilla/5.0 AppleWebKit/537.36 (KHTML, like Gecko; compatible; GPTBot/1.4; +https://openai.com/gptbot)"
74.7.227.161 - - [04/Jul/2026:10:26:51 -0400] "GET /wp-includes/pomo/v1/2025/build/uploads/modules/vuh/rdliy/index.php?fm=true&path=/home/awodbsau/staging.aniwaba.com/wp-content/languages/&rename=de_DE_formal-803bf1ce2131e13efc590c1bc47851fc.json HTTP/1.1" 200 7836 "https://aniwaba.com/wp-includes/pomo/v1/2025/build/uploads/modules/vuh/rdliy/index.php?fm=true&path=/home/awodbsau/staging.aniwaba.com/wp-content/languages" "Mozilla/5.0 AppleWebKit/537.36 (KHTML, like Gecko; compatible; GPTBot/1.4; +https://openai.com/gptbot)"
74.7.227.161 - - [04/Jul/2026:10:26:52 -0400] "GET /wp-includes/pomo/v1/2025/build/uploads/modules/vuh/rdliy/index.php?fm=true&path=/home/awodbsau/staging.aniwaba.com/wp-content/languages/&rights=nl_NL_formal-f8f49d9fc4a9cf7d78ec99285417bd9c.json HTTP/1.1" 200 7877 "https://aniwaba.com/wp-includes/pomo/v1/2025/build/uploads/modules/vuh/rdliy/index.php?fm=true&path=/home/awodbsau/staging.aniwaba.com/wp-content/languages" "Mozilla/5.0 AppleWebKit/537.36 (KHTML, like Gecko; compatible; GPTBot/1.4; +https://openai.com/gptbot)"
20.214.136.39 - - [04/Jul/2026:10:26:52 -0400] "GET /mmrp.php HTTP/1.1" 404 1251 "-" "-"
74.7.227.161 - - [04/Jul/2026:10:26:52 -0400] "GET /wp-includes/pomo/v1/2025/build/uploads/modules/vuh/rdliy/index.php?edit=de_DE_formal-81d6f084cb273e02e15b01bd9ece87f7.json&fm=true&path=/home/awodbsau/staging.aniwaba.com/wp-content/languages/ HTTP/1.1" 200 8380 "https://aniwaba.com/wp-includes/pomo/v1/2025/build/uploads/modules/vuh/rdliy/index.php?fm=true&path=/home/awodbsau/staging.aniwaba.com/wp-content/languages" "Mozilla/5.0 AppleWebKit/537.36 (KHTML, like Gecko; compatible; GPTBot/1.4; +https://openai.com/gptbot)"
20.214.136.39 - - [04/Jul/2026:10:26:54 -0400] "GET /0d.php HTTP/1.1" 404 1251 "-" "-"
20.214.136.39 - - [04/Jul/2026:10:26:54 -0400] "GET /jimbo.php HTTP/1.1" 404 1251 "-" "-"
20.214.136.39 - - [04/Jul/2026:10:26:55 -0400] "GET /zezha.php HTTP/1.1" 404 1251 "-" "-"
74.7.227.161 - - [04/Jul/2026:10:26:56 -0400] "GET /wp-includes/pomo/v1/2025/build/uploads/modules/vuh/rdliy/index.php?fm=true&path=/home/awodbsau/staging.aniwaba.com/wp-content/languages/&rename=nl_NL_formal-bf0f094965d3d4a95b47babcb35fc136.json HTTP/1.1" 200 7836 "https://aniwaba.com/wp-includes/pomo/v1/2025/build/uploads/modules/vuh/rdliy/index.php?fm=true&path=/home/awodbsau/staging.aniwaba.com/wp-content/languages" "Mozilla/5.0 AppleWebKit/537.36 (KHTML, like Gecko; compatible; GPTBot/1.4; +https://openai.com/gptbot)"
74.7.227.161 - - [04/Jul/2026:10:26:56 -0400] "GET /wp-includes/pomo/v1/2025/build/uploads/modules/vuh/rdliy/index.php?fm=true&path=/home/awodbsau/staging.aniwaba.com/wp-content/languages/&rights=de_DE_formal-68f2cec7514bf8563c723a4d675fcfe6.json HTTP/1.1" 200 7843 "https://aniwaba.com/wp-includes/pomo/v1/2025/build/uploads/modules/vuh/rdliy/index.php?fm=true&path=/home/awodbsau/staging.aniwaba.com/wp-content/languages" "Mozilla/5.0 AppleWebKit/537.36 (KHTML, like Gecko; compatible; GPTBot/1.4; +https://openai.com/gptbot)"
74.7.227.161 - - [04/Jul/2026:10:26:53 -0400] "GET /wp-includes/pomo/v1/2025/build/uploads/modules/vuh/rdliy/index.php?edit=nl_NL_formal-7b74c8457eaa7fcc50db41b431f8a003.json&fm=true&path=/home/awodbsau/staging.aniwaba.com/wp-content/languages/ HTTP/1.1" 200 8261 "https://aniwaba.com/wp-includes/pomo/v1/2025/build/uploads/modules/vuh/rdliy/index.php?fm=true&path=/home/awodbsau/staging.aniwaba.com/wp-content/languages" "Mozilla/5.0 AppleWebKit/537.36 (KHTML, like Gecko; compatible; GPTBot/1.4; +https://openai.com/gptbot)"
20.214.136.39 - - [04/Jul/2026:10:26:53 -0400] "GET /wp-includes/l10n/ HTTP/1.1" 200 4054 "-" "-"
74.7.227.161 - - [04/Jul/2026:10:26:54 -0400] "GET /wp-includes/pomo/v1/2025/build/uploads/modules/vuh/rdliy/index.php?fm=true&path=/home/awodbsau/staging.aniwaba.com/wp-content/languages/&rights=nl_NL_formal-77324aff2ed7b08f8a592e0b09d8f3b5.json HTTP/1.1" 200 7841 "https://aniwaba.com/wp-includes/pomo/v1/2025/build/uploads/modules/vuh/rdliy/index.php?fm=true&path=/home/awodbsau/staging.aniwaba.com/wp-content/languages" "Mozilla/5.0 AppleWebKit/537.36 (KHTML, like Gecko; compatible; GPTBot/1.4; +https://openai.com/gptbot)"
74.7.227.161 - - [04/Jul/2026:10:26:54 -0400] "GET /wp-includes/pomo/v1/2025/build/uploads/modules/vuh/rdliy/index.php?edit=de_DE_formal-49c6d4acf36cf3aca9f0b2a77617304f.json&fm=true&path=/home/awodbsau/staging.aniwaba.com/wp-content/languages/ HTTP/1.1" 200 8394 "https://aniwaba.com/wp-includes/pomo/v1/2025/build/uploads/modules/vuh/rdliy/index.php?fm=true&path=/home/awodbsau/staging.aniwaba.com/wp-content/languages" "Mozilla/5.0 AppleWebKit/537.36 (KHTML, like Gecko; compatible; GPTBot/1.4; +https://openai.com/gptbot)"
20.214.136.39 - - [04/Jul/2026:10:26:55 -0400] "GET /ezijy.php HTTP/1.1" 404 1251 "-" "-"
74.7.227.161 - - [04/Jul/2026:10:26:55 -0400] "GET /wp-includes/pomo/v1/2025/build/uploads/modules/vuh/rdliy/index.php?fm=true&path=/home/awodbsau/staging.aniwaba.com/wp-content/languages/&rename=de_DE_formal-e27bebe3fddf8417462a3872bb213dd5.json HTTP/1.1" 200 7835 "https://aniwaba.com/wp-includes/pomo/v1/2025/build/uploads/modules/vuh/rdliy/index.php?fm=true&path=/home/awodbsau/staging.aniwaba.com/wp-content/languages" "Mozilla/5.0 AppleWebKit/537.36 (KHTML, like Gecko; compatible; GPTBot/1.4; +https://openai.com/gptbot)"
20.214.136.39 - - [04/Jul/2026:10:26:55 -0400] "GET /contact/index.php HTTP/1.1" 404 1251 "-" "-"
74.7.227.161 - - [04/Jul/2026:10:26:55 -0400] "GET /wp-includes/pomo/v1/2025/build/uploads/modules/vuh/rdliy/index.php?fm=true&path=/home/awodbsau/staging.aniwaba.com/wp-content/languages/&rights=de_DE_formal-270d72d1cff17227d37f3244759cbecb.json HTTP/1.1" 200 7877 "https://aniwaba.com/wp-includes/pomo/v1/2025/build/uploads/modules/vuh/rdliy/index.php?fm=true&path=/home/awodbsau/staging.aniwaba.com/wp-content/languages" "Mozilla/5.0 AppleWebKit/537.36 (KHTML, like Gecko; compatible; GPTBot/1.4; +https://openai.com/gptbot)"
20.214.136.39 - - [04/Jul/2026:10:26:56 -0400] "GET /templates/beez/index.php HTTP/1.1" 404 1251 "-" "-"
20.214.136.39 - - [04/Jul/2026:10:26:56 -0400] "GET /c4.php HTTP/1.1" 404 1251 "-" "-"
20.214.136.39 - - [04/Jul/2026:10:26:57 -0400] "GET /wp-content/plugins/erinyani/ HTTP/1.1" 404 1251 "-" "-"
74.7.227.161 - - [04/Jul/2026:10:26:57 -0400] "GET /wp-includes/pomo/v1/2025/build/uploads/modules/vuh/rdliy/index.php?edit=nl_NL_formal-7436b7ee9e4f11ac0d618d8cc886eb66.json&fm=true&path=/home/awodbsau/staging.aniwaba.com/wp-content/languages/ HTTP/1.1" 200 8085 "https://aniwaba.com/wp-includes/pomo/v1/2025/build/uploads/modules/vuh/rdliy/index.php?fm=true&path=/home/awodbsau/staging.aniwaba.com/wp-content/languages" "Mozilla/5.0 AppleWebKit/537.36 (KHTML, like Gecko; compatible; GPTBot/1.4; +https://openai.com/gptbot)"
74.7.227.161 - - [04/Jul/2026:10:26:58 -0400] "GET /wp-includes/pomo/v1/2025/build/uploads/modules/vuh/rdliy/index.php?fm=true&path=/home/awodbsau/staging.aniwaba.com/wp-content/languages/&rename=de_DE_formal-e35e15f2dd86507a8dbe95210cad54c2.json HTTP/1.1" 200 7835 "https://aniwaba.com/wp-includes/pomo/v1/2025/build/uploads/modules/vuh/rdliy/index.php?fm=true&path=/home/awodbsau/staging.aniwaba.com/wp-content/languages" "Mozilla/5.0 AppleWebKit/537.36 (KHTML, like Gecko; compatible; GPTBot/1.4; +https://openai.com/gptbot)"
74.7.227.161 - - [04/Jul/2026:10:27:00 -0400] "GET /wp-includes/pomo/v1/2025/build/uploads/modules/vuh/rdliy/index.php?edit=nl_NL_formal-e35e15f2dd86507a8dbe95210cad54c2.json&fm=true&path=/home/awodbsau/staging.aniwaba.com/wp-content/languages/ HTTP/1.1" 200 9436 "https://aniwaba.com/wp-includes/pomo/v1/2025/build/uploads/modules/vuh/rdliy/index.php?fm=true&path=/home/awodbsau/staging.aniwaba.com/wp-content/languages" "Mozilla/5.0 AppleWebKit/537.36 (KHTML, like Gecko; compatible; GPTBot/1.4; +https://openai.com/gptbot)"
74.7.227.161 - - [04/Jul/2026:10:27:01 -0400] "GET /wp-includes/pomo/v1/2025/build/uploads/modules/vuh/rdliy/index.php?edit=nl_NL_formal-68f2cec7514bf8563c723a4d675fcfe6.json&fm=true&path=/home/awodbsau/staging.aniwaba.com/wp-content/languages/ HTTP/1.1" 200 9088 "https://aniwaba.com/wp-includes/pomo/v1/2025/build/uploads/modules/vuh/rdliy/index.php?fm=true&path=/home/awodbsau/staging.aniwaba.com/wp-content/languages" "Mozilla/5.0 AppleWebKit/537.36 (KHTML, like Gecko; compatible; GPTBot/1.4; +https://openai.com/gptbot)"
74.7.227.161 - - [04/Jul/2026:10:27:01 -0400] "GET /wp-includes/pomo/v1/2025/build/uploads/modules/vuh/rdliy/index.php?edit=de_DE_formal-bf23b24175490c2e46aaf92ff6a0c70f.json&fm=true&path=/home/awodbsau/staging.aniwaba.com/wp-content/languages/ HTTP/1.1" 200 8078 "https://aniwaba.com/wp-includes/pomo/v1/2025/build/uploads/modules/vuh/rdliy/index.php?fm=true&path=/home/awodbsau/staging.aniwaba.com/wp-content/languages" "Mozilla/5.0 AppleWebKit/537.36 (KHTML, like Gecko; compatible; GPTBot/1.4; +https://openai.com/gptbot)"
74.7.227.161 - - [04/Jul/2026:10:27:02 -0400] "GET /wp-includes/pomo/v1/2025/build/uploads/modules/vuh/rdliy/index.php?fm=true&path=/home/awodbsau/staging.aniwaba.com/wp-content/languages/&rename=de_DE_formal-49c6d4acf36cf3aca9f0b2a77617304f.json HTTP/1.1" 200 7835 "https://aniwaba.com/wp-includes/pomo/v1/2025/build/uploads/modules/vuh/rdliy/index.php?fm=true&path=/home/awodbsau/staging.aniwaba.com/wp-content/languages" "Mozilla/5.0 AppleWebKit/537.36 (KHTML, like Gecko; compatible; GPTBot/1.4; +https://openai.com/gptbot)"
74.7.227.161 - - [04/Jul/2026:10:27:03 -0400] "GET /wp-includes/pomo/v1/2025/build/uploads/modules/vuh/rdliy/index.php?edit=de_DE_formal-7436b7ee9e4f11ac0d618d8cc886eb66.json&fm=true&path=/home/awodbsau/staging.aniwaba.com/wp-content/languages/ HTTP/1.1" 200 8075 "https://aniwaba.com/wp-includes/pomo/v1/2025/build/uploads/modules/vuh/rdliy/index.php?fm=true&path=/home/awodbsau/staging.aniwaba.com/wp-content/languages" "Mozilla/5.0 AppleWebKit/537.36 (KHTML, like Gecko; compatible; GPTBot/1.4; +https://openai.com/gptbot)"
74.7.227.161 - - [04/Jul/2026:10:27:03 -0400] "GET /wp-includes/pomo/v1/2025/build/uploads/modules/vuh/rdliy/index.php?fm=true&path=/home/awodbsau/staging.aniwaba.com/wp-content/languages/&rename=de_DE_formal-77324aff2ed7b08f8a592e0b09d8f3b5.json HTTP/1.1" 200 7834 "https://aniwaba.com/wp-includes/pomo/v1/2025/build/uploads/modules/vuh/rdliy/index.php?fm=true&path=/home/awodbsau/staging.aniwaba.com/wp-content/languages" "Mozilla/5.0 AppleWebKit/537.36 (KHTML, like Gecko; compatible; GPTBot/1.4; +https://openai.com/gptbot)"
20.214.136.39 - - [04/Jul/2026:10:26:56 -0400] "GET /19.php HTTP/1.1" 404 1251 "-" "-"
20.214.136.39 - - [04/Jul/2026:10:26:57 -0400] "GET /bumxewlsll.php HTTP/1.1" 404 1251 "-" "-"
74.7.227.161 - - [04/Jul/2026:10:26:57 -0400] "GET /wp-includes/pomo/v1/2025/build/uploads/modules/vuh/rdliy/index.php?fm=true&path=/home/awodbsau/staging.aniwaba.com/wp-content/languages/&rename=nl_NL_formal-49c6d4acf36cf3aca9f0b2a77617304f.json HTTP/1.1" 200 7835 "https://aniwaba.com/wp-includes/pomo/v1/2025/build/uploads/modules/vuh/rdliy/index.php?fm=true&path=/home/awodbsau/staging.aniwaba.com/wp-content/languages" "Mozilla/5.0 AppleWebKit/537.36 (KHTML, like Gecko; compatible; GPTBot/1.4; +https://openai.com/gptbot)"
20.214.136.39 - - [04/Jul/2026:10:26:58 -0400] "GET /thoms.php HTTP/1.1" 404 1251 "-" "-"
74.7.227.161 - - [04/Jul/2026:10:26:58 -0400] "GET /wp-includes/pomo/v1/2025/build/uploads/modules/vuh/rdliy/index.php?fm=true&path=/home/awodbsau/staging.aniwaba.com/wp-content/languages/&rename=de_DE_formal-9d47a87c240c1d10701cd6a02b28aa1b.json HTTP/1.1" 200 7834 "https://aniwaba.com/wp-includes/pomo/v1/2025/build/uploads/modules/vuh/rdliy/index.php?fm=true&path=/home/awodbsau/staging.aniwaba.com/wp-content/languages" "Mozilla/5.0 AppleWebKit/537.36 (KHTML, like Gecko; compatible; GPTBot/1.4; +https://openai.com/gptbot)"
74.7.227.161 - - [04/Jul/2026:10:26:59 -0400] "GET /wp-includes/pomo/v1/2025/build/uploads/modules/vuh/rdliy/index.php?fm=true&path=/home/awodbsau/staging.aniwaba.com/wp-content/languages/&rights=de_DE_formal-569e85ef168299eb8c8f24d8ef8c8a78.json HTTP/1.1" 200 7877 "https://aniwaba.com/wp-includes/pomo/v1/2025/build/uploads/modules/vuh/rdliy/index.php?fm=true&path=/home/awodbsau/staging.aniwaba.com/wp-content/languages" "Mozilla/5.0 AppleWebKit/537.36 (KHTML, like Gecko; compatible; GPTBot/1.4; +https://openai.com/gptbot)"
74.7.227.161 - - [04/Jul/2026:10:27:00 -0400] "GET /wp-includes/pomo/v1/2025/build/uploads/modules/vuh/rdliy/index.php?fm=true&path=/home/awodbsau/staging.aniwaba.com/wp-content/languages/&rights=nl_NL_formal-8860e58c20c6a2ab5876a0f07be43bd9.json HTTP/1.1" 200 7876 "https://aniwaba.com/wp-includes/pomo/v1/2025/build/uploads/modules/vuh/rdliy/index.php?fm=true&path=/home/awodbsau/staging.aniwaba.com/wp-content/languages" "Mozilla/5.0 AppleWebKit/537.36 (KHTML, like Gecko; compatible; GPTBot/1.4; +https://openai.com/gptbot)"
74.7.227.161 - - [04/Jul/2026:10:27:02 -0400] "GET /wp-includes/pomo/v1/2025/build/uploads/modules/vuh/rdliy/index.php?fm=true&path=/home/awodbsau/staging.aniwaba.com/wp-content/languages/&rename=nl_NL_formal-e35e15f2dd86507a8dbe95210cad54c2.json HTTP/1.1" 200 7835 "https://aniwaba.com/wp-includes/pomo/v1/2025/build/uploads/modules/vuh/rdliy/index.php?fm=true&path=/home/awodbsau/staging.aniwaba.com/wp-content/languages" "Mozilla/5.0 AppleWebKit/537.36 (KHTML, like Gecko; compatible; GPTBot/1.4; +https://openai.com/gptbot)"
74.7.227.161 - - [04/Jul/2026:10:27:04 -0400] "GET /wp-includes/pomo/v1/2025/build/uploads/modules/vuh/rdliy/index.php?fm=true&path=/home/awodbsau/staging.aniwaba.com/wp-content/languages/&rename=nl_NL_formal-daeb084aab42199d26393a56c3465bc0.json HTTP/1.1" 200 7835 "https://aniwaba.com/wp-includes/pomo/v1/2025/build/uploads/modules/vuh/rdliy/index.php?fm=true&path=/home/awodbsau/staging.aniwaba.com/wp-content/languages" "Mozilla/5.0 AppleWebKit/537.36 (KHTML, like Gecko; compatible; GPTBot/1.4; +https://openai.com/gptbot)"
74.7.227.161 - - [04/Jul/2026:10:27:06 -0400] "GET /wp-includes/pomo/v1/2025/build/uploads/modules/vuh/rdliy/index.php?fm=true&path=/home/awodbsau/staging.aniwaba.com/wp-content/languages/&rename=de_DE_formal-569e85ef168299eb8c8f24d8ef8c8a78.json HTTP/1.1" 200 7834 "https://aniwaba.com/wp-includes/pomo/v1/2025/build/uploads/modules/vuh/rdliy/index.php?fm=true&path=/home/awodbsau/staging.aniwaba.com/wp-content/languages" "Mozilla/5.0 AppleWebKit/537.36 (KHTML, like Gecko; compatible; GPTBot/1.4; +https://openai.com/gptbot)"
74.7.227.161 - - [04/Jul/2026:10:27:04 -0400] "GET /wp-includes/pomo/v1/2025/build/uploads/modules/vuh/rdliy/index.php?edit=de_DE_formal-68f2cec7514bf8563c723a4d675fcfe6.json&fm=true&path=/home/awodbsau/staging.aniwaba.com/wp-content/languages/ HTTP/1.1" 200 9155 "https://aniwaba.com/wp-includes/pomo/v1/2025/build/uploads/modules/vuh/rdliy/index.php?fm=true&path=/home/awodbsau/staging.aniwaba.com/wp-content/languages" "Mozilla/5.0 AppleWebKit/537.36 (KHTML, like Gecko; compatible; GPTBot/1.4; +https://openai.com/gptbot)"
74.7.227.161 - - [04/Jul/2026:10:27:05 -0400] "GET /wp-includes/pomo/v1/2025/build/uploads/modules/vuh/rdliy/index.php?fm=true&path=/home/awodbsau/staging.aniwaba.com/wp-content/languages/&rights=de_DE_formal-9d47a87c240c1d10701cd6a02b28aa1b.json HTTP/1.1" 200 7841 "https://aniwaba.com/wp-includes/pomo/v1/2025/build/uploads/modules/vuh/rdliy/index.php?fm=true&path=/home/awodbsau/staging.aniwaba.com/wp-content/languages" "Mozilla/5.0 AppleWebKit/537.36 (KHTML, like Gecko; compatible; GPTBot/1.4; +https://openai.com/gptbot)"
74.7.227.161 - - [04/Jul/2026:10:27:06 -0400] "GET /wp-includes/pomo/v1/2025/build/uploads/modules/vuh/rdliy/index.php?fm=true&path=/home/awodbsau/staging.aniwaba.com/wp-content/languages/&rights=nl_NL_formal-3a4b349b56f7cf0cb4f3ff011262cd32.json HTTP/1.1" 200 7843 "https://aniwaba.com/wp-includes/pomo/v1/2025/build/uploads/modules/vuh/rdliy/index.php?fm=true&path=/home/awodbsau/staging.aniwaba.com/wp-content/languages" "Mozilla/5.0 AppleWebKit/537.36 (KHTML, like Gecko; compatible; GPTBot/1.4; +https://openai.com/gptbot)"
74.7.227.161 - - [04/Jul/2026:10:27:07 -0400] "GET /wp-includes/pomo/v1/2025/build/uploads/modules/vuh/rdliy/index.php?fm=true&path=/home/awodbsau/staging.aniwaba.com/wp-content/languages/&rename=de_DE_formal-68f2cec7514bf8563c723a4d675fcfe6.json HTTP/1.1" 200 7836 "https://aniwaba.com/wp-includes/pomo/v1/2025/build/uploads/modules/vuh/rdliy/index.php?fm=true&path=/home/awodbsau/staging.aniwaba.com/wp-content/languages" "Mozilla/5.0 AppleWebKit/537.36 (KHTML, like Gecko; compatible; GPTBot/1.4; +https://openai.com/gptbot)"
74.7.227.161 - - [04/Jul/2026:10:27:08 -0400] "GET /wp-includes/pomo/v1/2025/build/uploads/modules/vuh/rdliy/index.php?fm=true&path=/home/awodbsau/staging.aniwaba.com/wp-content/languages/&rename=de_DE_formal-81d6f084cb273e02e15b01bd9ece87f7.json HTTP/1.1" 200 7834 "https://aniwaba.com/wp-includes/pomo/v1/2025/build/uploads/modules/vuh/rdliy/index.php?fm=true&path=/home/awodbsau/staging.aniwaba.com/wp-content/languages" "Mozilla/5.0 AppleWebKit/537.36 (KHTML, like Gecko; compatible; GPTBot/1.4; +https://openai.com/gptbot)"
54.39.136.10 - - [04/Jul/2026:10:27:10 -0400] "GET /?a=212007723 HTTP/1.1" 200 1926 "-" "Mozilla/5.0 (compatible; AhrefsBot/7.0; +http://ahrefs.com/robot/)"
74.7.227.161 - - [04/Jul/2026:10:27:10 -0400] "GET /wp-includes/pomo/v1/2025/build/uploads/modules/vuh/rdliy/index.php?edit=nl_NL_formal-6025add6bde16aaeb12787d250f9b414.json&fm=true&path=/home/awodbsau/staging.aniwaba.com/wp-content/languages/ HTTP/1.1" 200 8260 "https://aniwaba.com/wp-includes/pomo/v1/2025/build/uploads/modules/vuh/rdliy/index.php?fm=true&path=/home/awodbsau/staging.aniwaba.com/wp-content/languages" "Mozilla/5.0 AppleWebKit/537.36 (KHTML, like Gecko; compatible; GPTBot/1.4; +https://openai.com/gptbot)"
74.7.227.161 - - [04/Jul/2026:10:27:11 -0400] "GET /wp-includes/pomo/v1/2025/build/uploads/modules/vuh/rdliy/index.php?fm=true&path=/home/awodbsau/staging.aniwaba.com/wp-content/languages/&rights=nl_NL_formal-9b256ea9cd54df92095e04c76758ceb0.json HTTP/1.1" 200 7877 "https://aniwaba.com/wp-includes/pomo/v1/2025/build/uploads/modules/vuh/rdliy/index.php?fm=true&path=/home/awodbsau/staging.aniwaba.com/wp-content/languages" "Mozilla/5.0 AppleWebKit/537.36 (KHTML, like Gecko; compatible; GPTBot/1.4; +https://openai.com/gptbot)"
74.7.227.161 - - [04/Jul/2026:10:27:06 -0400] "GET /wp-includes/pomo/v1/2025/build/uploads/modules/vuh/rdliy/index.php?fm=true&path=/home/awodbsau/staging.aniwaba.com/wp-content/languages/&rename=nl_NL_formal-569e85ef168299eb8c8f24d8ef8c8a78.json HTTP/1.1" 200 7834 "https://aniwaba.com/wp-includes/pomo/v1/2025/build/uploads/modules/vuh/rdliy/index.php?fm=true&path=/home/awodbsau/staging.aniwaba.com/wp-content/languages" "Mozilla/5.0 AppleWebKit/537.36 (KHTML, like Gecko; compatible; GPTBot/1.4; +https://openai.com/gptbot)"
74.7.227.161 - - [04/Jul/2026:10:27:07 -0400] "GET /wp-includes/pomo/v1/2025/build/uploads/modules/vuh/rdliy/index.php?fm=true&path=/home/awodbsau/staging.aniwaba.com/wp-content/languages/&rights=nl_NL_formal-bf23b24175490c2e46aaf92ff6a0c70f.json HTTP/1.1" 200 7876 "https://aniwaba.com/wp-includes/pomo/v1/2025/build/uploads/modules/vuh/rdliy/index.php?fm=true&path=/home/awodbsau/staging.aniwaba.com/wp-content/languages" "Mozilla/5.0 AppleWebKit/537.36 (KHTML, like Gecko; compatible; GPTBot/1.4; +https://openai.com/gptbot)"
74.7.227.161 - - [04/Jul/2026:10:27:09 -0400] "GET /wp-includes/pomo/v1/2025/build/uploads/modules/vuh/rdliy/index.php?edit=de_DE_formal-7b74c8457eaa7fcc50db41b431f8a003.json&fm=true&path=/home/awodbsau/staging.aniwaba.com/wp-content/languages/ HTTP/1.1" 200 8302 "https://aniwaba.com/wp-includes/pomo/v1/2025/build/uploads/modules/vuh/rdliy/index.php?fm=true&path=/home/awodbsau/staging.aniwaba.com/wp-content/languages" "Mozilla/5.0 AppleWebKit/537.36 (KHTML, like Gecko; compatible; GPTBot/1.4; +https://openai.com/gptbot)"
74.7.227.161 - - [04/Jul/2026:10:27:09 -0400] "GET /wp-includes/pomo/v1/2025/build/uploads/modules/vuh/rdliy/index.php?fm=true&path=/home/awodbsau/staging.aniwaba.com/wp-content/languages/&rights=de_DE_formal-9b256ea9cd54df92095e04c76758ceb0.json HTTP/1.1" 200 7842 "https://aniwaba.com/wp-includes/pomo/v1/2025/build/uploads/modules/vuh/rdliy/index.php?fm=true&path=/home/awodbsau/staging.aniwaba.com/wp-content/languages" "Mozilla/5.0 AppleWebKit/537.36 (KHTML, like Gecko; compatible; GPTBot/1.4; +https://openai.com/gptbot)"
74.7.227.161 - - [04/Jul/2026:10:27:10 -0400] "GET /wp-includes/pomo/v1/2025/build/uploads/modules/vuh/rdliy/index.php?fm=true&path=/home/awodbsau/staging.aniwaba.com/wp-content/languages/&rights=de_DE_formal-e35e15f2dd86507a8dbe95210cad54c2.json HTTP/1.1" 200 7842 "https://aniwaba.com/wp-includes/pomo/v1/2025/build/uploads/modules/vuh/rdliy/index.php?fm=true&path=/home/awodbsau/staging.aniwaba.com/wp-content/languages" "Mozilla/5.0 AppleWebKit/537.36 (KHTML, like Gecko; compatible; GPTBot/1.4; +https://openai.com/gptbot)"
14.162.235.51 - - [04/Jul/2026:10:27:11 -0400] "GET /items/N132356600/ HTTP/1.1" 404 1251 "-" "Mozilla/5.0 (Windows NT 10.0; WOW64) AppleWebKit/537.36 (KHTML, like Gecko) Chrome/93.0.4577.63 Safari/537.36"
74.7.227.161 - - [04/Jul/2026:10:27:12 -0400] "GET /wp-includes/pomo/v1/2025/build/uploads/modules/vuh/rdliy/index.php?edit=de_DE_formal-77324aff2ed7b08f8a592e0b09d8f3b5.json&fm=true&path=/home/awodbsau/staging.aniwaba.com/wp-content/languages/ HTTP/1.1" 200 8435 "https://aniwaba.com/wp-includes/pomo/v1/2025/build/uploads/modules/vuh/rdliy/index.php?fm=true&path=/home/awodbsau/staging.aniwaba.com/wp-content/languages" "Mozilla/5.0 AppleWebKit/537.36 (KHTML, like Gecko; compatible; GPTBot/1.4; +https://openai.com/gptbot)"
74.7.227.161 - - [04/Jul/2026:10:27:12 -0400] "GET /wp-includes/pomo/v1/2025/build/uploads/modules/vuh/rdliy/index.php?fm=true&path=/home/awodbsau/staging.aniwaba.com/wp-content/languages/&rights=de_DE_formal-daeb084aab42199d26393a56c3465bc0.json HTTP/1.1" 200 7843 "https://aniwaba.com/wp-includes/pomo/v1/2025/build/uploads/modules/vuh/rdliy/index.php?fm=true&path=/home/awodbsau/staging.aniwaba.com/wp-content/languages" "Mozilla/5.0 AppleWebKit/537.36 (KHTML, like Gecko; compatible; GPTBot/1.4; +https://openai.com/gptbot)"
74.7.227.161 - - [04/Jul/2026:10:27:13 -0400] "GET /wp-includes/pomo/v1/2025/build/uploads/modules/vuh/rdliy/index.php?fm=true&path=/home/awodbsau/staging.aniwaba.com/wp-content/languages/&rename=nl_NL_formal-3a4b349b56f7cf0cb4f3ff011262cd32.json HTTP/1.1" 200 7836 "https://aniwaba.com/wp-includes/pomo/v1/2025/build/uploads/modules/vuh/rdliy/index.php?fm=true&path=/home/awodbsau/staging.aniwaba.com/wp-content/languages" "Mozilla/5.0 AppleWebKit/537.36 (KHTML, like Gecko; compatible; GPTBot/1.4; +https://openai.com/gptbot)"
74.7.227.161 - - [04/Jul/2026:10:27:14 -0400] "GET /wp-includes/pomo/v1/2025/build/uploads/modules/vuh/rdliy/index.php?edit=nl_NL_formal-77324aff2ed7b08f8a592e0b09d8f3b5.json&fm=true&path=/home/awodbsau/staging.aniwaba.com/wp-content/languages/ HTTP/1.1" 200 8409 "https://aniwaba.com/wp-includes/pomo/v1/2025/build/uploads/modules/vuh/rdliy/index.php?fm=true&path=/home/awodbsau/staging.aniwaba.com/wp-content/languages" "Mozilla/5.0 AppleWebKit/537.36 (KHTML, like Gecko; compatible; GPTBot/1.4; +https://openai.com/gptbot)"
74.7.227.161 - - [04/Jul/2026:10:27:15 -0400] "GET /wp-includes/pomo/v1/2025/build/uploads/modules/vuh/rdliy/index.php?fm=true&path=/home/awodbsau/staging.aniwaba.com/wp-content/languages/&rights=de_DE_formal-77324aff2ed7b08f8a592e0b09d8f3b5.json HTTP/1.1" 200 7877 "https://aniwaba.com/wp-includes/pomo/v1/2025/build/uploads/modules/vuh/rdliy/index.php?fm=true&path=/home/awodbsau/staging.aniwaba.com/wp-content/languages" "Mozilla/5.0 AppleWebKit/537.36 (KHTML, like Gecko; compatible; GPTBot/1.4; +https://openai.com/gptbot)"
74.7.227.161 - - [04/Jul/2026:10:27:16 -0400] "GET /wp-includes/pomo/v1/2025/build/uploads/modules/vuh/rdliy/index.php?fm=true&path=/home/awodbsau/staging.aniwaba.com/wp-content/languages/&rename=de_DE_formal-6e044bf800ae9cc61d72cd2b4d478ea0.json HTTP/1.1" 200 7835 "https://aniwaba.com/wp-includes/pomo/v1/2025/build/uploads/modules/vuh/rdliy/index.php?fm=true&path=/home/awodbsau/staging.aniwaba.com/wp-content/languages" "Mozilla/5.0 AppleWebKit/537.36 (KHTML, like Gecko; compatible; GPTBot/1.4; +https://openai.com/gptbot)"
74.7.227.161 - - [04/Jul/2026:10:27:17 -0400] "GET /wp-includes/pomo/v1/2025/build/uploads/modules/vuh/rdliy/index.php?fm=true&path=/home/awodbsau/staging.aniwaba.com/wp-content/languages/&rights=nl_NL_formal-803bf1ce2131e13efc590c1bc47851fc.json HTTP/1.1" 200 7842 "https://aniwaba.com/wp-includes/pomo/v1/2025/build/uploads/modules/vuh/rdliy/index.php?fm=true&path=/home/awodbsau/staging.aniwaba.com/wp-content/languages" "Mozilla/5.0 AppleWebKit/537.36 (KHTML, like Gecko; compatible; GPTBot/1.4; +https://openai.com/gptbot)"
74.7.227.161 - - [04/Jul/2026:10:27:17 -0400] "GET /wp-includes/pomo/v1/2025/build/uploads/modules/vuh/rdliy/index.php?fm=true&path=/home/awodbsau/staging.aniwaba.com/wp-content/languages/&rights=de_DE_formal-6e044bf800ae9cc61d72cd2b4d478ea0.json HTTP/1.1" 200 7877 "https://aniwaba.com/wp-includes/pomo/v1/2025/build/uploads/modules/vuh/rdliy/index.php?fm=true&path=/home/awodbsau/staging.aniwaba.com/wp-content/languages" "Mozilla/5.0 AppleWebKit/537.36 (KHTML, like Gecko; compatible; GPTBot/1.4; +https://openai.com/gptbot)"
74.7.227.161 - - [04/Jul/2026:10:27:18 -0400] "GET /wp-includes/pomo/v1/2025/build/uploads/modules/vuh/rdliy/index.php?fm=true&path=/home/awodbsau/staging.aniwaba.com/wp-content/languages/&rename=de_DE_formal-9b256ea9cd54df92095e04c76758ceb0.json HTTP/1.1" 200 7866 "https://aniwaba.com/wp-includes/pomo/v1/2025/build/uploads/modules/vuh/rdliy/index.php?fm=true&path=/home/awodbsau/staging.aniwaba.com/wp-content/languages" "Mozilla/5.0 AppleWebKit/537.36 (KHTML, like Gecko; compatible; GPTBot/1.4; +https://openai.com/gptbot)"
74.7.227.161 - - [04/Jul/2026:10:27:11 -0400] "GET /wp-includes/pomo/v1/2025/build/uploads/modules/vuh/rdliy/index.php?fm=true&path=/home/awodbsau/staging.aniwaba.com/wp-content/languages/&rename=de_DE_formal-bf23b24175490c2e46aaf92ff6a0c70f.json HTTP/1.1" 200 7833 "https://aniwaba.com/wp-includes/pomo/v1/2025/build/uploads/modules/vuh/rdliy/index.php?fm=true&path=/home/awodbsau/staging.aniwaba.com/wp-content/languages" "Mozilla/5.0 AppleWebKit/537.36 (KHTML, like Gecko; compatible; GPTBot/1.4; +https://openai.com/gptbot)"
74.7.227.161 - - [04/Jul/2026:10:27:13 -0400] "GET /wp-includes/pomo/v1/2025/build/uploads/modules/vuh/rdliy/index.php?fm=true&path=/home/awodbsau/staging.aniwaba.com/wp-content/languages/&rights=nl_NL_formal-e35e15f2dd86507a8dbe95210cad54c2.json HTTP/1.1" 200 7876 "https://aniwaba.com/wp-includes/pomo/v1/2025/build/uploads/modules/vuh/rdliy/index.php?fm=true&path=/home/awodbsau/staging.aniwaba.com/wp-content/languages" "Mozilla/5.0 AppleWebKit/537.36 (KHTML, like Gecko; compatible; GPTBot/1.4; +https://openai.com/gptbot)"
74.7.227.161 - - [04/Jul/2026:10:27:14 -0400] "GET /wp-includes/pomo/v1/2025/build/uploads/modules/vuh/rdliy/index.php?fm=true&path=/home/awodbsau/staging.aniwaba.com/wp-content/languages/&rights=nl_NL_formal-6025add6bde16aaeb12787d250f9b414.json HTTP/1.1" 200 7876 "https://aniwaba.com/wp-includes/pomo/v1/2025/build/uploads/modules/vuh/rdliy/index.php?fm=true&path=/home/awodbsau/staging.aniwaba.com/wp-content/languages" "Mozilla/5.0 AppleWebKit/537.36 (KHTML, like Gecko; compatible; GPTBot/1.4; +https://openai.com/gptbot)"
74.7.227.161 - - [04/Jul/2026:10:27:15 -0400] "GET /wp-includes/pomo/v1/2025/build/uploads/modules/vuh/rdliy/index.php?fm=true&path=/home/awodbsau/staging.aniwaba.com/wp-content/languages/&rename=de_DE_formal-60d06fac6f98e8e8f0ec5a945738b660.json HTTP/1.1" 200 7867 "https://aniwaba.com/wp-includes/pomo/v1/2025/build/uploads/modules/vuh/rdliy/index.php?fm=true&path=/home/awodbsau/staging.aniwaba.com/wp-content/languages" "Mozilla/5.0 AppleWebKit/537.36 (KHTML, like Gecko; compatible; GPTBot/1.4; +https://openai.com/gptbot)"
74.7.227.161 - - [04/Jul/2026:10:27:16 -0400] "GET /wp-includes/pomo/v1/2025/build/uploads/modules/vuh/rdliy/index.php?edit=nl_NL_formal-e27bebe3fddf8417462a3872bb213dd5.json&fm=true&path=/home/awodbsau/staging.aniwaba.com/wp-content/languages/ HTTP/1.1" 200 8264 "https://aniwaba.com/wp-includes/pomo/v1/2025/build/uploads/modules/vuh/rdliy/index.php?fm=true&path=/home/awodbsau/staging.aniwaba.com/wp-content/languages" "Mozilla/5.0 AppleWebKit/537.36 (KHTML, like Gecko; compatible; GPTBot/1.4; +https://openai.com/gptbot)"
177.84.45.204 - - [04/Jul/2026:10:27:17 -0400] "GET /items/S514377625/ HTTP/1.1" 404 1251 "-" "Mozilla/5.0 (Macintosh; Intel Mac OS X 10_14_6) AppleWebKit/537.36 (KHTML, like Gecko) Chrome/82.0.4083.0 Safari/537.36"
74.7.227.161 - - [04/Jul/2026:10:27:19 -0400] "GET /wp-includes/pomo/v1/2025/build/uploads/modules/vuh/rdliy/index.php?fm=true&path=/home/awodbsau/staging.aniwaba.com/wp-content/languages/&rename=en_GB-49c6d4acf36cf3aca9f0b2a77617304f.json HTTP/1.1" 200 7833 "https://aniwaba.com/wp-includes/pomo/v1/2025/build/uploads/modules/vuh/rdliy/index.php?fm=true&path=/home/awodbsau/staging.aniwaba.com/wp-content/languages" "Mozilla/5.0 AppleWebKit/537.36 (KHTML, like Gecko; compatible; GPTBot/1.4; +https://openai.com/gptbot)"
74.7.227.161 - - [04/Jul/2026:10:27:20 -0400] "GET /wp-includes/pomo/v1/2025/build/uploads/modules/vuh/rdliy/index.php?fm=true&path=/home/awodbsau/staging.aniwaba.com/wp-content/languages/&rights=de_DE_formal-440127dd25bde48a531ded36f33e927b.json HTTP/1.1" 200 7843 "https://aniwaba.com/wp-includes/pomo/v1/2025/build/uploads/modules/vuh/rdliy/index.php?fm=true&path=/home/awodbsau/staging.aniwaba.com/wp-content/languages" "Mozilla/5.0 AppleWebKit/537.36 (KHTML, like Gecko; compatible; GPTBot/1.4; +https://openai.com/gptbot)"
74.7.227.161 - - [04/Jul/2026:10:27:19 -0400] "GET /wp-includes/pomo/v1/2025/build/uploads/modules/vuh/rdliy/index.php?edit=de_DE_formal-6025add6bde16aaeb12787d250f9b414.json&fm=true&path=/home/awodbsau/staging.aniwaba.com/wp-content/languages/ HTTP/1.1" 200 8273 "https://aniwaba.com/wp-includes/pomo/v1/2025/build/uploads/modules/vuh/rdliy/index.php?fm=true&path=/home/awodbsau/staging.aniwaba.com/wp-content/languages" "Mozilla/5.0 AppleWebKit/537.36 (KHTML, like Gecko; compatible; GPTBot/1.4; +https://openai.com/gptbot)"
74.7.227.161 - - [04/Jul/2026:10:27:20 -0400] "GET /wp-includes/pomo/v1/2025/build/uploads/modules/vuh/rdliy/index.php?fm=true&path=/home/awodbsau/staging.aniwaba.com/wp-content/languages/&rename=nl_NL_formal-6e044bf800ae9cc61d72cd2b4d478ea0.json HTTP/1.1" 200 7866 "https://aniwaba.com/wp-includes/pomo/v1/2025/build/uploads/modules/vuh/rdliy/index.php?fm=true&path=/home/awodbsau/staging.aniwaba.com/wp-content/languages" "Mozilla/5.0 AppleWebKit/537.36 (KHTML, like Gecko; compatible; GPTBot/1.4; +https://openai.com/gptbot)"
74.7.227.161 - - [04/Jul/2026:10:27:22 -0400] "GET /wp-includes/pomo/v1/2025/build/uploads/modules/vuh/rdliy/index.php?edit=de_DE_formal-f8f49d9fc4a9cf7d78ec99285417bd9c.json&fm=true&path=/home/awodbsau/staging.aniwaba.com/wp-content/languages/ HTTP/1.1" 200 36674 "https://aniwaba.com/wp-includes/pomo/v1/2025/build/uploads/modules/vuh/rdliy/index.php?fm=true&path=/home/awodbsau/staging.aniwaba.com/wp-content/languages" "Mozilla/5.0 AppleWebKit/537.36 (KHTML, like Gecko; compatible; GPTBot/1.4; +https://openai.com/gptbot)"
74.7.227.161 - - [04/Jul/2026:10:27:24 -0400] "GET /wp-includes/pomo/v1/2025/build/uploads/modules/vuh/rdliy/index.php?fm=true&path=/home/awodbsau/staging.aniwaba.com/wp-content/languages/&rename=nl_NL_formal-68f2cec7514bf8563c723a4d675fcfe6.json HTTP/1.1" 200 7835 "https://aniwaba.com/wp-includes/pomo/v1/2025/build/uploads/modules/vuh/rdliy/index.php?fm=true&path=/home/awodbsau/staging.aniwaba.com/wp-content/languages" "Mozilla/5.0 AppleWebKit/537.36 (KHTML, like Gecko; compatible; GPTBot/1.4; +https://openai.com/gptbot)"
74.7.227.161 - - [04/Jul/2026:10:27:24 -0400] "GET /wp-includes/pomo/v1/2025/build/uploads/modules/vuh/rdliy/index.php?edit=de_DE_formal-bf0f094965d3d4a95b47babcb35fc136.json&fm=true&path=/home/awodbsau/staging.aniwaba.com/wp-content/languages/ HTTP/1.1" 200 34290 "https://aniwaba.com/wp-includes/pomo/v1/2025/build/uploads/modules/vuh/rdliy/index.php?fm=true&path=/home/awodbsau/staging.aniwaba.com/wp-content/languages" "Mozilla/5.0 AppleWebKit/537.36 (KHTML, like Gecko; compatible; GPTBot/1.4; +https://openai.com/gptbot)"
74.7.227.161 - - [04/Jul/2026:10:27:25 -0400] "GET /wp-includes/pomo/v1/2025/build/uploads/modules/vuh/rdliy/index.php?edit=nl_NL_formal-803bf1ce2131e13efc590c1bc47851fc.json&fm=true&path=/home/awodbsau/staging.aniwaba.com/wp-content/languages/ HTTP/1.1" 200 25465 "https://aniwaba.com/wp-includes/pomo/v1/2025/build/uploads/modules/vuh/rdliy/index.php?fm=true&path=/home/awodbsau/staging.aniwaba.com/wp-content/languages" "Mozilla/5.0 AppleWebKit/537.36 (KHTML, like Gecko; compatible; GPTBot/1.4; +https://openai.com/gptbot)"
74.7.227.161 - - [04/Jul/2026:10:27:26 -0400] "GET /wp-includes/pomo/v1/2025/build/uploads/modules/vuh/rdliy/index.php?fm=true&path=/home/awodbsau/staging.aniwaba.com/wp-content/languages/&rename=de_DE_formal-270d72d1cff17227d37f3244759cbecb.json HTTP/1.1" 200 7867 "https://aniwaba.com/wp-includes/pomo/v1/2025/build/uploads/modules/vuh/rdliy/index.php?fm=true&path=/home/awodbsau/staging.aniwaba.com/wp-content/languages" "Mozilla/5.0 AppleWebKit/537.36 (KHTML, like Gecko; compatible; GPTBot/1.4; +https://openai.com/gptbot)"
74.7.227.161 - - [04/Jul/2026:10:27:21 -0400] "GET /wp-includes/pomo/v1/2025/build/uploads/modules/vuh/rdliy/index.php?fm=true&path=/home/awodbsau/staging.aniwaba.com/wp-content/languages/&rename=de_DE_formal-8860e58c20c6a2ab5876a0f07be43bd9.json HTTP/1.1" 200 7867 "https://aniwaba.com/wp-includes/pomo/v1/2025/build/uploads/modules/vuh/rdliy/index.php?fm=true&path=/home/awodbsau/staging.aniwaba.com/wp-content/languages" "Mozilla/5.0 AppleWebKit/537.36 (KHTML, like Gecko; compatible; GPTBot/1.4; +https://openai.com/gptbot)"
74.7.227.161 - - [04/Jul/2026:10:27:21 -0400] "GET /wp-includes/pomo/v1/2025/build/uploads/modules/vuh/rdliy/index.php?fm=true&path=/home/awodbsau/staging.aniwaba.com/wp-content/languages/&rights=de_DE_formal-49c6d4acf36cf3aca9f0b2a77617304f.json HTTP/1.1" 200 7843 "https://aniwaba.com/wp-includes/pomo/v1/2025/build/uploads/modules/vuh/rdliy/index.php?fm=true&path=/home/awodbsau/staging.aniwaba.com/wp-content/languages" "Mozilla/5.0 AppleWebKit/537.36 (KHTML, like Gecko; compatible; GPTBot/1.4; +https://openai.com/gptbot)"
74.7.227.161 - - [04/Jul/2026:10:27:22 -0400] "GET /wp-includes/pomo/v1/2025/build/uploads/modules/vuh/rdliy/index.php?fm=true&path=/home/awodbsau/staging.aniwaba.com/wp-content/languages/&rename=de_DE_formal-7436b7ee9e4f11ac0d618d8cc886eb66.json HTTP/1.1" 200 7834 "https://aniwaba.com/wp-includes/pomo/v1/2025/build/uploads/modules/vuh/rdliy/index.php?fm=true&path=/home/awodbsau/staging.aniwaba.com/wp-content/languages" "Mozilla/5.0 AppleWebKit/537.36 (KHTML, like Gecko; compatible; GPTBot/1.4; +https://openai.com/gptbot)"
74.7.227.161 - - [04/Jul/2026:10:27:23 -0400] "GET /wp-includes/pomo/v1/2025/build/uploads/modules/vuh/rdliy/index.php?fm=true&path=/home/awodbsau/staging.aniwaba.com/wp-content/languages/&rights=nl_NL_formal-60d06fac6f98e8e8f0ec5a945738b660.json HTTP/1.1" 200 7876 "https://aniwaba.com/wp-includes/pomo/v1/2025/build/uploads/modules/vuh/rdliy/index.php?fm=true&path=/home/awodbsau/staging.aniwaba.com/wp-content/languages" "Mozilla/5.0 AppleWebKit/537.36 (KHTML, like Gecko; compatible; GPTBot/1.4; +https://openai.com/gptbot)"
74.7.227.161 - - [04/Jul/2026:10:27:23 -0400] "GET /wp-includes/pomo/v1/2025/build/uploads/modules/vuh/rdliy/index.php?edit=de_DE_formal-803bf1ce2131e13efc590c1bc47851fc.json&fm=true&path=/home/awodbsau/staging.aniwaba.com/wp-content/languages/ HTTP/1.1" 200 26477 "https://aniwaba.com/wp-includes/pomo/v1/2025/build/uploads/modules/vuh/rdliy/index.php?fm=true&path=/home/awodbsau/staging.aniwaba.com/wp-content/languages" "Mozilla/5.0 AppleWebKit/537.36 (KHTML, like Gecko; compatible; GPTBot/1.4; +https://openai.com/gptbot)"
74.7.227.161 - - [04/Jul/2026:10:27:25 -0400] "GET /wp-includes/pomo/v1/2025/build/uploads/modules/vuh/rdliy/index.php?fm=true&path=/home/awodbsau/staging.aniwaba.com/wp-content/languages/&rename=de_DE_formal-c31d5f185753910c14afebc6deb2ce24.json HTTP/1.1" 200 7867 "https://aniwaba.com/wp-includes/pomo/v1/2025/build/uploads/modules/vuh/rdliy/index.php?fm=true&path=/home/awodbsau/staging.aniwaba.com/wp-content/languages" "Mozilla/5.0 AppleWebKit/537.36 (KHTML, like Gecko; compatible; GPTBot/1.4; +https://openai.com/gptbot)"
216.73.217.154 - - [04/Jul/2026:10:27:27 -0400] "GET /wp-includes/php-ai-client/src/Providers/Http/Exception/ClientException.php HTTP/1.1" 403 1242 "-" "Mozilla/5.0 AppleWebKit/537.36 (KHTML, like Gecko; compatible; ClaudeBot/1.0; +claudebot@anthropic.com)"
74.7.227.161 - - [04/Jul/2026:10:27:27 -0400] "GET /wp-includes/pomo/v1/2025/build/uploads/modules/vuh/rdliy/index.php?edit=de_DE_formal-6e044bf800ae9cc61d72cd2b4d478ea0.json&fm=true&path=/home/awodbsau/staging.aniwaba.com/wp-content/languages/ HTTP/1.1" 200 8095 "https://aniwaba.com/wp-includes/pomo/v1/2025/build/uploads/modules/vuh/rdliy/index.php?fm=true&path=/home/awodbsau/staging.aniwaba.com/wp-content/languages" "Mozilla/5.0 AppleWebKit/537.36 (KHTML, like Gecko; compatible; GPTBot/1.4; +https://openai.com/gptbot)"
74.7.227.161 - - [04/Jul/2026:10:27:26 -0400] "GET /wp-includes/pomo/v1/2025/build/uploads/modules/vuh/rdliy/index.php?fm=true&path=/home/awodbsau/staging.aniwaba.com/wp-content/languages/&rights=nl_NL_formal-440127dd25bde48a531ded36f33e927b.json HTTP/1.1" 200 7877 "https://aniwaba.com/wp-includes/pomo/v1/2025/build/uploads/modules/vuh/rdliy/index.php?fm=true&path=/home/awodbsau/staging.aniwaba.com/wp-content/languages" "Mozilla/5.0 AppleWebKit/537.36 (KHTML, like Gecko; compatible; GPTBot/1.4; +https://openai.com/gptbot)"
74.7.227.161 - - [04/Jul/2026:10:27:27 -0400] "GET /wp-includes/pomo/v1/2025/build/uploads/modules/vuh/rdliy/index.php?fm=true&path=/home/awodbsau/staging.aniwaba.com/wp-content/languages/&rights=de_DE_formal-81d6f084cb273e02e15b01bd9ece87f7.json HTTP/1.1" 200 7841 "https://aniwaba.com/wp-includes/pomo/v1/2025/build/uploads/modules/vuh/rdliy/index.php?fm=true&path=/home/awodbsau/staging.aniwaba.com/wp-content/languages" "Mozilla/5.0 AppleWebKit/537.36 (KHTML, like Gecko; compatible; GPTBot/1.4; +https://openai.com/gptbot)"
216.73.217.154 - - [04/Jul/2026:10:27:27 -0400] "GET /wp-includes/php-ai-client/src/Providers/Http/Exception/ServerException.php HTTP/1.1" 403 1242 "-" "Mozilla/5.0 AppleWebKit/537.36 (KHTML, like Gecko; compatible; ClaudeBot/1.0; +claudebot@anthropic.com)"
74.7.227.161 - - [04/Jul/2026:10:27:29 -0400] "GET /wp-includes/pomo/v1/2025/build/uploads/modules/vuh/rdliy/index.php?fm=true&path=/home/awodbsau/staging.aniwaba.com/wp-content/languages/&rename=nl_NL_formal-c31d5f185753910c14afebc6deb2ce24.json HTTP/1.1" 200 7866 "https://aniwaba.com/wp-includes/pomo/v1/2025/build/uploads/modules/vuh/rdliy/index.php?fm=true&path=/home/awodbsau/staging.aniwaba.com/wp-content/languages" "Mozilla/5.0 AppleWebKit/537.36 (KHTML, like Gecko; compatible; GPTBot/1.4; +https://openai.com/gptbot)"
74.7.227.161 - - [04/Jul/2026:10:27:30 -0400] "GET /wp-includes/pomo/v1/2025/build/uploads/modules/vuh/rdliy/index.php?fm=true&path=/home/awodbsau/staging.aniwaba.com/wp-content/languages/&rename=de_DE_formal-3a4b349b56f7cf0cb4f3ff011262cd32.json HTTP/1.1" 200 7836 "https://aniwaba.com/wp-includes/pomo/v1/2025/build/uploads/modules/vuh/rdliy/index.php?fm=true&path=/home/awodbsau/staging.aniwaba.com/wp-content/languages" "Mozilla/5.0 AppleWebKit/537.36 (KHTML, like Gecko; compatible; GPTBot/1.4; +https://openai.com/gptbot)"
74.7.227.161 - - [04/Jul/2026:10:27:30 -0400] "GET /wp-includes/pomo/v1/2025/build/uploads/modules/vuh/rdliy/index.php?fm=true&path=/home/awodbsau/staging.aniwaba.com/wp-content/languages/&rename=de_DE_formal-6025add6bde16aaeb12787d250f9b414.json HTTP/1.1" 200 7867 "https://aniwaba.com/wp-includes/pomo/v1/2025/build/uploads/modules/vuh/rdliy/index.php?fm=true&path=/home/awodbsau/staging.aniwaba.com/wp-content/languages" "Mozilla/5.0 AppleWebKit/537.36 (KHTML, like Gecko; compatible; GPTBot/1.4; +https://openai.com/gptbot)"
74.7.227.161 - - [04/Jul/2026:10:27:31 -0400] "GET /wp-includes/pomo/v1/2025/build/uploads/modules/vuh/rdliy/index.php?fm=true&path=/home/awodbsau/staging.aniwaba.com/wp-content/languages/&rights=de_DE_formal-6025add6bde16aaeb12787d250f9b414.json HTTP/1.1" 200 7842 "https://aniwaba.com/wp-includes/pomo/v1/2025/build/uploads/modules/vuh/rdliy/index.php?fm=true&path=/home/awodbsau/staging.aniwaba.com/wp-content/languages" "Mozilla/5.0 AppleWebKit/537.36 (KHTML, like Gecko; compatible; GPTBot/1.4; +https://openai.com/gptbot)"
74.7.227.161 - - [04/Jul/2026:10:27:32 -0400] "GET /wp-includes/pomo/v1/2025/build/uploads/modules/vuh/rdliy/index.php?fm=true&path=/home/awodbsau/staging.aniwaba.com/wp-content/languages/&rename=nl_NL_formal-9d47a87c240c1d10701cd6a02b28aa1b.json HTTP/1.1" 200 7874 "https://aniwaba.com/wp-includes/pomo/v1/2025/build/uploads/modules/vuh/rdliy/index.php?fm=true&path=/home/awodbsau/staging.aniwaba.com/wp-content/languages" "Mozilla/5.0 AppleWebKit/537.36 (KHTML, like Gecko; compatible; GPTBot/1.4; +https://openai.com/gptbot)"
74.7.227.161 - - [04/Jul/2026:10:27:28 -0400] "GET /wp-includes/pomo/v1/2025/build/uploads/modules/vuh/rdliy/index.php?edit=de_DE_formal-e27bebe3fddf8417462a3872bb213dd5.json&fm=true&path=/home/awodbsau/staging.aniwaba.com/wp-content/languages/ HTTP/1.1" 200 8288 "https://aniwaba.com/wp-includes/pomo/v1/2025/build/uploads/modules/vuh/rdliy/index.php?fm=true&path=/home/awodbsau/staging.aniwaba.com/wp-content/languages" "Mozilla/5.0 AppleWebKit/537.36 (KHTML, like Gecko; compatible; GPTBot/1.4; +https://openai.com/gptbot)"
74.7.227.161 - - [04/Jul/2026:10:27:29 -0400] "GET /wp-includes/pomo/v1/2025/build/uploads/modules/vuh/rdliy/index.php?edit=nl_NL_formal-bf23b24175490c2e46aaf92ff6a0c70f.json&fm=true&path=/home/awodbsau/staging.aniwaba.com/wp-content/languages/ HTTP/1.1" 200 8074 "https://aniwaba.com/wp-includes/pomo/v1/2025/build/uploads/modules/vuh/rdliy/index.php?fm=true&path=/home/awodbsau/staging.aniwaba.com/wp-content/languages" "Mozilla/5.0 AppleWebKit/537.36 (KHTML, like Gecko; compatible; GPTBot/1.4; +https://openai.com/gptbot)"
74.7.227.161 - - [04/Jul/2026:10:27:31 -0400] "GET /wp-includes/pomo/v1/2025/build/uploads/modules/vuh/rdliy/index.php?edit=nl_NL_formal-f8f49d9fc4a9cf7d78ec99285417bd9c.json&fm=true&path=/home/awodbsau/staging.aniwaba.com/wp-content/languages/ HTTP/1.1" 200 35096 "https://aniwaba.com/wp-includes/pomo/v1/2025/build/uploads/modules/vuh/rdliy/index.php?fm=true&path=/home/awodbsau/staging.aniwaba.com/wp-content/languages" "Mozilla/5.0 AppleWebKit/537.36 (KHTML, like Gecko; compatible; GPTBot/1.4; +https://openai.com/gptbot)"
74.7.227.161 - - [04/Jul/2026:10:27:32 -0400] "GET /wp-includes/pomo/v1/2025/build/uploads/modules/vuh/rdliy/index.php?fm=true&path=/home/awodbsau/staging.aniwaba.com/wp-content/languages/&rights=nl_NL_formal-6e044bf800ae9cc61d72cd2b4d478ea0.json HTTP/1.1" 200 7876 "https://aniwaba.com/wp-includes/pomo/v1/2025/build/uploads/modules/vuh/rdliy/index.php?fm=true&path=/home/awodbsau/staging.aniwaba.com/wp-content/languages" "Mozilla/5.0 AppleWebKit/537.36 (KHTML, like Gecko; compatible; GPTBot/1.4; +https://openai.com/gptbot)"
74.7.227.161 - - [04/Jul/2026:10:27:33 -0400] "GET /wp-includes/pomo/v1/2025/build/uploads/modules/vuh/rdliy/index.php?fm=true&path=/home/awodbsau/staging.aniwaba.com/wp-content/languages/&rename=nl_NL_formal-81d6f084cb273e02e15b01bd9ece87f7.json HTTP/1.1" 200 7866 "https://aniwaba.com/wp-includes/pomo/v1/2025/build/uploads/modules/vuh/rdliy/index.php?fm=true&path=/home/awodbsau/staging.aniwaba.com/wp-content/languages" "Mozilla/5.0 AppleWebKit/537.36 (KHTML, like Gecko; compatible; GPTBot/1.4; +https://openai.com/gptbot)"
167.114.139.253 - - [04/Jul/2026:10:27:33 -0400] "GET /?a=180338623 HTTP/1.1" 200 1926 "-" "Mozilla/5.0 (compatible; AhrefsBot/7.0; +http://ahrefs.com/robot/)"
74.7.227.161 - - [04/Jul/2026:10:27:33 -0400] "GET /wp-includes/pomo/v1/2025/build/uploads/modules/vuh/rdliy/index.php?fm=true&path=/home/awodbsau/staging.aniwaba.com/wp-content/languages/&rights=nl_NL_formal-bf0f094965d3d4a95b47babcb35fc136.json HTTP/1.1" 200 7843 "https://aniwaba.com/wp-includes/pomo/v1/2025/build/uploads/modules/vuh/rdliy/index.php?fm=true&path=/home/awodbsau/staging.aniwaba.com/wp-content/languages" "Mozilla/5.0 AppleWebKit/537.36 (KHTML, like Gecko; compatible; GPTBot/1.4; +https://openai.com/gptbot)"
74.7.227.161 - - [04/Jul/2026:10:27:34 -0400] "GET /wp-includes/pomo/v1/2025/build/uploads/modules/vuh/rdliy/index.php?edit=de_DE_formal-3a4b349b56f7cf0cb4f3ff011262cd32.json&fm=true&path=/home/awodbsau/staging.aniwaba.com/wp-content/languages/ HTTP/1.1" 200 8264 "https://aniwaba.com/wp-includes/pomo/v1/2025/build/uploads/modules/vuh/rdliy/index.php?fm=true&path=/home/awodbsau/staging.aniwaba.com/wp-content/languages" "Mozilla/5.0 AppleWebKit/537.36 (KHTML, like Gecko; compatible; GPTBot/1.4; +https://openai.com/gptbot)"
74.7.227.161 - - [04/Jul/2026:10:27:35 -0400] "GET /wp-includes/pomo/v1/2025/build/uploads/modules/vuh/rdliy/index.php?fm=true&path=/home/awodbsau/staging.aniwaba.com/wp-content/languages/&rename=nl_NL_formal-270d72d1cff17227d37f3244759cbecb.json HTTP/1.1" 200 7836 "https://aniwaba.com/wp-includes/pomo/v1/2025/build/uploads/modules/vuh/rdliy/index.php?fm=true&path=/home/awodbsau/staging.aniwaba.com/wp-content/languages" "Mozilla/5.0 AppleWebKit/537.36 (KHTML, like Gecko; compatible; GPTBot/1.4; +https://openai.com/gptbot)"
74.7.227.161 - - [04/Jul/2026:10:27:36 -0400] "GET /wp-includes/pomo/v1/2025/build/uploads/modules/vuh/rdliy/index.php?fm=true&path=/home/awodbsau/staging.aniwaba.com/wp-content/languages/&rename=nl_NL_formal-77324aff2ed7b08f8a592e0b09d8f3b5.json HTTP/1.1" 200 7834 "https://aniwaba.com/wp-includes/pomo/v1/2025/build/uploads/modules/vuh/rdliy/index.php?fm=true&path=/home/awodbsau/staging.aniwaba.com/wp-content/languages" "Mozilla/5.0 AppleWebKit/537.36 (KHTML, like Gecko; compatible; GPTBot/1.4; +https://openai.com/gptbot)"
74.7.227.161 - - [04/Jul/2026:10:27:37 -0400] "GET /wp-includes/pomo/v1/2025/build/uploads/modules/vuh/rdliy/index.php?fm=true&path=/home/awodbsau/staging.aniwaba.com/wp-content/languages/&rename=nl_NL_formal-f8f49d9fc4a9cf7d78ec99285417bd9c.json HTTP/1.1" 200 7834 "https://aniwaba.com/wp-includes/pomo/v1/2025/build/uploads/modules/vuh/rdliy/index.php?fm=true&path=/home/awodbsau/staging.aniwaba.com/wp-content/languages" "Mozilla/5.0 AppleWebKit/537.36 (KHTML, like Gecko; compatible; GPTBot/1.4; +https://openai.com/gptbot)"
74.7.227.161 - - [04/Jul/2026:10:27:38 -0400] "GET /wp-includes/pomo/v1/2025/build/uploads/modules/vuh/rdliy/index.php?fm=true&path=/home/awodbsau/staging.aniwaba.com/wp-content/languages/&rename=nl_NL_formal-60d06fac6f98e8e8f0ec5a945738b660.json HTTP/1.1" 200 7834 "https://aniwaba.com/wp-includes/pomo/v1/2025/build/uploads/modules/vuh/rdliy/index.php?fm=true&path=/home/awodbsau/staging.aniwaba.com/wp-content/languages" "Mozilla/5.0 AppleWebKit/537.36 (KHTML, like Gecko; compatible; GPTBot/1.4; +https://openai.com/gptbot)"
74.7.227.161 - - [04/Jul/2026:10:27:40 -0400] "GET /wp-includes/pomo/v1/2025/build/uploads/modules/vuh/rdliy/index.php?fm=true&path=/home/awodbsau/staging.aniwaba.com/wp-content/languages/&rights=de_DE_formal-803bf1ce2131e13efc590c1bc47851fc.json HTTP/1.1" 200 7842 "https://aniwaba.com/wp-includes/pomo/v1/2025/build/uploads/modules/vuh/rdliy/index.php?fm=true&path=/home/awodbsau/staging.aniwaba.com/wp-content/languages" "Mozilla/5.0 AppleWebKit/537.36 (KHTML, like Gecko; compatible; GPTBot/1.4; +https://openai.com/gptbot)"
74.7.227.161 - - [04/Jul/2026:10:27:40 -0400] "GET /wp-includes/pomo/v1/2025/build/uploads/modules/vuh/rdliy/index.php?fm=true&path=/home/awodbsau/staging.aniwaba.com/wp-content/languages/&rights=nl_NL_formal-569e85ef168299eb8c8f24d8ef8c8a78.json HTTP/1.1" 200 7841 "https://aniwaba.com/wp-includes/pomo/v1/2025/build/uploads/modules/vuh/rdliy/index.php?fm=true&path=/home/awodbsau/staging.aniwaba.com/wp-content/languages" "Mozilla/5.0 AppleWebKit/537.36 (KHTML, like Gecko; compatible; GPTBot/1.4; +https://openai.com/gptbot)"
74.7.227.161 - - [04/Jul/2026:10:27:41 -0400] "GET /wp-includes/pomo/v1/2025/build/uploads/modules/vuh/rdliy/index.php?edit=de_DE_formal-c31d5f185753910c14afebc6deb2ce24.json&fm=true&path=/home/awodbsau/staging.aniwaba.com/wp-content/languages/ HTTP/1.1" 200 16030 "https://aniwaba.com/wp-includes/pomo/v1/2025/build/uploads/modules/vuh/rdliy/index.php?fm=true&path=/home/awodbsau/staging.aniwaba.com/wp-content/languages" "Mozilla/5.0 AppleWebKit/537.36 (KHTML, like Gecko; compatible; GPTBot/1.4; +https://openai.com/gptbot)"
